104.28.161.18 - - [30/Jun/2026:01:46:43 -0700] "GET /1f8502d42cindex.php HTTP/1.1" 500 209 "https://www.musicpassiondjs.gr/d278e922259f.php" "Mozilla/5.0 (Windows NT 6.1; Win64; x64) AppleWebKit/537.36 (KHTML, like Gecko) Chrome/53.0.2797.73 Safari/537.36"
104.28.159.21 - - [30/Jun/2026:01:46:43 -0700] "POST /d278e922259f.php HTTP/1.1" 418 4058 "https://www.musicpassiondjs.gr/1f8502d42cindex.php" "Mozilla/5.0 (Windows NT 6.1; Win64; x64) AppleWebKit/537.36 (KHTML, like Gecko) Chrome/53.0.2797.73 Safari/537.36"
104.28.159.21 - - [30/Jun/2026:01:46:44 -0700] "GET /1f8502d42cindex.php HTTP/1.1" 500 209 "https://www.musicpassiondjs.gr/d278e922259f.php" "Mozilla/5.0 (Windows NT 6.1; Win64; x64) AppleWebKit/537.36 (KHTML, like Gecko) Chrome/53.0.2797.73 Safari/537.36"
14.168.90.70 - - [30/Jun/2026:01:46:45 -0700] "GET /index.php?Condition=018&ListRoot=categoryRanking&categoryshop%2Foffice%2Fsitemap%2FPageManager.jsp%3FFRM=1 HTTP/1.1" 200 16506 "-" "Mozilla/5.0 (Windows NT 6.1) AppleWebKit/537.36 (KHTML, like Gecko) Chrome/90.0.4430.93 Safari/537.36"
5.230.153.229 - - [30/Jun/2026:01:46:47 -0700] "POST /w.php HTTP/2.0" 200 317573 "-" "Mozilla/5.0 (Windows NT 10.0; Win64; x64) AppleWebKit/537.36 (KHTML, like Gecko) Chrome/127.0.0.0 Safari/537.36"
5.230.153.7 - - [30/Jun/2026:01:46:50 -0700] "POST /w.php HTTP/2.0" 200 318591 "-" "Mozilla/5.0 (Windows NT 10.0; Win64; x64) AppleWebKit/537.36 (KHTML, like Gecko) Chrome/127.0.0.0 Safari/537.36"
64.44.59.33 - - [30/Jun/2026:01:46:52 -0700] "POST /.020156132635088.php?to=submit.41tmdmp6syhwmuz3@spam.spamcop.net HTTP/2.0" 500 75 "-" "Mozilla/5.0 (Windows NT 10.0; Win64; x64) AppleWebKit/537.36 (KHTML, like Gecko) Chrome/127.0.0.0 Safari/537.36"
14.186.146.139 - - [30/Jun/2026:01:47:05 -0700] "GET /index.php?CPPR=1&FGC=0&FPC=0&FTA=0&SFL_DF=0&SGC=0&STA=0&category%2F0%2F1%2F028%2F028003%2F%3FSPC=0 HTTP/1.1" 200 16498 "-" "Mozilla/5.0 (Macintosh; Intel Mac OS X 10_15_7) AppleWebKit/537.36 (KHTML, like Gecko) Chrome/101.0.4951.64 Safari/537.36"
216.73.216.209 - - [30/Jun/2026:01:47:24 -0700] "GET /item/1997346635.phtml HTTP/2.0" 404 6364 "-" "Mozilla/5.0 AppleWebKit/537.36 (KHTML, like Gecko; compatible; ClaudeBot/1.0; +claudebot@anthropic.com)"
15.235.98.47 - - [30/Jun/2026:01:47:24 -0700] "GET /item/908376451.phtml HTTP/2.0" 404 6365 "-" "Mozilla/5.0 (compatible; AhrefsBot/7.0; +http://ahrefs.com/robot/)"
216.73.216.209 - - [30/Jun/2026:01:47:48 -0700] "GET /item/1998558734.phtml HTTP/2.0" 404 6302 "-" "Mozilla/5.0 AppleWebKit/537.36 (KHTML, like Gecko; compatible; ClaudeBot/1.0; +claudebot@anthropic.com)"
54.39.210.102 - - [30/Jun/2026:01:48:10 -0700] "GET /item/3888295537.phtml HTTP/2.0" 404 6365 "-" "Mozilla/5.0 (compatible; AhrefsBot/7.0; +http://ahrefs.com/robot/)"
216.73.216.209 - - [30/Jun/2026:01:48:12 -0700] "GET /item/4133846027.phtml HTTP/2.0" 404 6301 "-" "Mozilla/5.0 AppleWebKit/537.36 (KHTML, like Gecko; compatible; ClaudeBot/1.0; +claudebot@anthropic.com)"
216.73.216.209 - - [30/Jun/2026:01:48:18 -0700] "GET /item/814973567.phtml HTTP/2.0" 404 6364 "-" "Mozilla/5.0 AppleWebKit/537.36 (KHTML, like Gecko; compatible; ClaudeBot/1.0; +claudebot@anthropic.com)"
216.73.216.209 - - [30/Jun/2026:01:48:42 -0700] "GET /item/492789619.phtml HTTP/2.0" 404 6365 "-" "Mozilla/5.0 AppleWebKit/537.36 (KHTML, like Gecko; compatible; ClaudeBot/1.0; +claudebot@anthropic.com)"
142.44.225.91 - - [30/Jun/2026:01:48:57 -0700] "GET /item/1221940063.phtml HTTP/2.0" 404 6366 "-" "Mozilla/5.0 (compatible; AhrefsBot/7.0; +http://ahrefs.com/robot/)"
216.73.216.209 - - [30/Jun/2026:01:49:06 -0700] "GET /item/2533028844.phtml HTTP/2.0" 404 6301 "-" "Mozilla/5.0 AppleWebKit/537.36 (KHTML, like Gecko; compatible; ClaudeBot/1.0; +claudebot@anthropic.com)"
54.39.6.47 - - [30/Jun/2026:01:49:29 -0700] "GET /item/2756482741.phtml HTTP/2.0" 404 6365 "-" "Mozilla/5.0 (compatible; AhrefsBot/7.0; +http://ahrefs.com/robot/)"
216.73.216.209 - - [30/Jun/2026:01:49:30 -0700] "GET /item/2947639956.phtml HTTP/2.0" 404 6301 "-" "Mozilla/5.0 AppleWebKit/537.36 (KHTML, like Gecko; compatible; ClaudeBot/1.0; +claudebot@anthropic.com)"
216.73.216.209 - - [30/Jun/2026:01:49:37 -0700] "GET /item/3504534892.phtml HTTP/2.0" 404 6365 "-" "Mozilla/5.0 AppleWebKit/537.36 (KHTML, like Gecko; compatible; ClaudeBot/1.0; +claudebot@anthropic.com)"
216.73.216.209 - - [30/Jun/2026:01:49:54 -0700] "GET /item/3017127610.phtml HTTP/2.0" 404 6302 "-" "Mozilla/5.0 AppleWebKit/537.36 (KHTML, like Gecko; compatible; ClaudeBot/1.0; +claudebot@anthropic.com)"
15.235.27.8 - - [30/Jun/2026:01:50:01 -0700] "GET /item/816390682.phtml HTTP/2.0" 404 6364 "-" "Mozilla/5.0 (compatible; AhrefsBot/7.0; +http://ahrefs.com/robot/)"
216.73.216.209 - - [30/Jun/2026:01:50:05 -0700] "GET /item/1123388833.phtml HTTP/2.0" 404 6364 "-" "Mozilla/5.0 AppleWebKit/537.36 (KHTML, like Gecko; compatible; ClaudeBot/1.0; +claudebot@anthropic.com)"
20.226.81.217 - - [30/Jun/2026:01:50:12 -0700] "GET /wp-content/plugins/hellopress/wp_filemanager.php HTTP/1.1" 429 3792 "-" "-"
20.226.81.217 - - [30/Jun/2026:01:50:13 -0700] "GET /this_is_a_new_hello_world.php HTTP/1.1" 429 469 "-" "-"
20.226.81.217 - - [30/Jun/2026:01:50:14 -0700] "GET /bhm.php HTTP/1.1" 429 469 "-" "-"
20.226.81.217 - - [30/Jun/2026:01:50:15 -0700] "GET /adobe.php HTTP/1.1" 429 469 "-" "-"
20.226.81.217 - - [30/Jun/2026:01:50:15 -0700] "GET /sf.php HTTP/1.1" 429 469 "-" "-"
20.226.81.217 - - [30/Jun/2026:01:50:15 -0700] "GET /wp-block.php HTTP/1.1" 429 469 "-" "-"
20.226.81.217 - - [30/Jun/2026:01:50:16 -0700] "GET /wp-ver.php HTTP/1.1" 429 469 "-" "-"
20.226.81.217 - - [30/Jun/2026:01:50:16 -0700] "GET /f222.php HTTP/1.1" 429 469 "-" "-"
20.226.81.217 - - [30/Jun/2026:01:50:17 -0700] "GET /cilng.php HTTP/1.1" 429 469 "-" "-"
20.226.81.217 - - [30/Jun/2026:01:50:18 -0700] "GET /rithin.php HTTP/1.1" 429 469 "-" "-"
20.226.81.217 - - [30/Jun/2026:01:50:18 -0700] "GET /dass.php HTTP/1.1" 429 469 "-" "-"
20.226.81.217 - - [30/Jun/2026:01:50:19 -0700] "GET /haz.php HTTP/1.1" 429 469 "-" "-"
20.226.81.217 - - [30/Jun/2026:01:50:20 -0700] "GET /h2.php HTTP/1.1" 429 469 "-" "-"
20.226.81.217 - - [30/Jun/2026:01:50:21 -0700] "GET /wp-ccv.php HTTP/1.1" 429 469 "-" "-"
20.226.81.217 - - [30/Jun/2026:01:50:21 -0700] "GET /class-bda.php HTTP/1.1" 429 469 "-" "-"
20.226.81.217 - - [30/Jun/2026:01:50:21 -0700] "GET /wp-Blogs.php HTTP/1.1" 429 469 "-" "-"
20.226.81.217 - - [30/Jun/2026:01:50:22 -0700] "GET /less.php HTTP/1.1" 429 469 "-" "-"
20.226.81.217 - - [30/Jun/2026:01:50:22 -0700] "GET /ftde.php HTTP/1.1" 429 469 "-" "-"
20.226.81.217 - - [30/Jun/2026:01:50:23 -0700] "GET /classwithtostring.php HTTP/1.1" 429 469 "-" "-"
20.226.81.217 - - [30/Jun/2026:01:50:23 -0700] "GET /rip.php HTTP/1.1" 429 469 "-" "-"
20.226.81.217 - - [30/Jun/2026:01:50:23 -0700] "GET /wp-tivate.php HTTP/1.1" 429 469 "-" "-"
20.226.81.217 - - [30/Jun/2026:01:50:24 -0700] "GET /ogghjd.php HTTP/1.1" 429 469 "-" "-"
20.226.81.217 - - [30/Jun/2026:01:50:24 -0700] "GET /7.php HTTP/1.1" 429 469 "-" "-"
20.226.81.217 - - [30/Jun/2026:01:50:25 -0700] "GET /agieylcmwl.php HTTP/1.1" 429 469 "-" "-"
20.226.81.217 - - [30/Jun/2026:01:50:25 -0700] "GET /balbasaur.php HTTP/1.1" 429 469 "-" "-"
20.226.81.217 - - [30/Jun/2026:01:50:26 -0700] "GET /op.php HTTP/1.1" 429 469 "-" "-"
20.226.81.217 - - [30/Jun/2026:01:50:26 -0700] "GET /by.php HTTP/1.1" 429 469 "-" "-"
20.226.81.217 - - [30/Jun/2026:01:50:27 -0700] "GET /xs.php HTTP/1.1" 429 469 "-" "-"
20.226.81.217 - - [30/Jun/2026:01:50:27 -0700] "GET /nxx.php HTTP/1.1" 429 469 "-" "-"
20.226.81.217 - - [30/Jun/2026:01:50:27 -0700] "GET /jjhf.php HTTP/1.1" 429 469 "-" "-"
20.226.81.217 - - [30/Jun/2026:01:50:28 -0700] "GET /mosty.php HTTP/1.1" 429 469 "-" "-"
20.226.81.217 - - [30/Jun/2026:01:50:29 -0700] "GET /product.php HTTP/1.1" 429 469 "-" "-"
20.226.81.217 - - [30/Jun/2026:01:50:29 -0700] "GET /eknmacnl.php HTTP/1.1" 429 469 "-" "-"
20.226.81.217 - - [30/Jun/2026:01:50:30 -0700] "GET /wp-link-poer.php HTTP/1.1" 429 469 "-" "-"
20.226.81.217 - - [30/Jun/2026:01:50:30 -0700] "GET /crgio.php HTTP/1.1" 429 469 "-" "-"
20.226.81.217 - - [30/Jun/2026:01:50:31 -0700] "GET /wp-blink.php HTTP/1.1" 429 469 "-" "-"
20.226.81.217 - - [30/Jun/2026:01:50:32 -0700] "GET /00.php HTTP/1.1" 429 469 "-" "-"
20.226.81.217 - - [30/Jun/2026:01:50:33 -0700] "GET /cxs.php HTTP/1.1" 429 469 "-" "-"
20.226.81.217 - - [30/Jun/2026:01:50:33 -0700] "GET /super.php HTTP/1.1" 429 469 "-" "-"
216.73.216.209 - - [30/Jun/2026:01:50:29 -0700] "GET /item/734327749.phtml HTTP/2.0" 404 6301 "-" "Mozilla/5.0 AppleWebKit/537.36 (KHTML, like Gecko; compatible; ClaudeBot/1.0; +claudebot@anthropic.com)"
20.226.81.217 - - [30/Jun/2026:01:50:34 -0700] "GET /sdm.php HTTP/1.1" 429 469 "-" "-"
20.226.81.217 - - [30/Jun/2026:01:50:34 -0700] "GET /whs73au5.php HTTP/1.1" 429 469 "-" "-"
20.226.81.217 - - [30/Jun/2026:01:50:35 -0700] "GET /wp-lvminl.php HTTP/1.1" 429 469 "-" "-"
20.226.81.217 - - [30/Jun/2026:01:50:36 -0700] "GET /hoeig.php HTTP/1.1" 429 469 "-" "-"
20.226.81.217 - - [30/Jun/2026:01:50:37 -0700] "GET /bajah.php HTTP/1.1" 429 469 "-" "-"
20.226.81.217 - - [30/Jun/2026:01:50:37 -0700] "GET /ponxnwapemsce.php HTTP/1.1" 429 469 "-" "-"
20.226.81.217 - - [30/Jun/2026:01:50:38 -0700] "GET /gk.php HTTP/1.1" 429 469 "-" "-"
20.226.81.217 - - [30/Jun/2026:01:50:38 -0700] "GET /awp-careers.php HTTP/1.1" 429 469 "-" "-"
142.44.233.55 - - [30/Jun/2026:01:50:34 -0700] "GET /item/2114707116.phtml HTTP/2.0" 404 6364 "-" "Mozilla/5.0 (compatible; AhrefsBot/7.0; +http://ahrefs.com/robot/)"
20.226.81.217 - - [30/Jun/2026:01:50:38 -0700] "GET /wplogbak.php HTTP/1.1" 429 469 "-" "-"
20.226.81.217 - - [30/Jun/2026:01:50:39 -0700] "GET /wee.php HTTP/1.1" 429 469 "-" "-"
20.226.81.217 - - [30/Jun/2026:01:50:39 -0700] "GET /file6.php HTTP/1.1" 429 469 "-" "-"
20.226.81.217 - - [30/Jun/2026:01:50:40 -0700] "GET /wplink.php HTTP/1.1" 429 469 "-" "-"
20.226.81.217 - - [30/Jun/2026:01:50:40 -0700] "GET /pass4.php HTTP/1.1" 429 469 "-" "-"
20.226.81.217 - - [30/Jun/2026:01:50:41 -0700] "GET /mr.php HTTP/1.1" 429 469 "-" "-"
20.226.81.217 - - [30/Jun/2026:01:50:41 -0700] "GET /wp-aothait.php HTTP/1.1" 429 469 "-" "-"
20.226.81.217 - - [30/Jun/2026:01:50:42 -0700] "GET /wp-the.php HTTP/1.1" 429 469 "-" "-"
20.226.81.217 - - [30/Jun/2026:01:50:42 -0700] "GET /wp-sanita.php HTTP/1.1" 429 469 "-" "-"
20.226.81.217 - - [30/Jun/2026:01:50:43 -0700] "GET /wp-temp.php HTTP/1.1" 429 469 "-" "-"
20.226.81.217 - - [30/Jun/2026:01:50:43 -0700] "GET /wornnessesal.php HTTP/1.1" 429 469 "-" "-"
20.226.81.217 - - [30/Jun/2026:01:50:43 -0700] "GET /pedodont.php HTTP/1.1" 429 469 "-" "-"
20.226.81.217 - - [30/Jun/2026:01:50:44 -0700] "GET /misgrimmerly.php HTTP/1.1" 429 469 "-" "-"
20.226.81.217 - - [30/Jun/2026:01:50:44 -0700] "GET /ethnogr.php HTTP/1.1" 429 469 "-" "-"
20.226.81.217 - - [30/Jun/2026:01:50:45 -0700] "GET /aaf.php HTTP/1.1" 429 469 "-" "-"
20.226.81.217 - - [30/Jun/2026:01:50:45 -0700] "GET /xmff.php HTTP/1.1" 429 469 "-" "-"
20.226.81.217 - - [30/Jun/2026:01:50:46 -0700] "GET /green1.php HTTP/1.1" 429 469 "-" "-"
20.226.81.217 - - [30/Jun/2026:01:50:47 -0700] "GET /dal.php HTTP/1.1" 429 469 "-" "-"
20.226.81.217 - - [30/Jun/2026:01:50:47 -0700] "GET /wp-good.php HTTP/1.1" 429 469 "-" "-"
20.226.81.217 - - [30/Jun/2026:01:50:47 -0700] "GET /vx.php HTTP/1.1" 429 469 "-" "-"
20.226.81.217 - - [30/Jun/2026:01:50:48 -0700] "GET /spawns.php HTTP/1.1" 429 469 "-" "-"
20.226.81.217 - - [30/Jun/2026:01:50:48 -0700] "GET /cream1.php HTTP/1.1" 429 469 "-" "-"
216.73.216.209 - - [30/Jun/2026:01:50:53 -0700] "GET /item/316339948.phtml HTTP/2.0" 404 6301 "-" "Mozilla/5.0 AppleWebKit/537.36 (KHTML, like Gecko; compatible; ClaudeBot/1.0; +claudebot@anthropic.com)"
216.73.216.209 - - [30/Jun/2026:01:50:59 -0700] "GET /item/2050588074.phtml HTTP/2.0" 404 6364 "-" "Mozilla/5.0 AppleWebKit/537.36 (KHTML, like Gecko; compatible; ClaudeBot/1.0; +claudebot@anthropic.com)"
142.44.225.195 - - [30/Jun/2026:01:51:06 -0700] "GET /item/2026261543.phtml HTTP/2.0" 404 6364 "-" "Mozilla/5.0 (compatible; AhrefsBot/7.0; +http://ahrefs.com/robot/)"
216.73.216.209 - - [30/Jun/2026:01:51:18 -0700] "GET /item/2869372960.phtml HTTP/2.0" 404 6365 "-" "Mozilla/5.0 AppleWebKit/537.36 (KHTML, like Gecko; compatible; ClaudeBot/1.0; +claudebot@anthropic.com)"
54.39.210.102 - - [30/Jun/2026:01:51:38 -0700] "GET /item/1006377323.phtml HTTP/2.0" 404 6364 "-" "Mozilla/5.0 (compatible; AhrefsBot/7.0; +http://ahrefs.com/robot/)"
216.73.216.209 - - [30/Jun/2026:01:51:39 -0700] "GET /item/2976107750.phtml HTTP/2.0" 404 6365 "-" "Mozilla/5.0 AppleWebKit/537.36 (KHTML, like Gecko; compatible; ClaudeBot/1.0; +claudebot@anthropic.com)"
216.73.216.209 - - [30/Jun/2026:01:52:03 -0700] "GET /item/1049961691.phtml HTTP/2.0" 404 6301 "-" "Mozilla/5.0 AppleWebKit/537.36 (KHTML, like Gecko; compatible; ClaudeBot/1.0; +claudebot@anthropic.com)"
54.39.89.169 - - [30/Jun/2026:01:52:10 -0700] "GET /item/1095522074.phtml HTTP/2.0" 404 6365 "-" "Mozilla/5.0 (compatible; AhrefsBot/7.0; +http://ahrefs.com/robot/)"
216.73.216.209 - - [30/Jun/2026:01:52:27 -0700] "GET /item/4163525920.phtml HTTP/2.0" 404 6301 "-" "Mozilla/5.0 AppleWebKit/537.36 (KHTML, like Gecko; compatible; ClaudeBot/1.0; +claudebot@anthropic.com)"
216.73.216.209 - - [30/Jun/2026:01:52:34 -0700] "GET /item/622444613.phtml HTTP/2.0" 404 6365 "-" "Mozilla/5.0 AppleWebKit/537.36 (KHTML, like Gecko; compatible; ClaudeBot/1.0; +claudebot@anthropic.com)"
54.39.89.66 - - [30/Jun/2026:01:52:42 -0700] "GET /item/3230567269.phtml HTTP/2.0" 404 6364 "-" "Mozilla/5.0 (compatible; AhrefsBot/7.0; +http://ahrefs.com/robot/)"
185.213.23.63 - - [30/Jun/2026:01:52:55 -0700] "POST /d278e922259f.php HTTP/1.1" 200 3628 "-" "Mozilla/5.0 (Windows NT 6.1; Win64; x64) AppleWebKit/537.36 (KHTML, like Gecko) Chrome/55.0.2898.4 Safari/537.36"
185.213.23.63 - - [30/Jun/2026:01:52:55 -0700] "POST /d278e922259f.php HTTP/1.1" 200 248 "https://www.musicpassiondjs.gr/d278e922259f.php" "Mozilla/5.0 (Windows NT 6.1; Win64; x64) AppleWebKit/537.36 (KHTML, like Gecko) Chrome/55.0.2898.4 Safari/537.36"
185.213.23.63 - - [30/Jun/2026:01:52:56 -0700] "GET /b1d821ad18index.php HTTP/1.1" 200 8526 "https://www.musicpassiondjs.gr/d278e922259f.php" "Mozilla/5.0 (Windows NT 6.1; Win64; x64) AppleWebKit/537.36 (KHTML, like Gecko) Chrome/55.0.2898.4 Safari/537.36"
216.73.216.209 - - [30/Jun/2026:01:52:53 -0700] "GET /item/674395410.phtml HTTP/2.0" 404 6364 "-" "Mozilla/5.0 AppleWebKit/537.36 (KHTML, like Gecko; compatible; ClaudeBot/1.0; +claudebot@anthropic.com)"
185.213.23.63 - - [30/Jun/2026:01:53:04 -0700] "GET /b1d821ad18index.php HTTP/1.1" 200 11898 "https://www.musicpassiondjs.gr/b1d821ad18index.php" "Mozilla/5.0 (Windows NT 6.1; Win64; x64) AppleWebKit/537.36 (KHTML, like Gecko) Chrome/55.0.2898.4 Safari/537.36"
185.213.23.63 - - [30/Jun/2026:01:53:04 -0700] "GET /b1d821ad18index.php HTTP/1.1" 200 8526 "https://www.musicpassiondjs.gr/b1d821ad18index.php" "Mozilla/5.0 (Windows NT 6.1; Win64; x64) AppleWebKit/537.36 (KHTML, like Gecko) Chrome/55.0.2898.4 Safari/537.36"
216.73.216.209 - - [30/Jun/2026:01:53:14 -0700] "GET /item/2511471109.phtml HTTP/2.0" 404 6364 "-" "Mozilla/5.0 AppleWebKit/537.36 (KHTML, like Gecko; compatible; ClaudeBot/1.0; +claudebot@anthropic.com)"
15.235.96.252 - - [30/Jun/2026:01:53:14 -0700] "GET /item/1657282918.phtml HTTP/2.0" 404 6364 "-" "Mozilla/5.0 (compatible; AhrefsBot/7.0; +http://ahrefs.com/robot/)"
216.73.216.209 - - [30/Jun/2026:01:53:35 -0700] "GET /item/2481014343.phtml HTTP/2.0" 404 6366 "-" "Mozilla/5.0 AppleWebKit/537.36 (KHTML, like Gecko; compatible; ClaudeBot/1.0; +claudebot@anthropic.com)"
216.73.216.209 - - [30/Jun/2026:01:53:42 -0700] "GET /item/2315174748.phtml HTTP/2.0" 404 6365 "-" "Mozilla/5.0 AppleWebKit/537.36 (KHTML, like Gecko; compatible; ClaudeBot/1.0; +claudebot@anthropic.com)"
216.73.216.209 - - [30/Jun/2026:01:54:01 -0700] "GET /item/3236326647.phtml HTTP/2.0" 404 6301 "-" "Mozilla/5.0 AppleWebKit/537.36 (KHTML, like Gecko; compatible; ClaudeBot/1.0; +claudebot@anthropic.com)"
216.73.216.209 - - [30/Jun/2026:01:54:11 -0700] "GET /item/2423606228.phtml HTTP/2.0" 404 6364 "-" "Mozilla/5.0 AppleWebKit/537.36 (KHTML, like Gecko; compatible; ClaudeBot/1.0; +claudebot@anthropic.com)"
216.73.216.209 - - [30/Jun/2026:01:54:28 -0700] "GET /item/1686322553.phtml HTTP/2.0" 404 6301 "-" "Mozilla/5.0 AppleWebKit/537.36 (KHTML, like Gecko; compatible; ClaudeBot/1.0; +claudebot@anthropic.com)"
186.17.156.73 - - [30/Jun/2026:01:54:32 -0700] "GET /index.php?CPPR=1&FGC=0&FPC=0&FTA=0&SFL_DF=0&SGC=0&STA=0&category%2F0%2F1%2F017%2F017011%2F%3FSPC=0 HTTP/1.1" 200 16495 "-" "Mozilla/5.0 (Windows NT 6.3; Win64; x64) AppleWebKit/537.36 (KHTML, like Gecko) Chrome/91.0.4472.114 Safari/537.36"
216.73.216.209 - - [30/Jun/2026:01:54:52 -0700] "GET /item/1368663705.phtml HTTP/2.0" 404 6301 "-" "Mozilla/5.0 AppleWebKit/537.36 (KHTML, like Gecko; compatible; ClaudeBot/1.0; +claudebot@anthropic.com)"
216.73.216.209 - - [30/Jun/2026:01:54:59 -0700] "GET /item/1251118931.phtml HTTP/2.0" 404 6365 "-" "Mozilla/5.0 AppleWebKit/537.36 (KHTML, like Gecko; compatible; ClaudeBot/1.0; +claudebot@anthropic.com)"
216.73.216.209 - - [30/Jun/2026:01:55:17 -0700] "GET /item/2693839379.phtml HTTP/2.0" 404 6364 "-" "Mozilla/5.0 AppleWebKit/537.36 (KHTML, like Gecko; compatible; ClaudeBot/1.0; +claudebot@anthropic.com)"
216.73.216.209 - - [30/Jun/2026:01:55:36 -0700] "GET /item/3917770398.phtml HTTP/2.0" 404 6365 "-" "Mozilla/5.0 AppleWebKit/537.36 (KHTML, like Gecko; compatible; ClaudeBot/1.0; +claudebot@anthropic.com)"
216.73.216.209 - - [30/Jun/2026:01:55:49 -0700] "GET /item/1421504166.phtml HTTP/2.0" 404 6366 "-" "Mozilla/5.0 AppleWebKit/537.36 (KHTML, like Gecko; compatible; ClaudeBot/1.0; +claudebot@anthropic.com)"
216.73.216.209 - - [30/Jun/2026:01:56:04 -0700] "GET /item/1415539772.phtml HTTP/2.0" 404 6365 "-" "Mozilla/5.0 AppleWebKit/537.36 (KHTML, like Gecko; compatible; ClaudeBot/1.0; +claudebot@anthropic.com)"
216.73.216.209 - - [30/Jun/2026:01:56:18 -0700] "GET /item/1868875915.phtml HTTP/2.0" 404 6301 "-" "Mozilla/5.0 AppleWebKit/537.36 (KHTML, like Gecko; compatible; ClaudeBot/1.0; +claudebot@anthropic.com)"
216.73.216.209 - - [30/Jun/2026:01:56:42 -0700] "GET /item/4217297302.phtml HTTP/2.0" 404 6301 "-" "Mozilla/5.0 AppleWebKit/537.36 (KHTML, like Gecko; compatible; ClaudeBot/1.0; +claudebot@anthropic.com)"
216.73.216.209 - - [30/Jun/2026:01:56:48 -0700] "GET /item/1405757246.phtml HTTP/2.0" 404 6365 "-" "Mozilla/5.0 AppleWebKit/537.36 (KHTML, like Gecko; compatible; ClaudeBot/1.0; +claudebot@anthropic.com)"
216.73.216.209 - - [30/Jun/2026:01:56:55 -0700] "GET /item/4158722916.phtml HTTP/2.0" 404 6302 "-" "Mozilla/5.0 AppleWebKit/537.36 (KHTML, like Gecko; compatible; ClaudeBot/1.0; +claudebot@anthropic.com)"
216.73.216.209 - - [30/Jun/2026:01:57:07 -0700] "GET /item/624868827.phtml HTTP/2.0" 404 6365 "-" "Mozilla/5.0 AppleWebKit/537.36 (KHTML, like Gecko; compatible; ClaudeBot/1.0; +claudebot@anthropic.com)"
216.73.216.209 - - [30/Jun/2026:01:57:19 -0700] "GET /item/2483620360.phtml HTTP/2.0" 404 6301 "-" "Mozilla/5.0 AppleWebKit/537.36 (KHTML, like Gecko; compatible; ClaudeBot/1.0; +claudebot@anthropic.com)"
216.73.216.209 - - [30/Jun/2026:01:57:31 -0700] "GET /item/3820636299.phtml HTTP/2.0" 404 6364 "-" "Mozilla/5.0 AppleWebKit/537.36 (KHTML, like Gecko; compatible; ClaudeBot/1.0; +claudebot@anthropic.com)"
216.73.216.209 - - [30/Jun/2026:01:57:47 -0700] "GET /item/1659502084.phtml HTTP/2.0" 404 6365 "-" "Mozilla/5.0 AppleWebKit/537.36 (KHTML, like Gecko; compatible; ClaudeBot/1.0; +claudebot@anthropic.com)"
216.73.216.209 - - [30/Jun/2026:01:57:53 -0700] "GET /robots.txt HTTP/2.0" 200 286 "-" "Mozilla/5.0 AppleWebKit/537.36 (KHTML, like Gecko; compatible; ClaudeBot/1.0; +claudebot@anthropic.com)"
216.73.216.209 - - [30/Jun/2026:01:58:01 -0700] "GET /item/3352363361.phtml HTTP/2.0" 404 6364 "-" "Mozilla/5.0 AppleWebKit/537.36 (KHTML, like Gecko; compatible; ClaudeBot/1.0; +claudebot@anthropic.com)"
216.73.216.209 - - [30/Jun/2026:01:58:15 -0700] "GET /item/1224545336.phtml HTTP/2.0" 404 6365 "-" "Mozilla/5.0 AppleWebKit/537.36 (KHTML, like Gecko; compatible; ClaudeBot/1.0; +claudebot@anthropic.com)"
216.73.216.209 - - [30/Jun/2026:01:58:31 -0700] "GET /item/1926884353.phtml HTTP/2.0" 404 6364 "-" "Mozilla/5.0 AppleWebKit/537.36 (KHTML, like Gecko; compatible; ClaudeBot/1.0; +claudebot@anthropic.com)"
178.20.47.39 - - [30/Jun/2026:01:58:41 -0700] "GET / HTTP/1.0" 429 3609 "https://www.musicpassiondjs.gr/" "Mozilla/5.0 (Windows NT 10.0; Win64; x64) AppleWebKit/537.36 (KHTML, like Gecko) Chrome/129.0.0.0 Safari/537.36"
66.249.74.109 - - [30/Jun/2026:01:58:37 -0700] "GET /index.php?item/3407062610.phtml HTTP/1.1" 200 82374 "-" "Mozilla/5.0 (Linux; Android 6.0.1; Nexus 5X Build/MMB29P) AppleWebKit/537.36 (KHTML, like Gecko) Chrome/148.0.7778.96 Mobile Safari/537.36 (compatible; Googlebot/2.1; +http://www.google.com/bot.html)"
216.73.216.209 - - [30/Jun/2026:01:58:44 -0700] "GET /item/3051787057.phtml HTTP/2.0" 404 6302 "-" "Mozilla/5.0 AppleWebKit/537.36 (KHTML, like Gecko; compatible; ClaudeBot/1.0; +claudebot@anthropic.com)"
216.73.216.209 - - [30/Jun/2026:01:58:55 -0700] "GET /item/2756827371.phtml HTTP/2.0" 404 6302 "-" "Mozilla/5.0 AppleWebKit/537.36 (KHTML, like Gecko; compatible; ClaudeBot/1.0; +claudebot@anthropic.com)"
216.73.216.209 - - [30/Jun/2026:01:59:16 -0700] "GET /item/2604278227.phtml HTTP/2.0" 404 6364 "-" "Mozilla/5.0 AppleWebKit/537.36 (KHTML, like Gecko; compatible; ClaudeBot/1.0; +claudebot@anthropic.com)"
216.73.216.209 - - [30/Jun/2026:01:59:29 -0700] "GET /item/4045786593.phtml HTTP/2.0" 404 6365 "-" "Mozilla/5.0 AppleWebKit/537.36 (KHTML, like Gecko; compatible; ClaudeBot/1.0; +claudebot@anthropic.com)"
216.73.216.209 - - [30/Jun/2026:01:59:42 -0700] "GET /item/1457109278.phtml HTTP/2.0" 404 6365 "-" "Mozilla/5.0 AppleWebKit/537.36 (KHTML, like Gecko; compatible; ClaudeBot/1.0; +claudebot@anthropic.com)"
216.73.216.209 - - [30/Jun/2026:01:59:55 -0700] "GET /item/4162699928.phtml HTTP/2.0" 404 6365 "-" "Mozilla/5.0 AppleWebKit/537.36 (KHTML, like Gecko; compatible; ClaudeBot/1.0; +claudebot@anthropic.com)"
216.73.216.209 - - [30/Jun/2026:02:00:08 -0700] "GET /item/2674156631.phtml HTTP/2.0" 404 6364 "-" "Mozilla/5.0 AppleWebKit/537.36 (KHTML, like Gecko; compatible; ClaudeBot/1.0; +claudebot@anthropic.com)"
216.73.216.209 - - [30/Jun/2026:02:00:15 -0700] "GET /item/3092195125.phtml HTTP/2.0" 404 6301 "-" "Mozilla/5.0 AppleWebKit/537.36 (KHTML, like Gecko; compatible; ClaudeBot/1.0; +claudebot@anthropic.com)"
41.13.110.70 - - [30/Jun/2026:02:00:17 -0700] "GET /index.php?CPPR=1&FGC=0&FPC=0&FTA=0&SFL_DF=0&SGC=0&STA=0&category%2F0%2F1%2F025%2F025030%2F%3FSPC=0 HTTP/1.1" 200 16501 "-" "Mozilla/5.0 (Macintosh; Intel Mac OS X 10_15_5) AppleWebKit/537.36 (KHTML, like Gecko) Chrome/84.0.4147.105 Safari/537.36"
216.73.216.209 - - [30/Jun/2026:02:00:28 -0700] "GET /item/151616351.phtml HTTP/2.0" 404 6301 "-" "Mozilla/5.0 AppleWebKit/537.36 (KHTML, like Gecko; compatible; ClaudeBot/1.0; +claudebot@anthropic.com)"
216.73.216.209 - - [30/Jun/2026:02:00:40 -0700] "GET /item/3312555600.phtml HTTP/2.0" 404 6363 "-" "Mozilla/5.0 AppleWebKit/537.36 (KHTML, like Gecko; compatible; ClaudeBot/1.0; +claudebot@anthropic.com)"
216.73.216.209 - - [30/Jun/2026:02:00:54 -0700] "GET /item/3504920999.phtml HTTP/2.0" 404 6364 "-" "Mozilla/5.0 AppleWebKit/537.36 (KHTML, like Gecko; compatible; ClaudeBot/1.0; +claudebot@anthropic.com)"
216.73.216.209 - - [30/Jun/2026:02:01:07 -0700] "GET /item/1636568743.phtml HTTP/2.0" 404 6364 "-" "Mozilla/5.0 AppleWebKit/537.36 (KHTML, like Gecko; compatible; ClaudeBot/1.0; +claudebot@anthropic.com)"
216.73.216.209 - - [30/Jun/2026:02:01:20 -0700] "GET /item/1764198831.phtml HTTP/2.0" 404 6365 "-" "Mozilla/5.0 AppleWebKit/537.36 (KHTML, like Gecko; compatible; ClaudeBot/1.0; +claudebot@anthropic.com)"
216.73.216.209 - - [30/Jun/2026:02:01:29 -0700] "GET /item/3139179395.phtml HTTP/2.0" 404 6364 "-" "Mozilla/5.0 AppleWebKit/537.36 (KHTML, like Gecko; compatible; ClaudeBot/1.0; +claudebot@anthropic.com)"
216.73.216.209 - - [30/Jun/2026:02:01:40 -0700] "GET /item/3976135400.phtml HTTP/2.0" 404 6364 "-" "Mozilla/5.0 AppleWebKit/537.36 (KHTML, like Gecko; compatible; ClaudeBot/1.0; +claudebot@anthropic.com)"
216.73.216.209 - - [30/Jun/2026:02:01:56 -0700] "GET /item/3355954234.phtml HTTP/2.0" 404 6365 "-" "Mozilla/5.0 AppleWebKit/537.36 (KHTML, like Gecko; compatible; ClaudeBot/1.0; +claudebot@anthropic.com)"
216.73.216.209 - - [30/Jun/2026:02:02:15 -0700] "GET /item/2749305520.phtml HTTP/2.0" 404 6301 "-" "Mozilla/5.0 AppleWebKit/537.36 (KHTML, like Gecko; compatible; ClaudeBot/1.0; +claudebot@anthropic.com)"
216.73.216.209 - - [30/Jun/2026:02:02:26 -0700] "GET /item/3817386125.phtml HTTP/2.0" 404 6365 "-" "Mozilla/5.0 AppleWebKit/537.36 (KHTML, like Gecko; compatible; ClaudeBot/1.0; +claudebot@anthropic.com)"
216.73.216.209 - - [30/Jun/2026:02:02:40 -0700] "GET /item/1578774940.phtml HTTP/2.0" 404 6365 "-" "Mozilla/5.0 AppleWebKit/537.36 (KHTML, like Gecko; compatible; ClaudeBot/1.0; +claudebot@anthropic.com)"
216.73.216.209 - - [30/Jun/2026:02:02:53 -0700] "GET /item/2722167924.phtml HTTP/2.0" 404 6301 "-" "Mozilla/5.0 AppleWebKit/537.36 (KHTML, like Gecko; compatible; ClaudeBot/1.0; +claudebot@anthropic.com)"
66.33.205.245 - - [30/Jun/2026:02:03:09 -0700] "GET / HTTP/1.1" 301 3780 "-" "DreamHost Data Team (+http://www.dreamhost.com/support/)"
216.73.216.209 - - [30/Jun/2026:02:03:12 -0700] "GET /item/2713037955.phtml HTTP/2.0" 404 6364 "-" "Mozilla/5.0 AppleWebKit/537.36 (KHTML, like Gecko; compatible; ClaudeBot/1.0; +claudebot@anthropic.com)"
66.33.205.245 - - [30/Jun/2026:02:03:16 -0700] "GET / HTTP/1.1" 200 16368 "-" "DreamHost Data Team (+http://www.dreamhost.com/support/)"
216.73.216.209 - - [30/Jun/2026:02:03:23 -0700] "GET /item/1615232066.phtml HTTP/2.0" 404 6364 "-" "Mozilla/5.0 AppleWebKit/537.36 (KHTML, like Gecko; compatible; ClaudeBot/1.0; +claudebot@anthropic.com)"
102.66.146.172 - - [30/Jun/2026:02:04:07 -0700] "GET /index.php?item%2F802306834.phtml HTTP/1.1" 200 16452 "-" "Mozilla/5.0 (Macintosh; Intel Mac OS X 10_15_3) AppleWebKit/537.36 (KHTML, like Gecko) Brave Chrome/84.0.4147.89 Safari/537.36"
216.73.216.209 - - [30/Jun/2026:02:04:20 -0700] "GET /item/1781089171.phtml HTTP/2.0" 404 6365 "-" "Mozilla/5.0 AppleWebKit/537.36 (KHTML, like Gecko; compatible; ClaudeBot/1.0; +claudebot@anthropic.com)"
66.249.74.110 - - [30/Jun/2026:02:04:30 -0700] "GET /index.php?item/3443002468.phtml HTTP/1.1" 200 86486 "-" "Mozilla/5.0 (Linux; Android 6.0.1; Nexus 5X Build/MMB29P) AppleWebKit/537.36 (KHTML, like Gecko) Chrome/148.0.7778.96 Mobile Safari/537.36 (compatible; Googlebot/2.1; +http://www.google.com/bot.html)"
66.249.74.110 - - [30/Jun/2026:02:04:31 -0700] "GET /index.php?item/659150765.phtml HTTP/1.1" 200 83278 "-" "Mozilla/5.0 (Linux; Android 6.0.1; Nexus 5X Build/MMB29P) AppleWebKit/537.36 (KHTML, like Gecko) Chrome/148.0.7778.96 Mobile Safari/537.36 (compatible; Googlebot/2.1; +http://www.google.com/bot.html)"
66.249.74.109 - - [30/Jun/2026:02:04:36 -0700] "GET /index.php?item/2933916005.phtml HTTP/1.1" 200 82927 "-" "Mozilla/5.0 (Linux; Android 6.0.1; Nexus 5X Build/MMB29P) AppleWebKit/537.36 (KHTML, like Gecko) Chrome/148.0.7778.96 Mobile Safari/537.36 (compatible; Googlebot/2.1; +http://www.google.com/bot.html)"
216.73.216.209 - - [30/Jun/2026:02:04:57 -0700] "GET /item/2581542657.phtml HTTP/2.0" 404 6365 "-" "Mozilla/5.0 AppleWebKit/537.36 (KHTML, like Gecko; compatible; ClaudeBot/1.0; +claudebot@anthropic.com)"
216.73.216.209 - - [30/Jun/2026:02:05:02 -0700] "GET /item/934018325.phtml HTTP/2.0" 404 6247 "-" "Mozilla/5.0 AppleWebKit/537.36 (KHTML, like Gecko; compatible; ClaudeBot/1.0; +claudebot@anthropic.com)"
216.73.216.209 - - [30/Jun/2026:02:05:08 -0700] "GET /item/3819345609.phtml HTTP/2.0" 404 6247 "-" "Mozilla/5.0 AppleWebKit/537.36 (KHTML, like Gecko; compatible; ClaudeBot/1.0; +claudebot@anthropic.com)"
216.73.216.209 - - [30/Jun/2026:02:05:15 -0700] "GET /item/1728089814.phtml HTTP/2.0" 404 6365 "-" "Mozilla/5.0 AppleWebKit/537.36 (KHTML, like Gecko; compatible; ClaudeBot/1.0; +claudebot@anthropic.com)"
216.73.216.209 - - [30/Jun/2026:02:05:21 -0700] "GET /item/552651157.phtml HTTP/2.0" 404 6247 "-" "Mozilla/5.0 AppleWebKit/537.36 (KHTML, like Gecko; compatible; ClaudeBot/1.0; +claudebot@anthropic.com)"
216.73.216.209 - - [30/Jun/2026:02:05:27 -0700] "GET /item/2922684492.phtml HTTP/2.0" 404 6247 "-" "Mozilla/5.0 AppleWebKit/537.36 (KHTML, like Gecko; compatible; ClaudeBot/1.0; +claudebot@anthropic.com)"
216.73.216.209 - - [30/Jun/2026:02:05:33 -0700] "GET /item/3359125833.phtml HTTP/2.0" 404 6247 "-" "Mozilla/5.0 AppleWebKit/537.36 (KHTML, like Gecko; compatible; ClaudeBot/1.0; +claudebot@anthropic.com)"
216.73.216.209 - - [30/Jun/2026:02:05:36 -0700] "GET /item/462803924.phtml HTTP/2.0" 404 6247 "-" "Mozilla/5.0 AppleWebKit/537.36 (KHTML, like Gecko; compatible; ClaudeBot/1.0; +claudebot@anthropic.com)"
216.73.216.209 - - [30/Jun/2026:02:05:42 -0700] "GET /item/3046956171.phtml HTTP/2.0" 404 6247 "-" "Mozilla/5.0 AppleWebKit/537.36 (KHTML, like Gecko; compatible; ClaudeBot/1.0; +claudebot@anthropic.com)"
216.73.216.209 - - [30/Jun/2026:02:05:45 -0700] "GET /item/3590477676.phtml HTTP/2.0" 404 6365 "-" "Mozilla/5.0 AppleWebKit/537.36 (KHTML, like Gecko; compatible; ClaudeBot/1.0; +claudebot@anthropic.com)"
216.73.216.209 - - [30/Jun/2026:02:05:51 -0700] "GET /item/1118557947.phtml HTTP/2.0" 404 6247 "-" "Mozilla/5.0 AppleWebKit/537.36 (KHTML, like Gecko; compatible; ClaudeBot/1.0; +claudebot@anthropic.com)"
216.73.216.209 - - [30/Jun/2026:02:05:57 -0700] "GET /item/2293209818.phtml HTTP/2.0" 404 6247 "-" "Mozilla/5.0 AppleWebKit/537.36 (KHTML, like Gecko; compatible; ClaudeBot/1.0; +claudebot@anthropic.com)"
216.73.216.209 - - [30/Jun/2026:02:06:03 -0700] "GET /item/2454846780.phtml HTTP/2.0" 404 6247 "-" "Mozilla/5.0 AppleWebKit/537.36 (KHTML, like Gecko; compatible; ClaudeBot/1.0; +claudebot@anthropic.com)"
216.73.216.209 - - [30/Jun/2026:02:06:09 -0700] "GET /item/275241497.phtml HTTP/2.0" 404 6247 "-" "Mozilla/5.0 AppleWebKit/537.36 (KHTML, like Gecko; compatible; ClaudeBot/1.0; +claudebot@anthropic.com)"
216.73.216.209 - - [30/Jun/2026:02:06:12 -0700] "GET /item/3354159322.phtml HTTP/2.0" 404 6247 "-" "Mozilla/5.0 AppleWebKit/537.36 (KHTML, like Gecko; compatible; ClaudeBot/1.0; +claudebot@anthropic.com)"
216.73.216.209 - - [30/Jun/2026:02:06:16 -0700] "GET /item/2705396764.phtml HTTP/2.0" 404 6365 "-" "Mozilla/5.0 AppleWebKit/537.36 (KHTML, like Gecko; compatible; ClaudeBot/1.0; +claudebot@anthropic.com)"
216.73.216.209 - - [30/Jun/2026:02:06:22 -0700] "GET /item/1857980577.phtml HTTP/2.0" 404 6247 "-" "Mozilla/5.0 AppleWebKit/537.36 (KHTML, like Gecko; compatible; ClaudeBot/1.0; +claudebot@anthropic.com)"
216.73.216.209 - - [30/Jun/2026:02:06:30 -0700] "GET /item/2675952624.phtml HTTP/2.0" 404 6247 "-" "Mozilla/5.0 AppleWebKit/537.36 (KHTML, like Gecko; compatible; ClaudeBot/1.0; +claudebot@anthropic.com)"
216.73.216.209 - - [30/Jun/2026:02:06:38 -0700] "GET /item/2525773760.phtml HTTP/2.0" 404 6247 "-" "Mozilla/5.0 AppleWebKit/537.36 (KHTML, like Gecko; compatible; ClaudeBot/1.0; +claudebot@anthropic.com)"
216.73.216.209 - - [30/Jun/2026:02:06:42 -0700] "GET /item/981216811.phtml HTTP/2.0" 404 6247 "-" "Mozilla/5.0 AppleWebKit/537.36 (KHTML, like Gecko; compatible; ClaudeBot/1.0; +claudebot@anthropic.com)"
216.73.216.209 - - [30/Jun/2026:02:06:48 -0700] "GET /item/1187224252.phtml HTTP/2.0" 404 6301 "-" "Mozilla/5.0 AppleWebKit/537.36 (KHTML, like Gecko; compatible; ClaudeBot/1.0; +claudebot@anthropic.com)"
216.73.216.209 - - [30/Jun/2026:02:06:53 -0700] "GET /item/4281358579.phtml HTTP/2.0" 404 6247 "-" "Mozilla/5.0 AppleWebKit/537.36 (KHTML, like Gecko; compatible; ClaudeBot/1.0; +claudebot@anthropic.com)"
216.73.216.209 - - [30/Jun/2026:02:06:59 -0700] "GET /item/344956378.phtml HTTP/2.0" 404 6247 "-" "Mozilla/5.0 AppleWebKit/537.36 (KHTML, like Gecko; compatible; ClaudeBot/1.0; +claudebot@anthropic.com)"
216.73.216.209 - - [30/Jun/2026:02:07:06 -0700] "GET /item/2948609957.phtml HTTP/2.0" 404 6247 "-" "Mozilla/5.0 AppleWebKit/537.36 (KHTML, like Gecko; compatible; ClaudeBot/1.0; +claudebot@anthropic.com)"
216.73.216.209 - - [30/Jun/2026:02:07:13 -0700] "GET /item/2784712352.phtml HTTP/2.0" 404 6247 "-" "Mozilla/5.0 AppleWebKit/537.36 (KHTML, like Gecko; compatible; ClaudeBot/1.0; +claudebot@anthropic.com)"
216.73.216.209 - - [30/Jun/2026:02:07:20 -0700] "GET /item/2668192237.phtml HTTP/2.0" 404 6364 "-" "Mozilla/5.0 AppleWebKit/537.36 (KHTML, like Gecko; compatible; ClaudeBot/1.0; +claudebot@anthropic.com)"
216.73.216.209 - - [30/Jun/2026:02:07:24 -0700] "GET /item/2385823824.phtml HTTP/2.0" 404 6364 "-" "Mozilla/5.0 AppleWebKit/537.36 (KHTML, like Gecko; compatible; ClaudeBot/1.0; +claudebot@anthropic.com)"
216.73.216.209 - - [30/Jun/2026:02:07:33 -0700] "GET /item/2312750534.phtml HTTP/2.0" 404 6365 "-" "Mozilla/5.0 AppleWebKit/537.36 (KHTML, like Gecko; compatible; ClaudeBot/1.0; +claudebot@anthropic.com)"
216.73.216.209 - - [30/Jun/2026:02:07:42 -0700] "GET /item/1035416958.phtml HTTP/2.0" 404 6364 "-" "Mozilla/5.0 AppleWebKit/537.36 (KHTML, like Gecko; compatible; ClaudeBot/1.0; +claudebot@anthropic.com)"
216.73.216.209 - - [30/Jun/2026:02:08:10 -0700] "GET /item/1729766611.phtml HTTP/2.0" 404 6365 "-" "Mozilla/5.0 AppleWebKit/537.36 (KHTML, like Gecko; compatible; ClaudeBot/1.0; +claudebot@anthropic.com)"
216.73.216.209 - - [30/Jun/2026:02:08:20 -0700] "GET /item/3647923354.phtml HTTP/2.0" 404 6365 "-" "Mozilla/5.0 AppleWebKit/537.36 (KHTML, like Gecko; compatible; ClaudeBot/1.0; +claudebot@anthropic.com)"
216.73.216.209 - - [30/Jun/2026:02:08:27 -0700] "GET /item/4210896297.phtml HTTP/2.0" 404 6364 "-" "Mozilla/5.0 AppleWebKit/537.36 (KHTML, like Gecko; compatible; ClaudeBot/1.0; +claudebot@anthropic.com)"
142.44.228.198 - - [30/Jun/2026:02:08:42 -0700] "GET /item/4064172655.phtml HTTP/2.0" 404 6364 "-" "Mozilla/5.0 (compatible; AhrefsBot/7.0; +http://ahrefs.com/robot/)"
216.73.216.209 - - [30/Jun/2026:02:08:43 -0700] "GET /item/1386018759.phtml HTTP/2.0" 404 6364 "-" "Mozilla/5.0 AppleWebKit/537.36 (KHTML, like Gecko; compatible; ClaudeBot/1.0; +claudebot@anthropic.com)"
216.73.216.209 - - [30/Jun/2026:02:09:11 -0700] "GET /item/2211980138.phtml HTTP/2.0" 404 6365 "-" "Mozilla/5.0 AppleWebKit/537.36 (KHTML, like Gecko; compatible; ClaudeBot/1.0; +claudebot@anthropic.com)"
14.232.69.227 - - [30/Jun/2026:02:09:18 -0700] "GET /index.php?CPPR=1&FGC=0&FPC=0&FTA=0&SFL_DF=0&SGC=0&STA=0&category%2F0%2F1%2F024%2F024012%2F%3FSPC=0 HTTP/1.1" 200 16496 "-" "Mozilla/5.0 (Macintosh; Intel Mac OS X 10_14_6) AppleWebKit/537.36 (KHTML, like Gecko) Brave Chrome/78.0.3904.108 Safari/537.36"
103.140.176.162 - - [30/Jun/2026:02:09:26 -0700] "GET /index.php?item%2F3899201717.phtml HTTP/1.1" 200 16451 "-" "Mozilla/5.0 (Macintosh; Intel Mac OS X 10_13_6) AppleWebKit/537.36 (KHTML, like Gecko) Chrome/89.0.4389.114 Safari/537.36"
148.113.130.226 - - [30/Jun/2026:02:09:32 -0700] "GET /item/2634004272.phtml HTTP/2.0" 404 6365 "-" "Mozilla/5.0 (compatible; AhrefsBot/7.0; +http://ahrefs.com/robot/)"
216.73.216.209 - - [30/Jun/2026:02:09:41 -0700] "GET /item/817783888.phtml HTTP/2.0" 404 6364 "-" "Mozilla/5.0 AppleWebKit/537.36 (KHTML, like Gecko; compatible; ClaudeBot/1.0; +claudebot@anthropic.com)"
216.73.216.209 - - [30/Jun/2026:02:09:50 -0700] "GET /item/2259405851.phtml HTTP/2.0" 404 6365 "-" "Mozilla/5.0 AppleWebKit/537.36 (KHTML, like Gecko; compatible; ClaudeBot/1.0; +claudebot@anthropic.com)"
216.73.216.209 - - [30/Jun/2026:02:10:15 -0700] "GET /item/1534985524.phtml HTTP/2.0" 404 6365 "-" "Mozilla/5.0 AppleWebKit/537.36 (KHTML, like Gecko; compatible; ClaudeBot/1.0; +claudebot@anthropic.com)"
51.222.168.61 - - [30/Jun/2026:02:10:24 -0700] "GET /item/738514420.phtml HTTP/2.0" 404 6364 "-" "Mozilla/5.0 (compatible; AhrefsBot/7.0; +http://ahrefs.com/robot/)"
216.73.216.209 - - [30/Jun/2026:02:10:46 -0700] "GET /item/3283697056.phtml HTTP/2.0" 404 6364 "-" "Mozilla/5.0 AppleWebKit/537.36 (KHTML, like Gecko; compatible; ClaudeBot/1.0; +claudebot@anthropic.com)"
142.44.228.249 - - [30/Jun/2026:02:11:02 -0700] "GET /item/2919331786.phtml HTTP/2.0" 404 6365 "-" "Mozilla/5.0 (compatible; AhrefsBot/7.0; +http://ahrefs.com/robot/)"
216.73.216.209 - - [30/Jun/2026:02:11:08 -0700] "GET /item/1581199138.phtml HTTP/2.0" 404 6365 "-" "Mozilla/5.0 AppleWebKit/537.36 (KHTML, like Gecko; compatible; ClaudeBot/1.0; +claudebot@anthropic.com)"
216.73.216.209 - - [30/Jun/2026:02:11:32 -0700] "GET /item/2214404352.phtml HTTP/2.0" 404 6364 "-" "Mozilla/5.0 AppleWebKit/537.36 (KHTML, like Gecko; compatible; ClaudeBot/1.0; +claudebot@anthropic.com)"
216.73.216.209 - - [30/Jun/2026:02:11:39 -0700] "GET /item/4028136231.phtml HTTP/2.0" 404 6247 "-" "Mozilla/5.0 AppleWebKit/537.36 (KHTML, like Gecko; compatible; ClaudeBot/1.0; +claudebot@anthropic.com)"
216.73.216.209 - - [30/Jun/2026:02:11:46 -0700] "GET /item/1734518922.phtml HTTP/2.0" 404 6247 "-" "Mozilla/5.0 AppleWebKit/537.36 (KHTML, like Gecko; compatible; ClaudeBot/1.0; +claudebot@anthropic.com)"
54.39.0.104 - - [30/Jun/2026:02:11:48 -0700] "GET /item/1309173521.phtml HTTP/2.0" 404 6365 "-" "Mozilla/5.0 (compatible; AhrefsBot/7.0; +http://ahrefs.com/robot/)"
216.73.216.209 - - [30/Jun/2026:02:11:53 -0700] "GET /item/1752778134.phtml HTTP/2.0" 404 6247 "-" "Mozilla/5.0 AppleWebKit/537.36 (KHTML, like Gecko; compatible; ClaudeBot/1.0; +claudebot@anthropic.com)"
216.73.216.209 - - [30/Jun/2026:02:12:00 -0700] "GET /item/32374871.phtml HTTP/2.0" 404 6247 "-" "Mozilla/5.0 AppleWebKit/537.36 (KHTML, like Gecko; compatible; ClaudeBot/1.0; +claudebot@anthropic.com)"
216.73.216.209 - - [30/Jun/2026:02:12:03 -0700] "GET /item/4076597871.phtml HTTP/2.0" 404 6364 "-" "Mozilla/5.0 AppleWebKit/537.36 (KHTML, like Gecko; compatible; ClaudeBot/1.0; +claudebot@anthropic.com)"
216.73.216.209 - - [30/Jun/2026:02:12:14 -0700] "GET /item/2010055458.phtml HTTP/2.0" 404 6364 "-" "Mozilla/5.0 AppleWebKit/537.36 (KHTML, like Gecko; compatible; ClaudeBot/1.0; +claudebot@anthropic.com)"
216.73.216.209 - - [30/Jun/2026:02:12:21 -0700] "GET /item/282932770.phtml HTTP/2.0" 404 6247 "-" "Mozilla/5.0 AppleWebKit/537.36 (KHTML, like Gecko; compatible; ClaudeBot/1.0; +claudebot@anthropic.com)"
216.73.216.209 - - [30/Jun/2026:02:12:29 -0700] "GET /item/4293965670.phtml HTTP/2.0" 404 6364 "-" "Mozilla/5.0 AppleWebKit/537.36 (KHTML, like Gecko; compatible; ClaudeBot/1.0; +claudebot@anthropic.com)"
170.78.119.55 - - [30/Jun/2026:02:12:31 -0700] "GET /index.php?MOVE_DISP=EXPLANATION&point%2Fpoint-up-introduction%3Fscreen_id=1 HTTP/1.1" 200 16491 "-" "Mozilla/5.0 (Windows NT 10.0; Win64; x64) AppleWebKit/537.36 (KHTML, like Gecko) Chrome/80.0.3987.132 Safari/537.36"
216.73.216.209 - - [30/Jun/2026:02:12:36 -0700] "GET /item/808691304.phtml HTTP/2.0" 404 6247 "-" "Mozilla/5.0 AppleWebKit/537.36 (KHTML, like Gecko; compatible; ClaudeBot/1.0; +claudebot@anthropic.com)"
216.73.216.209 - - [30/Jun/2026:02:12:43 -0700] "GET /item/3203601528.phtml HTTP/2.0" 404 6247 "-" "Mozilla/5.0 AppleWebKit/537.36 (KHTML, like Gecko; compatible; ClaudeBot/1.0; +claudebot@anthropic.com)"
142.44.228.216 - - [30/Jun/2026:02:12:43 -0700] "GET /item/227114535.phtml HTTP/2.0" 404 6364 "-" "Mozilla/5.0 (compatible; AhrefsBot/7.0; +http://ahrefs.com/robot/)"
216.73.216.209 - - [30/Jun/2026:02:12:50 -0700] "GET /item/437343141.phtml HTTP/2.0" 404 6247 "-" "Mozilla/5.0 AppleWebKit/537.36 (KHTML, like Gecko; compatible; ClaudeBot/1.0; +claudebot@anthropic.com)"
216.73.216.209 - - [30/Jun/2026:02:12:57 -0700] "GET /item/434492887.phtml HTTP/2.0" 404 6247 "-" "Mozilla/5.0 AppleWebKit/537.36 (KHTML, like Gecko; compatible; ClaudeBot/1.0; +claudebot@anthropic.com)"
216.73.216.209 - - [30/Jun/2026:02:13:01 -0700] "GET /item/1387394397.phtml HTTP/2.0" 404 6365 "-" "Mozilla/5.0 AppleWebKit/537.36 (KHTML, like Gecko; compatible; ClaudeBot/1.0; +claudebot@anthropic.com)"
216.73.216.209 - - [30/Jun/2026:02:13:08 -0700] "GET /item/3266046694.phtml HTTP/2.0" 404 6247 "-" "Mozilla/5.0 AppleWebKit/537.36 (KHTML, like Gecko; compatible; ClaudeBot/1.0; +claudebot@anthropic.com)"
37.238.214.4 - - [30/Jun/2026:02:13:10 -0700] "GET /index.php?CPPR=1&FGC=0&FPC=0&FTA=0&SFL_DF=0&SGC=0&STA=0&category%2F0%2F1%2F019%2F019014%2F%3FSPC=0 HTTP/1.1" 200 16498 "-" "Mozilla/5.0 (Macintosh; Intel Mac OS X 10_15_4) AppleWebKit/537.36 (KHTML, like Gecko) Brave Chrome/87.0.4280.101 Safari/537.36"
216.73.216.209 - - [30/Jun/2026:02:13:15 -0700] "GET /item/646363789.phtml HTTP/2.0" 404 6247 "-" "Mozilla/5.0 AppleWebKit/537.36 (KHTML, like Gecko; compatible; ClaudeBot/1.0; +claudebot@anthropic.com)"
216.73.216.209 - - [30/Jun/2026:02:13:22 -0700] "GET /item/840104810.phtml HTTP/2.0" 404 6247 "-" "Mozilla/5.0 AppleWebKit/537.36 (KHTML, like Gecko; compatible; ClaudeBot/1.0; +claudebot@anthropic.com)"
216.73.216.209 - - [30/Jun/2026:02:13:29 -0700] "GET /item/68283802.phtml HTTP/2.0" 404 6247 "-" "Mozilla/5.0 AppleWebKit/537.36 (KHTML, like Gecko; compatible; ClaudeBot/1.0; +claudebot@anthropic.com)"
216.73.216.209 - - [30/Jun/2026:02:13:32 -0700] "GET /item/2189741020.phtml HTTP/2.0" 404 6364 "-" "Mozilla/5.0 AppleWebKit/537.36 (KHTML, like Gecko; compatible; ClaudeBot/1.0; +claudebot@anthropic.com)"
216.73.216.209 - - [30/Jun/2026:02:13:39 -0700] "GET /item/4069584869.phtml HTTP/2.0" 404 6247 "-" "Mozilla/5.0 AppleWebKit/537.36 (KHTML, like Gecko; compatible; ClaudeBot/1.0; +claudebot@anthropic.com)"
216.73.216.209 - - [30/Jun/2026:02:13:46 -0700] "GET /item/3326274341.phtml HTTP/2.0" 404 6247 "-" "Mozilla/5.0 AppleWebKit/537.36 (KHTML, like Gecko; compatible; ClaudeBot/1.0; +claudebot@anthropic.com)"
54.39.89.22 - - [30/Jun/2026:02:13:49 -0700] "GET /item/203613252.phtml HTTP/2.0" 404 6365 "-" "Mozilla/5.0 (compatible; AhrefsBot/7.0; +http://ahrefs.com/robot/)"
216.73.216.209 - - [30/Jun/2026:02:13:53 -0700] "GET /item/610197956.phtml HTTP/2.0" 404 6247 "-" "Mozilla/5.0 AppleWebKit/537.36 (KHTML, like Gecko; compatible; ClaudeBot/1.0; +claudebot@anthropic.com)"
216.73.216.209 - - [30/Jun/2026:02:14:00 -0700] "GET /item/112674720.phtml HTTP/2.0" 404 6247 "-" "Mozilla/5.0 AppleWebKit/537.36 (KHTML, like Gecko; compatible; ClaudeBot/1.0; +claudebot@anthropic.com)"
216.73.216.209 - - [30/Jun/2026:02:14:06 -0700] "GET /item/2369996174.phtml HTTP/2.0" 404 6364 "-" "Mozilla/5.0 AppleWebKit/537.36 (KHTML, like Gecko; compatible; ClaudeBot/1.0; +claudebot@anthropic.com)"
216.73.216.209 - - [30/Jun/2026:02:14:13 -0700] "GET /item/3963502636.phtml HTTP/2.0" 404 6247 "-" "Mozilla/5.0 AppleWebKit/537.36 (KHTML, like Gecko; compatible; ClaudeBot/1.0; +claudebot@anthropic.com)"
216.73.216.209 - - [30/Jun/2026:02:14:20 -0700] "GET /item/4241017006.phtml HTTP/2.0" 404 6247 "-" "Mozilla/5.0 AppleWebKit/537.36 (KHTML, like Gecko; compatible; ClaudeBot/1.0; +claudebot@anthropic.com)"
216.73.216.209 - - [30/Jun/2026:02:14:27 -0700] "GET /item/1157701116.phtml HTTP/2.0" 404 6247 "-" "Mozilla/5.0 AppleWebKit/537.36 (KHTML, like Gecko; compatible; ClaudeBot/1.0; +claudebot@anthropic.com)"
216.73.216.209 - - [30/Jun/2026:02:14:34 -0700] "GET /item/486507388.phtml HTTP/2.0" 404 6247 "-" "Mozilla/5.0 AppleWebKit/537.36 (KHTML, like Gecko; compatible; ClaudeBot/1.0; +claudebot@anthropic.com)"
216.73.216.209 - - [30/Jun/2026:02:14:38 -0700] "GET /item/2373367216.phtml HTTP/2.0" 404 6364 "-" "Mozilla/5.0 AppleWebKit/537.36 (KHTML, like Gecko; compatible; ClaudeBot/1.0; +claudebot@anthropic.com)"
148.113.130.166 - - [30/Jun/2026:02:14:40 -0700] "GET /item/1922114458.phtml HTTP/2.0" 404 6365 "-" "Mozilla/5.0 (compatible; AhrefsBot/7.0; +http://ahrefs.com/robot/)"
216.73.216.209 - - [30/Jun/2026:02:14:44 -0700] "GET /item/2716724318.phtml HTTP/2.0" 404 6364 "-" "Mozilla/5.0 AppleWebKit/537.36 (KHTML, like Gecko; compatible; ClaudeBot/1.0; +claudebot@anthropic.com)"
216.73.216.209 - - [30/Jun/2026:02:14:51 -0700] "GET /item/2859285246.phtml HTTP/2.0" 404 6247 "-" "Mozilla/5.0 AppleWebKit/537.36 (KHTML, like Gecko; compatible; ClaudeBot/1.0; +claudebot@anthropic.com)"
216.73.216.209 - - [30/Jun/2026:02:14:58 -0700] "GET /item/2465227490.phtml HTTP/2.0" 404 6247 "-" "Mozilla/5.0 AppleWebKit/537.36 (KHTML, like Gecko; compatible; ClaudeBot/1.0; +claudebot@anthropic.com)"
216.73.216.209 - - [30/Jun/2026:02:15:05 -0700] "GET /item/2296312303.phtml HTTP/2.0" 404 6247 "-" "Mozilla/5.0 AppleWebKit/537.36 (KHTML, like Gecko; compatible; ClaudeBot/1.0; +claudebot@anthropic.com)"
216.73.216.209 - - [30/Jun/2026:02:15:12 -0700] "GET /item/775205944.phtml HTTP/2.0" 404 6247 "-" "Mozilla/5.0 AppleWebKit/537.36 (KHTML, like Gecko; compatible; ClaudeBot/1.0; +claudebot@anthropic.com)"
216.73.216.209 - - [30/Jun/2026:02:15:15 -0700] "GET /item/2352295778.phtml HTTP/2.0" 404 6365 "-" "Mozilla/5.0 AppleWebKit/537.36 (KHTML, like Gecko; compatible; ClaudeBot/1.0; +claudebot@anthropic.com)"
216.73.216.209 - - [30/Jun/2026:02:15:22 -0700] "GET /item/1020196441.phtml HTTP/2.0" 404 6301 "-" "Mozilla/5.0 AppleWebKit/537.36 (KHTML, like Gecko; compatible; ClaudeBot/1.0; +claudebot@anthropic.com)"
216.73.216.209 - - [30/Jun/2026:02:15:29 -0700] "GET /item/252040762.phtml HTTP/2.0" 404 6247 "-" "Mozilla/5.0 AppleWebKit/537.36 (KHTML, like Gecko; compatible; ClaudeBot/1.0; +claudebot@anthropic.com)"
216.73.216.209 - - [30/Jun/2026:02:15:36 -0700] "GET /item/4033153797.phtml HTTP/2.0" 404 6247 "-" "Mozilla/5.0 AppleWebKit/537.36 (KHTML, like Gecko; compatible; ClaudeBot/1.0; +claudebot@anthropic.com)"
54.39.136.153 - - [30/Jun/2026:02:15:37 -0700] "GET /item/345403508.phtml HTTP/2.0" 404 6365 "-" "Mozilla/5.0 (compatible; AhrefsBot/7.0; +http://ahrefs.com/robot/)"
216.73.216.209 - - [30/Jun/2026:02:15:43 -0700] "GET /item/719651263.phtml HTTP/2.0" 404 6247 "-" "Mozilla/5.0 AppleWebKit/537.36 (KHTML, like Gecko; compatible; ClaudeBot/1.0; +claudebot@anthropic.com)"
216.73.216.209 - - [30/Jun/2026:02:15:46 -0700] "GET /item/82791150.phtml HTTP/2.0" 404 6365 "-" "Mozilla/5.0 AppleWebKit/537.36 (KHTML, like Gecko; compatible; ClaudeBot/1.0; +claudebot@anthropic.com)"
193.106.51.252 - - [30/Jun/2026:02:15:50 -0700] "GET /index.php?CPPR=1&FGC=0&FPC=0&FTA=0&SFL_DF=0&SGC=0&STA=0&category%2F0%2F1%2F014%2F014001%2F%3FSPC=0 HTTP/1.1" 200 16501 "-" "Mozilla/5.0 (Windows NT 6.1; Win64; x64) AppleWebKit/537.36 (KHTML, like Gecko) Chrome/75.0.3770.142 Safari/537.36"
216.73.216.209 - - [30/Jun/2026:02:15:53 -0700] "GET /item/3368198359.phtml HTTP/2.0" 404 6247 "-" "Mozilla/5.0 AppleWebKit/537.36 (KHTML, like Gecko; compatible; ClaudeBot/1.0; +claudebot@anthropic.com)"
216.73.216.209 - - [30/Jun/2026:02:16:06 -0700] "GET /item/962564694.phtml HTTP/2.0" 404 6301 "-" "Mozilla/5.0 AppleWebKit/537.36 (KHTML, like Gecko; compatible; ClaudeBot/1.0; +claudebot@anthropic.com)"
216.73.216.209 - - [30/Jun/2026:02:16:13 -0700] "GET /item/4151065047.phtml HTTP/2.0" 404 6247 "-" "Mozilla/5.0 AppleWebKit/537.36 (KHTML, like Gecko; compatible; ClaudeBot/1.0; +claudebot@anthropic.com)"
216.73.216.209 - - [30/Jun/2026:02:16:20 -0700] "GET /item/523885288.phtml HTTP/2.0" 404 6247 "-" "Mozilla/5.0 AppleWebKit/537.36 (KHTML, like Gecko; compatible; ClaudeBot/1.0; +claudebot@anthropic.com)"
51.161.37.207 - - [30/Jun/2026:02:16:21 -0700] "GET /item/2312569443.phtml HTTP/2.0" 404 6364 "-" "Mozilla/5.0 (compatible; AhrefsBot/7.0; +http://ahrefs.com/robot/)"
216.73.216.209 - - [30/Jun/2026:02:16:27 -0700] "GET /item/3029934046.phtml HTTP/2.0" 404 6247 "-" "Mozilla/5.0 AppleWebKit/537.36 (KHTML, like Gecko; compatible; ClaudeBot/1.0; +claudebot@anthropic.com)"
216.73.216.209 - - [30/Jun/2026:02:16:34 -0700] "GET /item/378723990.phtml HTTP/2.0" 404 6247 "-" "Mozilla/5.0 AppleWebKit/537.36 (KHTML, like Gecko; compatible; ClaudeBot/1.0; +claudebot@anthropic.com)"
216.73.216.209 - - [30/Jun/2026:02:16:37 -0700] "GET /item/1125037105.phtml HTTP/2.0" 404 6364 "-" "Mozilla/5.0 AppleWebKit/537.36 (KHTML, like Gecko; compatible; ClaudeBot/1.0; +claudebot@anthropic.com)"
216.73.216.209 - - [30/Jun/2026:02:16:43 -0700] "GET /item/630057311.phtml HTTP/2.0" 404 6247 "-" "Mozilla/5.0 AppleWebKit/537.36 (KHTML, like Gecko; compatible; ClaudeBot/1.0; +claudebot@anthropic.com)"
216.73.216.209 - - [30/Jun/2026:02:16:50 -0700] "GET /item/2879573347.phtml HTTP/2.0" 404 6247 "-" "Mozilla/5.0 AppleWebKit/537.36 (KHTML, like Gecko; compatible; ClaudeBot/1.0; +claudebot@anthropic.com)"
216.73.216.209 - - [30/Jun/2026:02:16:57 -0700] "GET /item/3413801376.phtml HTTP/2.0" 404 6301 "-" "Mozilla/5.0 AppleWebKit/537.36 (KHTML, like Gecko; compatible; ClaudeBot/1.0; +claudebot@anthropic.com)"
216.73.216.209 - - [30/Jun/2026:02:17:04 -0700] "GET /item/3832230620.phtml HTTP/2.0" 404 6247 "-" "Mozilla/5.0 AppleWebKit/537.36 (KHTML, like Gecko; compatible; ClaudeBot/1.0; +claudebot@anthropic.com)"
216.73.216.209 - - [30/Jun/2026:02:17:11 -0700] "GET /item/3271064260.phtml HTTP/2.0" 404 6247 "-" "Mozilla/5.0 AppleWebKit/537.36 (KHTML, like Gecko; compatible; ClaudeBot/1.0; +claudebot@anthropic.com)"
167.114.139.209 - - [30/Jun/2026:02:17:13 -0700] "GET /item/4158927964.phtml HTTP/2.0" 404 6365 "-" "Mozilla/5.0 (compatible; AhrefsBot/7.0; +http://ahrefs.com/robot/)"
216.73.216.209 - - [30/Jun/2026:02:17:19 -0700] "GET /item/3817000002.phtml HTTP/2.0" 404 6247 "-" "Mozilla/5.0 AppleWebKit/537.36 (KHTML, like Gecko; compatible; ClaudeBot/1.0; +claudebot@anthropic.com)"
14.254.192.99 - - [30/Jun/2026:02:17:22 -0700] "GET /index.php?Condition=%E3%83%95%E3%82%A1%E3%82%A4%E3%83%AB&ListRoot=directKeyword&categoryshop%2Foffice%2Fsitemap%2FPageManager.jsp%3FFRM=1 HTTP/1.1" 200 16523 "-" "Mozilla/5.0 (Macintosh; Intel Mac OS X 10_14_6) AppleWebKit/537.36 (KHTML, like Gecko) Brave Chrome/78.0.3904.108 Safari/537.36"
