216.73.216.209 - - [30/Jun/2026:13:40:35 -0700] "GET /item/3710059259.phtml HTTP/2.0" 429 352 "-" "Mozilla/5.0 AppleWebKit/537.36 (KHTML, like Gecko; compatible; ClaudeBot/1.0; +claudebot@anthropic.com)"
216.73.216.209 - - [30/Jun/2026:13:40:40 -0700] "GET /item/182729106.phtml HTTP/2.0" 429 279 "-" "Mozilla/5.0 AppleWebKit/537.36 (KHTML, like Gecko; compatible; ClaudeBot/1.0; +claudebot@anthropic.com)"
216.73.216.209 - - [30/Jun/2026:13:40:46 -0700] "GET /item/1328913200.phtml HTTP/2.0" 429 352 "-" "Mozilla/5.0 AppleWebKit/537.36 (KHTML, like Gecko; compatible; ClaudeBot/1.0; +claudebot@anthropic.com)"
216.73.216.209 - - [30/Jun/2026:13:40:50 -0700] "GET /item/2857427764.phtml HTTP/2.0" 429 279 "-" "Mozilla/5.0 AppleWebKit/537.36 (KHTML, like Gecko; compatible; ClaudeBot/1.0; +claudebot@anthropic.com)"
51.68.111.238 - - [30/Jun/2026:13:40:54 -0700] "GET /robots.txt HTTP/1.1" 200 3877 "-" "Mozilla/5.0 (compatible; MJ12bot/v2.0.5; http://mj12bot.com/)"
216.73.216.209 - - [30/Jun/2026:13:40:56 -0700] "GET /item/1965796863.phtml HTTP/2.0" 429 352 "-" "Mozilla/5.0 AppleWebKit/537.36 (KHTML, like Gecko; compatible; ClaudeBot/1.0; +claudebot@anthropic.com)"
51.68.111.238 - - [30/Jun/2026:13:40:54 -0700] "GET / HTTP/1.1" 200 13063 "-" "Mozilla/5.0 (compatible; MJ12bot/v2.0.5; http://mj12bot.com/)"
216.73.216.209 - - [30/Jun/2026:13:41:00 -0700] "GET /item/2298905655.phtml HTTP/2.0" 429 279 "-" "Mozilla/5.0 AppleWebKit/537.36 (KHTML, like Gecko; compatible; ClaudeBot/1.0; +claudebot@anthropic.com)"
216.73.216.209 - - [30/Jun/2026:13:41:05 -0700] "GET /item/284144853.phtml HTTP/2.0" 429 279 "-" "Mozilla/5.0 AppleWebKit/537.36 (KHTML, like Gecko; compatible; ClaudeBot/1.0; +claudebot@anthropic.com)"
216.73.216.209 - - [30/Jun/2026:13:41:13 -0700] "GET /item/4089847417.phtml HTTP/2.0" 429 352 "-" "Mozilla/5.0 AppleWebKit/537.36 (KHTML, like Gecko; compatible; ClaudeBot/1.0; +claudebot@anthropic.com)"
216.73.216.209 - - [30/Jun/2026:13:41:18 -0700] "GET /item/2536455947.phtml HTTP/2.0" 429 279 "-" "Mozilla/5.0 AppleWebKit/537.36 (KHTML, like Gecko; compatible; ClaudeBot/1.0; +claudebot@anthropic.com)"
216.73.216.209 - - [30/Jun/2026:13:41:23 -0700] "GET /item/3855895426.phtml HTTP/2.0" 429 352 "-" "Mozilla/5.0 AppleWebKit/537.36 (KHTML, like Gecko; compatible; ClaudeBot/1.0; +claudebot@anthropic.com)"
216.73.216.209 - - [30/Jun/2026:13:41:28 -0700] "GET /item/3534821655.phtml HTTP/2.0" 429 279 "-" "Mozilla/5.0 AppleWebKit/537.36 (KHTML, like Gecko; compatible; ClaudeBot/1.0; +claudebot@anthropic.com)"
216.73.216.209 - - [30/Jun/2026:13:41:33 -0700] "GET /item/1793935964.phtml HTTP/2.0" 429 352 "-" "Mozilla/5.0 AppleWebKit/537.36 (KHTML, like Gecko; compatible; ClaudeBot/1.0; +claudebot@anthropic.com)"
216.73.216.209 - - [30/Jun/2026:13:41:38 -0700] "GET /item/3107164941.phtml HTTP/2.0" 429 279 "-" "Mozilla/5.0 AppleWebKit/537.36 (KHTML, like Gecko; compatible; ClaudeBot/1.0; +claudebot@anthropic.com)"
216.73.216.209 - - [30/Jun/2026:13:41:43 -0700] "GET /item/3724990099.phtml HTTP/2.0" 429 279 "-" "Mozilla/5.0 AppleWebKit/537.36 (KHTML, like Gecko; compatible; ClaudeBot/1.0; +claudebot@anthropic.com)"
216.73.216.209 - - [30/Jun/2026:13:41:48 -0700] "GET /item/3157967327.phtml HTTP/2.0" 429 279 "-" "Mozilla/5.0 AppleWebKit/537.36 (KHTML, like Gecko; compatible; ClaudeBot/1.0; +claudebot@anthropic.com)"
216.73.216.209 - - [30/Jun/2026:13:41:53 -0700] "GET /item/3244506077.phtml HTTP/2.0" 429 352 "-" "Mozilla/5.0 AppleWebKit/537.36 (KHTML, like Gecko; compatible; ClaudeBot/1.0; +claudebot@anthropic.com)"
216.73.216.209 - - [30/Jun/2026:13:41:58 -0700] "GET /item/2563711626.phtml HTTP/2.0" 429 279 "-" "Mozilla/5.0 AppleWebKit/537.36 (KHTML, like Gecko; compatible; ClaudeBot/1.0; +claudebot@anthropic.com)"
216.73.216.209 - - [30/Jun/2026:13:42:04 -0700] "GET /item/1131404708.phtml HTTP/2.0" 429 352 "-" "Mozilla/5.0 AppleWebKit/537.36 (KHTML, like Gecko; compatible; ClaudeBot/1.0; +claudebot@anthropic.com)"
216.73.216.209 - - [30/Jun/2026:13:42:08 -0700] "GET /item/1279504732.phtml HTTP/2.0" 429 279 "-" "Mozilla/5.0 AppleWebKit/537.36 (KHTML, like Gecko; compatible; ClaudeBot/1.0; +claudebot@anthropic.com)"
216.73.216.209 - - [30/Jun/2026:13:42:14 -0700] "GET /item/4252136920.phtml HTTP/2.0" 429 352 "-" "Mozilla/5.0 AppleWebKit/537.36 (KHTML, like Gecko; compatible; ClaudeBot/1.0; +claudebot@anthropic.com)"
216.73.216.209 - - [30/Jun/2026:13:42:19 -0700] "GET /item/1415711400.phtml HTTP/2.0" 429 352 "-" "Mozilla/5.0 AppleWebKit/537.36 (KHTML, like Gecko; compatible; ClaudeBot/1.0; +claudebot@anthropic.com)"
216.73.216.209 - - [30/Jun/2026:13:42:24 -0700] "GET /item/3251346135.phtml HTTP/2.0" 429 279 "-" "Mozilla/5.0 AppleWebKit/537.36 (KHTML, like Gecko; compatible; ClaudeBot/1.0; +claudebot@anthropic.com)"
216.73.216.209 - - [30/Jun/2026:13:42:29 -0700] "GET /item/3659950718.phtml HTTP/2.0" 429 352 "-" "Mozilla/5.0 AppleWebKit/537.36 (KHTML, like Gecko; compatible; ClaudeBot/1.0; +claudebot@anthropic.com)"
216.73.216.209 - - [30/Jun/2026:13:42:34 -0700] "GET /item/1285392315.phtml HTTP/2.0" 429 279 "-" "Mozilla/5.0 AppleWebKit/537.36 (KHTML, like Gecko; compatible; ClaudeBot/1.0; +claudebot@anthropic.com)"
216.73.216.209 - - [30/Jun/2026:13:42:39 -0700] "GET /item/2777786062.phtml HTTP/2.0" 429 279 "-" "Mozilla/5.0 AppleWebKit/537.36 (KHTML, like Gecko; compatible; ClaudeBot/1.0; +claudebot@anthropic.com)"
216.73.216.209 - - [30/Jun/2026:13:42:44 -0700] "GET /item/4255600321.phtml HTTP/2.0" 429 279 "-" "Mozilla/5.0 AppleWebKit/537.36 (KHTML, like Gecko; compatible; ClaudeBot/1.0; +claudebot@anthropic.com)"
15.235.27.111 - - [30/Jun/2026:13:42:43 -0700] "GET /item/962933265.phtml HTTP/2.0" 404 6365 "-" "Mozilla/5.0 (compatible; AhrefsBot/7.0; +http://ahrefs.com/robot/)"
216.73.216.209 - - [30/Jun/2026:13:42:49 -0700] "GET /item/1639466122.phtml HTTP/2.0" 429 279 "-" "Mozilla/5.0 AppleWebKit/537.36 (KHTML, like Gecko; compatible; ClaudeBot/1.0; +claudebot@anthropic.com)"
216.73.216.209 - - [30/Jun/2026:13:42:54 -0700] "GET /item/3644856323.phtml HTTP/2.0" 429 279 "-" "Mozilla/5.0 AppleWebKit/537.36 (KHTML, like Gecko; compatible; ClaudeBot/1.0; +claudebot@anthropic.com)"
216.73.216.209 - - [30/Jun/2026:13:43:00 -0700] "GET /item/3089128110.phtml HTTP/2.0" 429 352 "-" "Mozilla/5.0 AppleWebKit/537.36 (KHTML, like Gecko; compatible; ClaudeBot/1.0; +claudebot@anthropic.com)"
216.73.216.209 - - [30/Jun/2026:13:43:04 -0700] "GET /item/3895325796.phtml HTTP/2.0" 429 279 "-" "Mozilla/5.0 AppleWebKit/537.36 (KHTML, like Gecko; compatible; ClaudeBot/1.0; +claudebot@anthropic.com)"
216.73.216.209 - - [30/Jun/2026:13:43:09 -0700] "GET /item/917562932.phtml HTTP/2.0" 429 279 "-" "Mozilla/5.0 AppleWebKit/537.36 (KHTML, like Gecko; compatible; ClaudeBot/1.0; +claudebot@anthropic.com)"
216.73.216.209 - - [30/Jun/2026:13:43:16 -0700] "GET /item/1387230858.phtml HTTP/2.0" 429 352 "-" "Mozilla/5.0 AppleWebKit/537.36 (KHTML, like Gecko; compatible; ClaudeBot/1.0; +claudebot@anthropic.com)"
216.73.216.209 - - [30/Jun/2026:13:43:21 -0700] "GET /item/631269410.phtml HTTP/2.0" 429 279 "-" "Mozilla/5.0 AppleWebKit/537.36 (KHTML, like Gecko; compatible; ClaudeBot/1.0; +claudebot@anthropic.com)"
216.73.216.209 - - [30/Jun/2026:13:43:26 -0700] "GET /item/723594684.phtml HTTP/2.0" 429 279 "-" "Mozilla/5.0 AppleWebKit/537.36 (KHTML, like Gecko; compatible; ClaudeBot/1.0; +claudebot@anthropic.com)"
216.73.216.209 - - [30/Jun/2026:13:43:31 -0700] "GET /item/3709921289.phtml HTTP/2.0" 429 279 "-" "Mozilla/5.0 AppleWebKit/537.36 (KHTML, like Gecko; compatible; ClaudeBot/1.0; +claudebot@anthropic.com)"
54.39.203.204 - - [30/Jun/2026:13:43:29 -0700] "GET /item/297977811.phtml HTTP/2.0" 404 6365 "-" "Mozilla/5.0 (compatible; AhrefsBot/7.0; +http://ahrefs.com/robot/)"
66.249.74.109 - - [30/Jun/2026:13:43:29 -0700] "GET /index.php?item/2897243213.phtml HTTP/1.1" 200 82652 "-" "Mozilla/5.0 (Linux; Android 6.0.1; Nexus 5X Build/MMB29P) AppleWebKit/537.36 (KHTML, like Gecko) Chrome/149.0.7827.200 Mobile Safari/537.36 (compatible; Googlebot/2.1; +http://www.google.com/bot.html)"
216.73.216.209 - - [30/Jun/2026:13:43:37 -0700] "GET /item/2503651767.phtml HTTP/2.0" 429 352 "-" "Mozilla/5.0 AppleWebKit/537.36 (KHTML, like Gecko; compatible; ClaudeBot/1.0; +claudebot@anthropic.com)"
216.73.216.209 - - [30/Jun/2026:13:43:43 -0700] "GET /item/1488835351.phtml HTTP/2.0" 429 352 "-" "Mozilla/5.0 AppleWebKit/537.36 (KHTML, like Gecko; compatible; ClaudeBot/1.0; +claudebot@anthropic.com)"
216.73.216.209 - - [30/Jun/2026:13:43:47 -0700] "GET /item/3094241321.phtml HTTP/2.0" 429 279 "-" "Mozilla/5.0 AppleWebKit/537.36 (KHTML, like Gecko; compatible; ClaudeBot/1.0; +claudebot@anthropic.com)"
216.73.216.209 - - [30/Jun/2026:13:43:52 -0700] "GET /item/1871178881.phtml HTTP/2.0" 429 352 "-" "Mozilla/5.0 AppleWebKit/537.36 (KHTML, like Gecko; compatible; ClaudeBot/1.0; +claudebot@anthropic.com)"
216.73.216.209 - - [30/Jun/2026:13:43:57 -0700] "GET /item/3521127379.phtml HTTP/2.0" 429 279 "-" "Mozilla/5.0 AppleWebKit/537.36 (KHTML, like Gecko; compatible; ClaudeBot/1.0; +claudebot@anthropic.com)"
216.73.216.209 - - [30/Jun/2026:13:44:02 -0700] "GET /item/1169691047.phtml HTTP/2.0" 429 352 "-" "Mozilla/5.0 AppleWebKit/537.36 (KHTML, like Gecko; compatible; ClaudeBot/1.0; +claudebot@anthropic.com)"
216.73.216.209 - - [30/Jun/2026:13:44:07 -0700] "GET /item/2613110721.phtml HTTP/2.0" 429 279 "-" "Mozilla/5.0 AppleWebKit/537.36 (KHTML, like Gecko; compatible; ClaudeBot/1.0; +claudebot@anthropic.com)"
216.73.216.209 - - [30/Jun/2026:13:44:12 -0700] "GET /item/3037340836.phtml HTTP/2.0" 429 352 "-" "Mozilla/5.0 AppleWebKit/537.36 (KHTML, like Gecko; compatible; ClaudeBot/1.0; +claudebot@anthropic.com)"
216.73.216.209 - - [30/Jun/2026:13:44:17 -0700] "GET /item/1529855227.phtml HTTP/2.0" 429 279 "-" "Mozilla/5.0 AppleWebKit/537.36 (KHTML, like Gecko; compatible; ClaudeBot/1.0; +claudebot@anthropic.com)"
216.73.216.209 - - [30/Jun/2026:13:44:22 -0700] "GET /item/3808879107.phtml HTTP/2.0" 429 279 "-" "Mozilla/5.0 AppleWebKit/537.36 (KHTML, like Gecko; compatible; ClaudeBot/1.0; +claudebot@anthropic.com)"
51.222.95.59 - - [30/Jun/2026:13:44:25 -0700] "GET /item/465511745.phtml HTTP/2.0" 404 6365 "-" "Mozilla/5.0 (compatible; AhrefsBot/7.0; +http://ahrefs.com/robot/)"
216.73.216.209 - - [30/Jun/2026:13:44:29 -0700] "GET /item/2913845027.phtml HTTP/2.0" 429 352 "-" "Mozilla/5.0 AppleWebKit/537.36 (KHTML, like Gecko; compatible; ClaudeBot/1.0; +claudebot@anthropic.com)"
216.73.216.209 - - [30/Jun/2026:13:44:34 -0700] "GET /item/401995398.phtml HTTP/2.0" 429 279 "-" "Mozilla/5.0 AppleWebKit/537.36 (KHTML, like Gecko; compatible; ClaudeBot/1.0; +claudebot@anthropic.com)"
178.20.47.39 - - [30/Jun/2026:13:44:37 -0700] "GET / HTTP/1.0" 429 3609 "https://www.musicpassiondjs.gr/" "Mozilla/5.0 (Windows NT 10.0; Win64; x64) AppleWebKit/537.36 (KHTML, like Gecko) Chrome/131.0.0.0 Safari/537.36"
216.73.216.209 - - [30/Jun/2026:13:44:39 -0700] "GET /item/359763455.phtml HTTP/2.0" 429 352 "-" "Mozilla/5.0 AppleWebKit/537.36 (KHTML, like Gecko; compatible; ClaudeBot/1.0; +claudebot@anthropic.com)"
216.73.216.209 - - [30/Jun/2026:13:44:44 -0700] "GET /item/2683583160.phtml HTTP/2.0" 429 279 "-" "Mozilla/5.0 AppleWebKit/537.36 (KHTML, like Gecko; compatible; ClaudeBot/1.0; +claudebot@anthropic.com)"
216.73.216.209 - - [30/Jun/2026:13:44:50 -0700] "GET /item/3329445940.phtml HTTP/2.0" 429 352 "-" "Mozilla/5.0 AppleWebKit/537.36 (KHTML, like Gecko; compatible; ClaudeBot/1.0; +claudebot@anthropic.com)"
216.73.216.209 - - [30/Jun/2026:13:44:54 -0700] "GET /item/3352947223.phtml HTTP/2.0" 429 279 "-" "Mozilla/5.0 AppleWebKit/537.36 (KHTML, like Gecko; compatible; ClaudeBot/1.0; +claudebot@anthropic.com)"
216.73.216.209 - - [30/Jun/2026:13:44:59 -0700] "GET /item/978792597.phtml HTTP/2.0" 429 352 "-" "Mozilla/5.0 AppleWebKit/537.36 (KHTML, like Gecko; compatible; ClaudeBot/1.0; +claudebot@anthropic.com)"
216.73.216.209 - - [30/Jun/2026:13:45:04 -0700] "GET /item/1490913261.phtml HTTP/2.0" 429 279 "-" "Mozilla/5.0 AppleWebKit/537.36 (KHTML, like Gecko; compatible; ClaudeBot/1.0; +claudebot@anthropic.com)"
216.73.216.209 - - [30/Jun/2026:13:45:09 -0700] "GET /item/2442630642.phtml HTTP/2.0" 429 352 "-" "Mozilla/5.0 AppleWebKit/537.36 (KHTML, like Gecko; compatible; ClaudeBot/1.0; +claudebot@anthropic.com)"
103.203.47.172 - - [30/Jun/2026:13:45:09 -0700] "GET /index.php?CPPR=1&FGC=0&FPC=0&FTA=0&SFL_DF=0&SGC=0&STA=0&category%2F0%2F1%2F020%2F020004%2F%3FSPC=0 HTTP/1.1" 200 16493 "-" "Mozilla/5.0 (Macintosh; Intel Mac OS X 10_15_1) AppleWebKit/537.36 (KHTML, like Gecko) Chrome/80.0.3987.122 Safari/537.36"
216.73.216.209 - - [30/Jun/2026:13:45:14 -0700] "GET /item/1372125840.phtml HTTP/2.0" 429 279 "-" "Mozilla/5.0 AppleWebKit/537.36 (KHTML, like Gecko; compatible; ClaudeBot/1.0; +claudebot@anthropic.com)"
54.39.203.159 - - [30/Jun/2026:13:45:13 -0700] "GET /item/548182453.phtml HTTP/2.0" 404 6365 "-" "Mozilla/5.0 (compatible; AhrefsBot/7.0; +http://ahrefs.com/robot/)"
216.73.216.209 - - [30/Jun/2026:13:45:19 -0700] "GET /item/2952529015.phtml HTTP/2.0" 429 279 "-" "Mozilla/5.0 AppleWebKit/537.36 (KHTML, like Gecko; compatible; ClaudeBot/1.0; +claudebot@anthropic.com)"
216.73.216.209 - - [30/Jun/2026:13:45:26 -0700] "GET /item/3524518314.phtml HTTP/2.0" 429 352 "-" "Mozilla/5.0 AppleWebKit/537.36 (KHTML, like Gecko; compatible; ClaudeBot/1.0; +claudebot@anthropic.com)"
216.73.216.209 - - [30/Jun/2026:13:45:31 -0700] "GET /item/4245381566.phtml HTTP/2.0" 429 279 "-" "Mozilla/5.0 AppleWebKit/537.36 (KHTML, like Gecko; compatible; ClaudeBot/1.0; +claudebot@anthropic.com)"
216.73.216.209 - - [30/Jun/2026:13:45:36 -0700] "GET /item/1267807473.phtml HTTP/2.0" 429 279 "-" "Mozilla/5.0 AppleWebKit/537.36 (KHTML, like Gecko; compatible; ClaudeBot/1.0; +claudebot@anthropic.com)"
216.73.216.209 - - [30/Jun/2026:13:45:41 -0700] "GET /item/2513549847.phtml HTTP/2.0" 429 279 "-" "Mozilla/5.0 AppleWebKit/537.36 (KHTML, like Gecko; compatible; ClaudeBot/1.0; +claudebot@anthropic.com)"
216.73.216.209 - - [30/Jun/2026:13:45:46 -0700] "GET /item/668517071.phtml HTTP/2.0" 429 279 "-" "Mozilla/5.0 AppleWebKit/537.36 (KHTML, like Gecko; compatible; ClaudeBot/1.0; +claudebot@anthropic.com)"
216.73.216.209 - - [30/Jun/2026:13:45:51 -0700] "GET /item/3335700870.phtml HTTP/2.0" 429 279 "-" "Mozilla/5.0 AppleWebKit/537.36 (KHTML, like Gecko; compatible; ClaudeBot/1.0; +claudebot@anthropic.com)"
216.73.216.209 - - [30/Jun/2026:13:45:56 -0700] "GET /item/2487460859.phtml HTTP/2.0" 429 279 "-" "Mozilla/5.0 AppleWebKit/537.36 (KHTML, like Gecko; compatible; ClaudeBot/1.0; +claudebot@anthropic.com)"
216.73.216.209 - - [30/Jun/2026:13:46:01 -0700] "GET /item/2889131661.phtml HTTP/2.0" 429 279 "-" "Mozilla/5.0 AppleWebKit/537.36 (KHTML, like Gecko; compatible; ClaudeBot/1.0; +claudebot@anthropic.com)"
216.73.216.209 - - [30/Jun/2026:13:46:06 -0700] "GET /item/3857924114.phtml HTTP/2.0" 429 352 "-" "Mozilla/5.0 AppleWebKit/537.36 (KHTML, like Gecko; compatible; ClaudeBot/1.0; +claudebot@anthropic.com)"
213.204.114.44 - - [30/Jun/2026:13:45:58 -0700] "GET /index.php/gallery-2/gallery-2?rCH=-2 HTTP/1.1" 301 4182 "-" "Mozilla/5.0 (Macintosh; Intel Mac OS X 11_1_0) AppleWebKit/537.36 (KHTML, like Gecko) Brave Chrome/89.0.4389.72 Safari/537.36"
34.138.2.160 - - [30/Jun/2026:13:46:08 -0700] "HEAD /wordpress/ HTTP/2.0" 429 102 "http://musicpassiondjs.gr/wordpress/" "Mozilla/5.0 (Linux; Android 14; OnePlus 12) AppleWebKit/537.36 (KHTML, like Gecko) Chrome/125.0.6422.102 Mobile Safari/537.36"
34.138.2.160 - - [30/Jun/2026:13:46:08 -0700] "HEAD /wp/ HTTP/2.0" 429 39 "http://musicpassiondjs.gr/wp/" "Mozilla/5.0 (iPhone; CPU iPhone OS 16_7 like Mac OS X) AppleWebKit/605.1.15 (KHTML, like Gecko) Version/16.7 Mobile/15E148 Safari/604.1"
34.138.2.160 - - [30/Jun/2026:13:46:08 -0700] "HEAD /blog/ HTTP/2.0" 429 15 "http://musicpassiondjs.gr/blog/" "Mozilla/5.0 (Linux; U; Android 10; en-US; CPH2015) AppleWebKit/537.36 (KHTML, like Gecko) UCBrowser/13.5.8.1311 Mobile Safari/537.36"
34.138.2.160 - - [30/Jun/2026:13:46:08 -0700] "HEAD /backup/ HTTP/2.0" 429 15 "http://musicpassiondjs.gr/backup/" "Mozilla/5.0 (Windows NT 11.0; Win64; x64) AppleWebKit/537.36 (KHTML, like Gecko) Chrome/128.0.6540.18 Safari/537.36"
34.138.2.160 - - [30/Jun/2026:13:46:08 -0700] "HEAD /new/ HTTP/2.0" 429 15 "http://musicpassiondjs.gr/new/" "Mozilla/5.0 (Windows NT 11.0; Win64; x64) AppleWebKit/537.36 (KHTML, like Gecko) Edg/128.0.2790.25 Chrome/128.0.6540.22 Safari/537.36"
34.138.2.160 - - [30/Jun/2026:13:46:08 -0700] "HEAD / HTTP/2.0" 429 15 "http://musicpassiondjs.gr/" "Mozilla/5.0 (iPhone; CPU iPhone OS 17_5 like Mac OS X) AppleWebKit/605.1.15 (KHTML, like Gecko) Version/17.5 Mobile/15E148 Safari/604.1"
34.138.2.160 - - [30/Jun/2026:13:46:08 -0700] "HEAD /old/ HTTP/2.0" 429 15 "http://musicpassiondjs.gr/old/" "Mozilla/5.0 (X11; Linux x86_64; rv:127.0) Gecko/20100101 Firefox/127.0"
216.73.216.209 - - [30/Jun/2026:13:46:11 -0700] "GET /item/2299043609.phtml HTTP/2.0" 429 352 "-" "Mozilla/5.0 AppleWebKit/537.36 (KHTML, like Gecko; compatible; ClaudeBot/1.0; +claudebot@anthropic.com)"
216.73.216.209 - - [30/Jun/2026:13:46:16 -0700] "GET /item/1934677644.phtml HTTP/2.0" 429 279 "-" "Mozilla/5.0 AppleWebKit/537.36 (KHTML, like Gecko; compatible; ClaudeBot/1.0; +claudebot@anthropic.com)"
213.204.114.44 - - [30/Jun/2026:13:46:07 -0700] "GET /index.php/gallery-2/gallery-2 HTTP/1.1" 200 9766 "-" "Mozilla/5.0 (Macintosh; Intel Mac OS X 11_1_0) AppleWebKit/537.36 (KHTML, like Gecko) Brave Chrome/89.0.4389.72 Safari/537.36"
216.73.216.209 - - [30/Jun/2026:13:46:21 -0700] "GET /item/3126684569.phtml HTTP/2.0" 429 279 "-" "Mozilla/5.0 AppleWebKit/537.36 (KHTML, like Gecko; compatible; ClaudeBot/1.0; +claudebot@anthropic.com)"
51.222.95.97 - - [30/Jun/2026:13:46:12 -0700] "GET /item/3022526396.phtml HTTP/2.0" 404 6364 "-" "Mozilla/5.0 (compatible; AhrefsBot/7.0; +http://ahrefs.com/robot/)"
216.73.216.209 - - [30/Jun/2026:13:46:26 -0700] "GET /item/3264025705.phtml HTTP/2.0" 429 279 "-" "Mozilla/5.0 AppleWebKit/537.36 (KHTML, like Gecko; compatible; ClaudeBot/1.0; +claudebot@anthropic.com)"
216.73.216.209 - - [30/Jun/2026:13:46:31 -0700] "GET /item/1541566732.phtml HTTP/2.0" 429 279 "-" "Mozilla/5.0 AppleWebKit/537.36 (KHTML, like Gecko; compatible; ClaudeBot/1.0; +claudebot@anthropic.com)"
37.239.60.138 - - [30/Jun/2026:13:46:25 -0700] "GET /index.php/gallery-2/gallery-2?rCH=-2 HTTP/1.1" 301 4182 "-" "Mozilla/5.0 (Macintosh; Intel Mac OS X 10_14_6) AppleWebKit/537.36 (KHTML, like Gecko) Chrome/88.0.4324.146 Safari/537.36"
216.73.216.209 - - [30/Jun/2026:13:46:36 -0700] "GET /item/751077590.phtml HTTP/2.0" 429 352 "-" "Mozilla/5.0 AppleWebKit/537.36 (KHTML, like Gecko; compatible; ClaudeBot/1.0; +claudebot@anthropic.com)"
37.239.60.138 - - [30/Jun/2026:13:46:32 -0700] "GET /index.php/gallery-2/gallery-2 HTTP/1.1" 200 9766 "-" "Mozilla/5.0 (Macintosh; Intel Mac OS X 10_14_6) AppleWebKit/537.36 (KHTML, like Gecko) Chrome/88.0.4324.146 Safari/537.36"
216.73.216.209 - - [30/Jun/2026:13:46:46 -0700] "GET /item/2878764457.phtml HTTP/2.0" 429 352 "-" "Mozilla/5.0 AppleWebKit/537.36 (KHTML, like Gecko; compatible; ClaudeBot/1.0; +claudebot@anthropic.com)"
216.73.216.209 - - [30/Jun/2026:13:46:51 -0700] "GET /item/2012781133.phtml HTTP/2.0" 429 279 "-" "Mozilla/5.0 AppleWebKit/537.36 (KHTML, like Gecko; compatible; ClaudeBot/1.0; +claudebot@anthropic.com)"
216.73.216.209 - - [30/Jun/2026:13:46:56 -0700] "GET /item/1200071013.phtml HTTP/2.0" 429 279 "-" "Mozilla/5.0 AppleWebKit/537.36 (KHTML, like Gecko; compatible; ClaudeBot/1.0; +claudebot@anthropic.com)"
216.73.216.209 - - [30/Jun/2026:13:47:02 -0700] "GET /item/4216101883.phtml HTTP/2.0" 429 352 "-" "Mozilla/5.0 AppleWebKit/537.36 (KHTML, like Gecko; compatible; ClaudeBot/1.0; +claudebot@anthropic.com)"
216.73.216.209 - - [30/Jun/2026:13:47:06 -0700] "GET /item/992851489.phtml HTTP/2.0" 429 279 "-" "Mozilla/5.0 AppleWebKit/537.36 (KHTML, like Gecko; compatible; ClaudeBot/1.0; +claudebot@anthropic.com)"
15.235.27.31 - - [30/Jun/2026:13:47:03 -0700] "GET /item/981500418.phtml HTTP/2.0" 404 6365 "-" "Mozilla/5.0 (compatible; AhrefsBot/7.0; +http://ahrefs.com/robot/)"
216.73.216.209 - - [30/Jun/2026:13:47:11 -0700] "GET /item/724806783.phtml HTTP/2.0" 429 279 "-" "Mozilla/5.0 AppleWebKit/537.36 (KHTML, like Gecko; compatible; ClaudeBot/1.0; +claudebot@anthropic.com)"
216.73.216.209 - - [30/Jun/2026:13:47:16 -0700] "GET /item/2676630895.phtml HTTP/2.0" 429 352 "-" "Mozilla/5.0 AppleWebKit/537.36 (KHTML, like Gecko; compatible; ClaudeBot/1.0; +claudebot@anthropic.com)"
207.46.13.9 - - [30/Jun/2026:13:47:16 -0700] "GET /index.php HTTP/2.0" 200 77736 "-" "Mozilla/5.0 AppleWebKit/537.36 (KHTML, like Gecko; compatible; bingbot/2.0; +http://www.bing.com/bingbot.htm) Chrome/116.0.1938.76 Safari/537.36"
216.73.216.209 - - [30/Jun/2026:13:47:21 -0700] "GET /item/3105952826.phtml HTTP/2.0" 429 279 "-" "Mozilla/5.0 AppleWebKit/537.36 (KHTML, like Gecko; compatible; ClaudeBot/1.0; +claudebot@anthropic.com)"
216.73.216.209 - - [30/Jun/2026:13:47:26 -0700] "GET /item/221839371.phtml HTTP/2.0" 429 279 "-" "Mozilla/5.0 AppleWebKit/537.36 (KHTML, like Gecko; compatible; ClaudeBot/1.0; +claudebot@anthropic.com)"
216.73.216.209 - - [30/Jun/2026:13:47:31 -0700] "GET /item/2886122801.phtml HTTP/2.0" 429 279 "-" "Mozilla/5.0 AppleWebKit/537.36 (KHTML, like Gecko; compatible; ClaudeBot/1.0; +claudebot@anthropic.com)"
216.73.216.209 - - [30/Jun/2026:13:47:36 -0700] "GET /item/3224217944.phtml HTTP/2.0" 429 279 "-" "Mozilla/5.0 AppleWebKit/537.36 (KHTML, like Gecko; compatible; ClaudeBot/1.0; +claudebot@anthropic.com)"
207.46.13.9 - - [30/Jun/2026:13:47:36 -0700] "GET /kaunet/categoryshop/office/sitemap/KWf_CMmGetMemAttrAjaxAction.jsp?IS_LOGIN=false&_=1782852442235 HTTP/2.0" 200 78942 "https://www.musicpassiondjs.gr/index.php" "Mozilla/5.0 AppleWebKit/537.36 (KHTML, like Gecko; compatible; bingbot/2.0; +http://www.bing.com/bingbot.htm) Chrome/136.0.0.0 Safari/537.36 AppleWebKit/537.36 (KHTML, like Gecko; compatible; bingbot/2.0; +http://www.bing.com/bingbot.htm) Chrome/116.0.1938.76 Safari/537.36"
216.73.216.209 - - [30/Jun/2026:13:47:42 -0700] "GET /item/485596766.phtml HTTP/2.0" 429 352 "-" "Mozilla/5.0 AppleWebKit/537.36 (KHTML, like Gecko; compatible; ClaudeBot/1.0; +claudebot@anthropic.com)"
40.77.167.0 - - [30/Jun/2026:13:47:41 -0700] "GET /index.php?api/categoryinfo/?mcode=022_022004&_=1782852442239 HTTP/2.0" 200 82537 "https://www.musicpassiondjs.gr/index.php" "Mozilla/5.0 AppleWebKit/537.36 (KHTML, like Gecko; compatible; bingbot/2.0; +http://www.bing.com/bingbot.htm) Chrome/136.0.0.0 Safari/537.36 AppleWebKit/537.36 (KHTML, like Gecko; compatible; bingbot/2.0; +http://www.bing.com/bingbot.htm) Chrome/116.0.1938.76 Safari/537.36"
216.73.216.209 - - [30/Jun/2026:13:47:47 -0700] "GET /item/1399612937.phtml HTTP/2.0" 429 279 "-" "Mozilla/5.0 AppleWebKit/537.36 (KHTML, like Gecko; compatible; ClaudeBot/1.0; +claudebot@anthropic.com)"
216.73.216.209 - - [30/Jun/2026:13:47:52 -0700] "GET /item/2273000029.phtml HTTP/2.0" 429 352 "-" "Mozilla/5.0 AppleWebKit/537.36 (KHTML, like Gecko; compatible; ClaudeBot/1.0; +claudebot@anthropic.com)"
103.183.62.11 - - [30/Jun/2026:13:47:52 -0700] "GET /index.php?CPPR=1&FGC=0&FPC=0&FTA=0&SFL_DF=0&SGC=0&STA=0&category%2F0%2F1%2F005%2F005042%2F%3FSPC=0 HTTP/1.1" 200 16495 "-" "Mozilla/5.0 (Windows NT 10.0; WOW64) AppleWebKit/537.36 (KHTML, like Gecko) Chrome/89.0.4389.90 Safari/537.36"
216.73.216.209 - - [30/Jun/2026:13:47:57 -0700] "GET /item/605747138.phtml HTTP/2.0" 429 279 "-" "Mozilla/5.0 AppleWebKit/537.36 (KHTML, like Gecko; compatible; ClaudeBot/1.0; +claudebot@anthropic.com)"
51.161.37.57 - - [30/Jun/2026:13:47:55 -0700] "GET /item/694725036.phtml HTTP/2.0" 404 6364 "-" "Mozilla/5.0 (compatible; AhrefsBot/7.0; +http://ahrefs.com/robot/)"
216.73.216.209 - - [30/Jun/2026:13:48:02 -0700] "GET /item/2270575815.phtml HTTP/2.0" 429 279 "-" "Mozilla/5.0 AppleWebKit/537.36 (KHTML, like Gecko; compatible; ClaudeBot/1.0; +claudebot@anthropic.com)"
216.73.216.209 - - [30/Jun/2026:13:48:11 -0700] "GET /item/3440337454.phtml HTTP/2.0" 429 352 "-" "Mozilla/5.0 AppleWebKit/537.36 (KHTML, like Gecko; compatible; ClaudeBot/1.0; +claudebot@anthropic.com)"
66.249.74.110 - - [30/Jun/2026:13:48:09 -0700] "GET /index.php?gtm_latency=1 HTTP/1.1" 200 85607 "-" "GoogleOther"
216.73.216.209 - - [30/Jun/2026:13:48:15 -0700] "GET /item/2277450863.phtml HTTP/2.0" 429 279 "-" "Mozilla/5.0 AppleWebKit/537.36 (KHTML, like Gecko; compatible; ClaudeBot/1.0; +claudebot@anthropic.com)"
216.73.216.209 - - [30/Jun/2026:13:48:20 -0700] "GET /item/4076735825.phtml HTTP/2.0" 429 279 "-" "Mozilla/5.0 AppleWebKit/537.36 (KHTML, like Gecko; compatible; ClaudeBot/1.0; +claudebot@anthropic.com)"
216.73.216.209 - - [30/Jun/2026:13:48:25 -0700] "GET /item/2947476449.phtml HTTP/2.0" 429 279 "-" "Mozilla/5.0 AppleWebKit/537.36 (KHTML, like Gecko; compatible; ClaudeBot/1.0; +claudebot@anthropic.com)"
216.73.216.209 - - [30/Jun/2026:13:48:30 -0700] "GET /item/4280225071.phtml HTTP/2.0" 429 279 "-" "Mozilla/5.0 AppleWebKit/537.36 (KHTML, like Gecko; compatible; ClaudeBot/1.0; +claudebot@anthropic.com)"
66.249.74.110 - - [30/Jun/2026:13:48:27 -0700] "GET /index.php?gtm_latency=1 HTTP/1.1" 200 85607 "-" "GoogleOther"
66.249.74.110 - - [30/Jun/2026:13:48:29 -0700] "GET /index.php?gtm_latency=1 HTTP/1.1" 200 85607 "-" "GoogleOther"
66.249.74.109 - - [30/Jun/2026:13:48:32 -0700] "GET /index.php?gtm_latency=1 HTTP/1.1" 200 85607 "-" "GoogleOther"
15.235.27.21 - - [30/Jun/2026:13:48:39 -0700] "GET /item/3329729563.phtml HTTP/2.0" 404 6365 "-" "Mozilla/5.0 (compatible; AhrefsBot/7.0; +http://ahrefs.com/robot/)"
216.73.216.209 - - [30/Jun/2026:13:48:44 -0700] "GET /item/4170493219.phtml HTTP/2.0" 429 352 "-" "Mozilla/5.0 AppleWebKit/537.36 (KHTML, like Gecko; compatible; ClaudeBot/1.0; +claudebot@anthropic.com)"
66.249.74.109 - - [30/Jun/2026:13:48:45 -0700] "GET /index.php?gtm_latency=1 HTTP/1.1" 200 85607 "-" "GoogleOther"
66.249.74.110 - - [30/Jun/2026:13:48:46 -0700] "GET /index.php?gtm_latency=1 HTTP/1.1" 200 85607 "-" "GoogleOther"
216.73.216.209 - - [30/Jun/2026:13:48:49 -0700] "GET /item/2788988702.phtml HTTP/2.0" 429 279 "-" "Mozilla/5.0 AppleWebKit/537.36 (KHTML, like Gecko; compatible; ClaudeBot/1.0; +claudebot@anthropic.com)"
216.73.216.209 - - [30/Jun/2026:13:48:54 -0700] "GET /item/3082073836.phtml HTTP/2.0" 429 279 "-" "Mozilla/5.0 AppleWebKit/537.36 (KHTML, like Gecko; compatible; ClaudeBot/1.0; +claudebot@anthropic.com)"
216.73.216.209 - - [30/Jun/2026:13:48:59 -0700] "GET /item/4289616568.phtml HTTP/2.0" 429 279 "-" "Mozilla/5.0 AppleWebKit/537.36 (KHTML, like Gecko; compatible; ClaudeBot/1.0; +claudebot@anthropic.com)"
216.73.216.209 - - [30/Jun/2026:13:49:04 -0700] "GET /item/4029915062.phtml HTTP/2.0" 429 279 "-" "Mozilla/5.0 AppleWebKit/537.36 (KHTML, like Gecko; compatible; ClaudeBot/1.0; +claudebot@anthropic.com)"
66.249.74.96 - - [30/Jun/2026:13:49:01 -0700] "GET /index.php?gtm_latency=1 HTTP/1.1" 200 85607 "-" "GoogleOther"
216.73.216.209 - - [30/Jun/2026:13:49:10 -0700] "GET /item/2584606908.phtml HTTP/2.0" 429 352 "-" "Mozilla/5.0 AppleWebKit/537.36 (KHTML, like Gecko; compatible; ClaudeBot/1.0; +claudebot@anthropic.com)"
216.73.216.209 - - [30/Jun/2026:13:49:15 -0700] "GET /item/4176294106.phtml HTTP/2.0" 429 279 "-" "Mozilla/5.0 AppleWebKit/537.36 (KHTML, like Gecko; compatible; ClaudeBot/1.0; +claudebot@anthropic.com)"
109.206.164.218 - - [30/Jun/2026:13:49:18 -0700] "GET / HTTP/1.0" 200 44607 "https://www.musicpassiondjs.gr/" "Mozilla/5.0 (Windows NT 10.0; Win64; x64) AppleWebKit/537.36 (KHTML, like Gecko) Chrome/130.0.0.0 Safari/537.36"
216.73.216.209 - - [30/Jun/2026:13:49:21 -0700] "GET /item/4294368895.phtml HTTP/2.0" 429 352 "-" "Mozilla/5.0 AppleWebKit/537.36 (KHTML, like Gecko; compatible; ClaudeBot/1.0; +claudebot@anthropic.com)"
66.249.74.109 - - [30/Jun/2026:13:49:18 -0700] "GET /index.php?gtm_latency=1 HTTP/1.1" 200 85607 "-" "GoogleOther"
216.73.216.209 - - [30/Jun/2026:13:49:26 -0700] "GET /item/3588393597.phtml HTTP/2.0" 429 279 "-" "Mozilla/5.0 AppleWebKit/537.36 (KHTML, like Gecko; compatible; ClaudeBot/1.0; +claudebot@anthropic.com)"
109.206.164.218 - - [30/Jun/2026:13:49:23 -0700] "POST /index.php/component/convertforms?task=submit HTTP/1.0" 200 3703 "https://www.musicpassiondjs.gr/" "Mozilla/5.0 (Windows NT 10.0; Win64; x64) AppleWebKit/537.36 (KHTML, like Gecko) Chrome/130.0.0.0 Safari/537.36"
54.39.136.253 - - [30/Jun/2026:13:49:29 -0700] "GET /item/2872002190.phtml HTTP/2.0" 404 6365 "-" "Mozilla/5.0 (compatible; AhrefsBot/7.0; +http://ahrefs.com/robot/)"
66.249.74.109 - - [30/Jun/2026:13:49:36 -0700] "GET /index.php?gtm_latency=1 HTTP/1.1" 200 85607 "-" "GoogleOther"
216.73.216.209 - - [30/Jun/2026:13:49:49 -0700] "GET /item/1575014064.phtml HTTP/2.0" 429 352 "-" "Mozilla/5.0 AppleWebKit/537.36 (KHTML, like Gecko; compatible; ClaudeBot/1.0; +claudebot@anthropic.com)"
216.73.216.209 - - [30/Jun/2026:13:49:53 -0700] "GET /item/3055984832.phtml HTTP/2.0" 429 279 "-" "Mozilla/5.0 AppleWebKit/537.36 (KHTML, like Gecko; compatible; ClaudeBot/1.0; +claudebot@anthropic.com)"
216.73.216.209 - - [30/Jun/2026:13:49:58 -0700] "GET /item/3675236305.phtml HTTP/2.0" 429 279 "-" "Mozilla/5.0 AppleWebKit/537.36 (KHTML, like Gecko; compatible; ClaudeBot/1.0; +claudebot@anthropic.com)"
66.249.74.110 - - [30/Jun/2026:13:49:54 -0700] "GET /index.php?gtm_latency=1 HTTP/1.1" 200 85607 "-" "GoogleOther"
216.73.216.209 - - [30/Jun/2026:13:50:03 -0700] "GET /item/2930778958.phtml HTTP/2.0" 429 279 "-" "Mozilla/5.0 AppleWebKit/537.36 (KHTML, like Gecko; compatible; ClaudeBot/1.0; +claudebot@anthropic.com)"
66.249.74.110 - - [30/Jun/2026:13:49:57 -0700] "GET /index.php?gtm_latency=1 HTTP/1.1" 200 85607 "-" "GoogleOther"
105.159.195.29 - - [30/Jun/2026:13:49:58 -0700] "GET /index.php?CPPR=1&FGC=0&FPC=0&FTA=0&SFL_DF=0&SGC=0&STA=0&category%2F0%2F1%2F001%2F001004%2F%3FSPC=0 HTTP/1.1" 200 16497 "-" "Mozilla/5.0 (Macintosh; Intel Mac OS X 10_15_3) AppleWebKit/537.36 (KHTML, like Gecko) Brave Chrome/86.0.4240.99 Safari/537.36"
216.73.216.209 - - [30/Jun/2026:13:50:08 -0700] "GET /item/2714866836.phtml HTTP/2.0" 429 279 "-" "Mozilla/5.0 AppleWebKit/537.36 (KHTML, like Gecko; compatible; ClaudeBot/1.0; +claudebot@anthropic.com)"
142.44.233.90 - - [30/Jun/2026:13:50:10 -0700] "GET /item/2747912314.phtml HTTP/2.0" 404 6365 "-" "Mozilla/5.0 (compatible; AhrefsBot/7.0; +http://ahrefs.com/robot/)"
216.73.216.209 - - [30/Jun/2026:13:50:16 -0700] "GET /item/4053416345.phtml HTTP/2.0" 429 352 "-" "Mozilla/5.0 AppleWebKit/537.36 (KHTML, like Gecko; compatible; ClaudeBot/1.0; +claudebot@anthropic.com)"
216.73.216.209 - - [30/Jun/2026:13:50:34 -0700] "GET /item/3786420215.phtml HTTP/2.0" 429 352 "-" "Mozilla/5.0 AppleWebKit/537.36 (KHTML, like Gecko; compatible; ClaudeBot/1.0; +claudebot@anthropic.com)"
216.73.216.209 - - [30/Jun/2026:13:50:39 -0700] "GET /item/166422612.phtml HTTP/2.0" 429 279 "-" "Mozilla/5.0 AppleWebKit/537.36 (KHTML, like Gecko; compatible; ClaudeBot/1.0; +claudebot@anthropic.com)"
216.73.216.209 - - [30/Jun/2026:13:50:44 -0700] "GET /item/378861944.phtml HTTP/2.0" 429 279 "-" "Mozilla/5.0 AppleWebKit/537.36 (KHTML, like Gecko; compatible; ClaudeBot/1.0; +claudebot@anthropic.com)"
216.73.216.209 - - [30/Jun/2026:13:50:49 -0700] "GET /item/1771828583.phtml HTTP/2.0" 429 279 "-" "Mozilla/5.0 AppleWebKit/537.36 (KHTML, like Gecko; compatible; ClaudeBot/1.0; +claudebot@anthropic.com)"
216.73.216.209 - - [30/Jun/2026:13:50:54 -0700] "GET /item/2494223972.phtml HTTP/2.0" 429 352 "-" "Mozilla/5.0 AppleWebKit/537.36 (KHTML, like Gecko; compatible; ClaudeBot/1.0; +claudebot@anthropic.com)"
142.44.233.239 - - [30/Jun/2026:13:50:52 -0700] "GET /item/168790298.phtml HTTP/2.0" 404 6364 "-" "Mozilla/5.0 (compatible; AhrefsBot/7.0; +http://ahrefs.com/robot/)"
216.73.216.209 - - [30/Jun/2026:13:51:07 -0700] "GET /item/2466174334.phtml HTTP/2.0" 429 352 "-" "Mozilla/5.0 AppleWebKit/537.36 (KHTML, like Gecko; compatible; ClaudeBot/1.0; +claudebot@anthropic.com)"
216.73.216.209 - - [30/Jun/2026:13:51:12 -0700] "GET /item/452149418.phtml HTTP/2.0" 429 279 "-" "Mozilla/5.0 AppleWebKit/537.36 (KHTML, like Gecko; compatible; ClaudeBot/1.0; +claudebot@anthropic.com)"
216.73.216.209 - - [30/Jun/2026:13:51:17 -0700] "GET /item/3446301848.phtml HTTP/2.0" 429 352 "-" "Mozilla/5.0 AppleWebKit/537.36 (KHTML, like Gecko; compatible; ClaudeBot/1.0; +claudebot@anthropic.com)"
216.73.216.209 - - [30/Jun/2026:13:51:22 -0700] "GET /item/3635428544.phtml HTTP/2.0" 429 279 "-" "Mozilla/5.0 AppleWebKit/537.36 (KHTML, like Gecko; compatible; ClaudeBot/1.0; +claudebot@anthropic.com)"
216.73.216.209 - - [30/Jun/2026:13:51:27 -0700] "GET /item/305606851.phtml HTTP/2.0" 429 279 "-" "Mozilla/5.0 AppleWebKit/537.36 (KHTML, like Gecko; compatible; ClaudeBot/1.0; +claudebot@anthropic.com)"
216.73.216.209 - - [30/Jun/2026:13:51:33 -0700] "GET /item/3534658132.phtml HTTP/2.0" 429 352 "-" "Mozilla/5.0 AppleWebKit/537.36 (KHTML, like Gecko; compatible; ClaudeBot/1.0; +claudebot@anthropic.com)"
15.235.27.81 - - [30/Jun/2026:13:51:31 -0700] "GET /item/3688925662.phtml HTTP/2.0" 404 6365 "-" "Mozilla/5.0 (compatible; AhrefsBot/7.0; +http://ahrefs.com/robot/)"
216.73.216.209 - - [30/Jun/2026:13:51:38 -0700] "GET /item/1541403193.phtml HTTP/2.0" 429 279 "-" "Mozilla/5.0 AppleWebKit/537.36 (KHTML, like Gecko; compatible; ClaudeBot/1.0; +claudebot@anthropic.com)"
216.73.216.209 - - [30/Jun/2026:13:51:43 -0700] "GET /item/3760494750.phtml HTTP/2.0" 429 279 "-" "Mozilla/5.0 AppleWebKit/537.36 (KHTML, like Gecko; compatible; ClaudeBot/1.0; +claudebot@anthropic.com)"
216.73.216.209 - - [30/Jun/2026:13:51:50 -0700] "GET /item/1322948774.phtml HTTP/2.0" 429 352 "-" "Mozilla/5.0 AppleWebKit/537.36 (KHTML, like Gecko; compatible; ClaudeBot/1.0; +claudebot@anthropic.com)"
216.73.216.209 - - [30/Jun/2026:13:51:55 -0700] "GET /item/3405979500.phtml HTTP/2.0" 429 279 "-" "Mozilla/5.0 AppleWebKit/537.36 (KHTML, like Gecko; compatible; ClaudeBot/1.0; +claudebot@anthropic.com)"
216.73.216.209 - - [30/Jun/2026:13:52:00 -0700] "GET /item/3564728775.phtml HTTP/2.0" 429 279 "-" "Mozilla/5.0 AppleWebKit/537.36 (KHTML, like Gecko; compatible; ClaudeBot/1.0; +claudebot@anthropic.com)"
216.73.216.209 - - [30/Jun/2026:13:52:05 -0700] "GET /item/636588437.phtml HTTP/2.0" 429 279 "-" "Mozilla/5.0 AppleWebKit/537.36 (KHTML, like Gecko; compatible; ClaudeBot/1.0; +claudebot@anthropic.com)"
216.73.216.209 - - [30/Jun/2026:13:52:10 -0700] "GET /item/2040036828.phtml HTTP/2.0" 429 279 "-" "Mozilla/5.0 AppleWebKit/537.36 (KHTML, like Gecko; compatible; ClaudeBot/1.0; +claudebot@anthropic.com)"
51.222.95.165 - - [30/Jun/2026:13:52:08 -0700] "GET /item/3454164765.phtml HTTP/2.0" 404 6364 "-" "Mozilla/5.0 (compatible; AhrefsBot/7.0; +http://ahrefs.com/robot/)"
216.73.216.209 - - [30/Jun/2026:13:52:16 -0700] "GET /item/4140649819.phtml HTTP/2.0" 429 352 "-" "Mozilla/5.0 AppleWebKit/537.36 (KHTML, like Gecko; compatible; ClaudeBot/1.0; +claudebot@anthropic.com)"
216.73.216.209 - - [30/Jun/2026:13:52:21 -0700] "GET /item/3408403698.phtml HTTP/2.0" 429 279 "-" "Mozilla/5.0 AppleWebKit/537.36 (KHTML, like Gecko; compatible; ClaudeBot/1.0; +claudebot@anthropic.com)"
216.73.216.209 - - [30/Jun/2026:13:52:26 -0700] "GET /item/1821582393.phtml HTTP/2.0" 429 279 "-" "Mozilla/5.0 AppleWebKit/537.36 (KHTML, like Gecko; compatible; ClaudeBot/1.0; +claudebot@anthropic.com)"
216.73.216.209 - - [30/Jun/2026:13:52:31 -0700] "GET /item/1859062041.phtml HTTP/2.0" 429 279 "-" "Mozilla/5.0 AppleWebKit/537.36 (KHTML, like Gecko; compatible; ClaudeBot/1.0; +claudebot@anthropic.com)"
216.73.216.209 - - [30/Jun/2026:13:52:36 -0700] "GET /item/1305430197.phtml HTTP/2.0" 429 279 "-" "Mozilla/5.0 AppleWebKit/537.36 (KHTML, like Gecko; compatible; ClaudeBot/1.0; +claudebot@anthropic.com)"
54.39.0.152 - - [30/Jun/2026:13:52:37 -0700] "GET /item/4239410227.phtml HTTP/2.0" 404 6365 "-" "Mozilla/5.0 (compatible; AhrefsBot/7.0; +http://ahrefs.com/robot/)"
216.73.216.209 - - [30/Jun/2026:13:52:48 -0700] "GET /item/1795148063.phtml HTTP/2.0" 429 352 "-" "Mozilla/5.0 AppleWebKit/537.36 (KHTML, like Gecko; compatible; ClaudeBot/1.0; +claudebot@anthropic.com)"
216.73.216.209 - - [30/Jun/2026:13:52:52 -0700] "GET /item/2934319170.phtml HTTP/2.0" 429 279 "-" "Mozilla/5.0 AppleWebKit/537.36 (KHTML, like Gecko; compatible; ClaudeBot/1.0; +claudebot@anthropic.com)"
216.73.216.209 - - [30/Jun/2026:13:52:57 -0700] "GET /item/946030726.phtml HTTP/2.0" 429 279 "-" "Mozilla/5.0 AppleWebKit/537.36 (KHTML, like Gecko; compatible; ClaudeBot/1.0; +claudebot@anthropic.com)"
216.73.216.209 - - [30/Jun/2026:13:53:02 -0700] "GET /item/2058767504.phtml HTTP/2.0" 429 279 "-" "Mozilla/5.0 AppleWebKit/537.36 (KHTML, like Gecko; compatible; ClaudeBot/1.0; +claudebot@anthropic.com)"
216.73.216.209 - - [30/Jun/2026:13:53:09 -0700] "GET /item/1593581217.phtml HTTP/2.0" 429 352 "-" "Mozilla/5.0 AppleWebKit/537.36 (KHTML, like Gecko; compatible; ClaudeBot/1.0; +claudebot@anthropic.com)"
142.44.225.191 - - [30/Jun/2026:13:53:06 -0700] "GET /item/815178583.phtml HTTP/2.0" 404 6364 "-" "Mozilla/5.0 (compatible; AhrefsBot/7.0; +http://ahrefs.com/robot/)"
216.73.216.209 - - [30/Jun/2026:13:53:14 -0700] "GET /item/3512550783.phtml HTTP/2.0" 429 352 "-" "Mozilla/5.0 AppleWebKit/537.36 (KHTML, like Gecko; compatible; ClaudeBot/1.0; +claudebot@anthropic.com)"
216.73.216.209 - - [30/Jun/2026:13:53:19 -0700] "GET /item/3266613442.phtml HTTP/2.0" 429 279 "-" "Mozilla/5.0 AppleWebKit/537.36 (KHTML, like Gecko; compatible; ClaudeBot/1.0; +claudebot@anthropic.com)"
216.73.216.209 - - [30/Jun/2026:13:53:24 -0700] "GET /item/1286681225.phtml HTTP/2.0" 429 279 "-" "Mozilla/5.0 AppleWebKit/537.36 (KHTML, like Gecko; compatible; ClaudeBot/1.0; +claudebot@anthropic.com)"
216.73.216.209 - - [30/Jun/2026:13:53:29 -0700] "GET /item/2155088779.phtml HTTP/2.0" 429 279 "-" "Mozilla/5.0 AppleWebKit/537.36 (KHTML, like Gecko; compatible; ClaudeBot/1.0; +claudebot@anthropic.com)"
216.73.216.209 - - [30/Jun/2026:13:53:34 -0700] "GET /item/2076467900.phtml HTTP/2.0" 429 279 "-" "Mozilla/5.0 AppleWebKit/537.36 (KHTML, like Gecko; compatible; ClaudeBot/1.0; +claudebot@anthropic.com)"
216.73.216.209 - - [30/Jun/2026:13:53:39 -0700] "GET /item/1987904212.phtml HTTP/2.0" 429 279 "-" "Mozilla/5.0 AppleWebKit/537.36 (KHTML, like Gecko; compatible; ClaudeBot/1.0; +claudebot@anthropic.com)"
216.73.216.209 - - [30/Jun/2026:13:53:45 -0700] "GET /item/3653292463.phtml HTTP/2.0" 429 352 "-" "Mozilla/5.0 AppleWebKit/537.36 (KHTML, like Gecko; compatible; ClaudeBot/1.0; +claudebot@anthropic.com)"
54.39.0.248 - - [30/Jun/2026:13:53:36 -0700] "GET /item/2483825408.phtml HTTP/2.0" 404 6364 "-" "Mozilla/5.0 (compatible; AhrefsBot/7.0; +http://ahrefs.com/robot/)"
216.73.216.209 - - [30/Jun/2026:13:53:49 -0700] "GET /item/167634711.phtml HTTP/2.0" 429 279 "-" "Mozilla/5.0 AppleWebKit/537.36 (KHTML, like Gecko; compatible; ClaudeBot/1.0; +claudebot@anthropic.com)"
216.73.216.209 - - [30/Jun/2026:13:53:54 -0700] "GET /item/3153985672.phtml HTTP/2.0" 429 352 "-" "Mozilla/5.0 AppleWebKit/537.36 (KHTML, like Gecko; compatible; ClaudeBot/1.0; +claudebot@anthropic.com)"
216.73.216.209 - - [30/Jun/2026:13:53:59 -0700] "GET /item/1201283112.phtml HTTP/2.0" 429 279 "-" "Mozilla/5.0 AppleWebKit/537.36 (KHTML, like Gecko; compatible; ClaudeBot/1.0; +claudebot@anthropic.com)"
216.73.216.209 - - [30/Jun/2026:13:54:06 -0700] "GET /item/3005018923.phtml HTTP/2.0" 429 352 "-" "Mozilla/5.0 AppleWebKit/537.36 (KHTML, like Gecko; compatible; ClaudeBot/1.0; +claudebot@anthropic.com)"
54.39.203.171 - - [30/Jun/2026:13:54:06 -0700] "GET /item/1643564177.phtml HTTP/2.0" 404 6364 "-" "Mozilla/5.0 (compatible; AhrefsBot/7.0; +http://ahrefs.com/robot/)"
216.73.216.209 - - [30/Jun/2026:13:54:11 -0700] "GET /item/1745739595.phtml HTTP/2.0" 429 352 "-" "Mozilla/5.0 AppleWebKit/537.36 (KHTML, like Gecko; compatible; ClaudeBot/1.0; +claudebot@anthropic.com)"
216.73.216.209 - - [30/Jun/2026:13:54:16 -0700] "GET /item/1090384864.phtml HTTP/2.0" 429 279 "-" "Mozilla/5.0 AppleWebKit/537.36 (KHTML, like Gecko; compatible; ClaudeBot/1.0; +claudebot@anthropic.com)"
216.73.216.209 - - [30/Jun/2026:13:54:21 -0700] "GET /item/1863814368.phtml HTTP/2.0" 429 279 "-" "Mozilla/5.0 AppleWebKit/537.36 (KHTML, like Gecko; compatible; ClaudeBot/1.0; +claudebot@anthropic.com)"
216.73.216.209 - - [30/Jun/2026:13:54:26 -0700] "GET /item/3488835284.phtml HTTP/2.0" 429 279 "-" "Mozilla/5.0 AppleWebKit/537.36 (KHTML, like Gecko; compatible; ClaudeBot/1.0; +claudebot@anthropic.com)"
216.244.66.248 - - [30/Jun/2026:13:54:29 -0700] "GET /robots.txt HTTP/1.1" 200 3586 "-" "Mozilla/5.0 (compatible; DotBot/1.2; +https://opensiteexplorer.org/dotbot; help@moz.com)"
216.73.216.209 - - [30/Jun/2026:13:54:31 -0700] "GET /item/2423133485.phtml HTTP/2.0" 429 279 "-" "Mozilla/5.0 AppleWebKit/537.36 (KHTML, like Gecko; compatible; ClaudeBot/1.0; +claudebot@anthropic.com)"
216.73.216.209 - - [30/Jun/2026:13:54:36 -0700] "GET /item/1742148706.phtml HTTP/2.0" 429 352 "-" "Mozilla/5.0 AppleWebKit/537.36 (KHTML, like Gecko; compatible; ClaudeBot/1.0; +claudebot@anthropic.com)"
54.39.6.35 - - [30/Jun/2026:13:54:35 -0700] "GET /item/1003953109.phtml HTTP/2.0" 404 6364 "-" "Mozilla/5.0 (compatible; AhrefsBot/7.0; +http://ahrefs.com/robot/)"
113.190.139.63 - - [30/Jun/2026:13:54:36 -0700] "GET /index.php?CATEGORY_CD=024_024005%2C024_024042&ListRoot=categoryOr&SHOW_LIST=1&categoryshop%2Foffice%2Fsitemap%2FPageManager.jsp%3FFRM=1 HTTP/1.1" 200 16533 "-" "Mozilla/5.0 (Macintosh; Intel Mac OS X 10_13_6) AppleWebKit/537.36 (KHTML, like Gecko) Brave Chrome/83.0.4103.116 Safari/537.36"
216.73.216.209 - - [30/Jun/2026:13:54:41 -0700] "GET /item/4263527580.phtml HTTP/2.0" 429 279 "-" "Mozilla/5.0 AppleWebKit/537.36 (KHTML, like Gecko; compatible; ClaudeBot/1.0; +claudebot@anthropic.com)"
216.73.216.209 - - [30/Jun/2026:13:54:46 -0700] "GET /item/3709895720.phtml HTTP/2.0" 429 352 "-" "Mozilla/5.0 AppleWebKit/537.36 (KHTML, like Gecko; compatible; ClaudeBot/1.0; +claudebot@anthropic.com)"
216.73.216.209 - - [30/Jun/2026:13:54:51 -0700] "GET /item/3628415542.phtml HTTP/2.0" 429 279 "-" "Mozilla/5.0 AppleWebKit/537.36 (KHTML, like Gecko; compatible; ClaudeBot/1.0; +claudebot@anthropic.com)"
216.73.216.209 - - [30/Jun/2026:13:54:56 -0700] "GET /item/3341080618.phtml HTTP/2.0" 429 279 "-" "Mozilla/5.0 AppleWebKit/537.36 (KHTML, like Gecko; compatible; ClaudeBot/1.0; +claudebot@anthropic.com)"
216.73.216.209 - - [30/Jun/2026:13:55:03 -0700] "GET /item/4022524369.phtml HTTP/2.0" 429 352 "-" "Mozilla/5.0 AppleWebKit/537.36 (KHTML, like Gecko; compatible; ClaudeBot/1.0; +claudebot@anthropic.com)"
216.73.216.209 - - [30/Jun/2026:13:55:07 -0700] "GET /item/553732653.phtml HTTP/2.0" 429 352 "-" "Mozilla/5.0 AppleWebKit/537.36 (KHTML, like Gecko; compatible; ClaudeBot/1.0; +claudebot@anthropic.com)"
54.39.0.116 - - [30/Jun/2026:13:55:05 -0700] "GET /item/2050793122.phtml HTTP/2.0" 404 6364 "-" "Mozilla/5.0 (compatible; AhrefsBot/7.0; +http://ahrefs.com/robot/)"
216.73.216.209 - - [30/Jun/2026:13:55:10 -0700] "GET /item/216176422.phtml HTTP/2.0" 429 279 "-" "Mozilla/5.0 AppleWebKit/537.36 (KHTML, like Gecko; compatible; ClaudeBot/1.0; +claudebot@anthropic.com)"
216.73.216.209 - - [30/Jun/2026:13:55:13 -0700] "GET /item/3556158364.phtml HTTP/2.0" 429 279 "-" "Mozilla/5.0 AppleWebKit/537.36 (KHTML, like Gecko; compatible; ClaudeBot/1.0; +claudebot@anthropic.com)"
216.73.216.209 - - [30/Jun/2026:13:55:16 -0700] "GET /item/3370760527.phtml HTTP/2.0" 429 279 "-" "Mozilla/5.0 AppleWebKit/537.36 (KHTML, like Gecko; compatible; ClaudeBot/1.0; +claudebot@anthropic.com)"
216.73.216.209 - - [30/Jun/2026:13:55:19 -0700] "GET /item/2655697395.phtml HTTP/2.0" 429 279 "-" "Mozilla/5.0 AppleWebKit/537.36 (KHTML, like Gecko; compatible; ClaudeBot/1.0; +claudebot@anthropic.com)"
216.73.216.209 - - [30/Jun/2026:13:55:22 -0700] "GET /item/4217313982.phtml HTTP/2.0" 429 279 "-" "Mozilla/5.0 AppleWebKit/537.36 (KHTML, like Gecko; compatible; ClaudeBot/1.0; +claudebot@anthropic.com)"
216.73.216.209 - - [30/Jun/2026:13:55:25 -0700] "GET /item/3459206068.phtml HTTP/2.0" 429 279 "-" "Mozilla/5.0 AppleWebKit/537.36 (KHTML, like Gecko; compatible; ClaudeBot/1.0; +claudebot@anthropic.com)"
216.73.216.209 - - [30/Jun/2026:13:55:28 -0700] "GET /item/722219046.phtml HTTP/2.0" 429 279 "-" "Mozilla/5.0 AppleWebKit/537.36 (KHTML, like Gecko; compatible; ClaudeBot/1.0; +claudebot@anthropic.com)"
216.73.216.209 - - [30/Jun/2026:13:55:31 -0700] "GET /item/3120883698.phtml HTTP/2.0" 429 279 "-" "Mozilla/5.0 AppleWebKit/537.36 (KHTML, like Gecko; compatible; ClaudeBot/1.0; +claudebot@anthropic.com)"
216.73.216.209 - - [30/Jun/2026:13:55:34 -0700] "GET /item/2859851962.phtml HTTP/2.0" 429 279 "-" "Mozilla/5.0 AppleWebKit/537.36 (KHTML, like Gecko; compatible; ClaudeBot/1.0; +claudebot@anthropic.com)"
51.222.168.21 - - [30/Jun/2026:13:55:34 -0700] "GET /item/3917975414.phtml HTTP/2.0" 404 6365 "-" "Mozilla/5.0 (compatible; AhrefsBot/7.0; +http://ahrefs.com/robot/)"
216.73.216.209 - - [30/Jun/2026:13:55:41 -0700] "GET /item/4247384625.phtml HTTP/2.0" 429 352 "-" "Mozilla/5.0 AppleWebKit/537.36 (KHTML, like Gecko; compatible; ClaudeBot/1.0; +claudebot@anthropic.com)"
216.73.216.209 - - [30/Jun/2026:13:55:45 -0700] "GET /item/1591157019.phtml HTTP/2.0" 429 279 "-" "Mozilla/5.0 AppleWebKit/537.36 (KHTML, like Gecko; compatible; ClaudeBot/1.0; +claudebot@anthropic.com)"
216.73.216.209 - - [30/Jun/2026:13:55:50 -0700] "GET /item/2735598579.phtml HTTP/2.0" 429 279 "-" "Mozilla/5.0 AppleWebKit/537.36 (KHTML, like Gecko; compatible; ClaudeBot/1.0; +claudebot@anthropic.com)"
216.73.216.209 - - [30/Jun/2026:13:55:55 -0700] "GET /item/3528857261.phtml HTTP/2.0" 429 279 "-" "Mozilla/5.0 AppleWebKit/537.36 (KHTML, like Gecko; compatible; ClaudeBot/1.0; +claudebot@anthropic.com)"
216.73.216.209 - - [30/Jun/2026:13:56:00 -0700] "GET /item/3981504509.phtml HTTP/2.0" 429 279 "-" "Mozilla/5.0 AppleWebKit/537.36 (KHTML, like Gecko; compatible; ClaudeBot/1.0; +claudebot@anthropic.com)"
216.73.216.209 - - [30/Jun/2026:13:56:05 -0700] "GET /item/4145402130.phtml HTTP/2.0" 429 279 "-" "Mozilla/5.0 AppleWebKit/537.36 (KHTML, like Gecko; compatible; ClaudeBot/1.0; +claudebot@anthropic.com)"
51.161.37.68 - - [30/Jun/2026:13:56:04 -0700] "GET /item/1136705473.phtml HTTP/2.0" 404 6365 "-" "Mozilla/5.0 (compatible; AhrefsBot/7.0; +http://ahrefs.com/robot/)"
216.73.216.209 - - [30/Jun/2026:13:56:10 -0700] "GET /item/2113551513.phtml HTTP/2.0" 429 352 "-" "Mozilla/5.0 AppleWebKit/537.36 (KHTML, like Gecko; compatible; ClaudeBot/1.0; +claudebot@anthropic.com)"
216.73.216.209 - - [30/Jun/2026:13:56:15 -0700] "GET /item/3561092494.phtml HTTP/2.0" 429 279 "-" "Mozilla/5.0 AppleWebKit/537.36 (KHTML, like Gecko; compatible; ClaudeBot/1.0; +claudebot@anthropic.com)"
216.73.216.209 - - [30/Jun/2026:13:56:20 -0700] "GET /item/139121509.phtml HTTP/2.0" 429 279 "-" "Mozilla/5.0 AppleWebKit/537.36 (KHTML, like Gecko; compatible; ClaudeBot/1.0; +claudebot@anthropic.com)"
216.73.216.209 - - [30/Jun/2026:13:56:25 -0700] "GET /item/1251858287.phtml HTTP/2.0" 429 279 "-" "Mozilla/5.0 AppleWebKit/537.36 (KHTML, like Gecko; compatible; ClaudeBot/1.0; +claudebot@anthropic.com)"
216.73.216.209 - - [30/Jun/2026:13:56:32 -0700] "GET /item/3786583738.phtml HTTP/2.0" 429 352 "-" "Mozilla/5.0 AppleWebKit/537.36 (KHTML, like Gecko; compatible; ClaudeBot/1.0; +claudebot@anthropic.com)"
216.73.216.209 - - [30/Jun/2026:13:56:37 -0700] "GET /item/944655120.phtml HTTP/2.0" 429 279 "-" "Mozilla/5.0 AppleWebKit/537.36 (KHTML, like Gecko; compatible; ClaudeBot/1.0; +claudebot@anthropic.com)"
54.39.0.37 - - [30/Jun/2026:13:56:34 -0700] "GET /item/1387049767.phtml HTTP/2.0" 404 6365 "-" "Mozilla/5.0 (compatible; AhrefsBot/7.0; +http://ahrefs.com/robot/)"
216.73.216.209 - - [30/Jun/2026:13:56:42 -0700] "GET /item/3076109426.phtml HTTP/2.0" 429 279 "-" "Mozilla/5.0 AppleWebKit/537.36 (KHTML, like Gecko; compatible; ClaudeBot/1.0; +claudebot@anthropic.com)"
216.73.216.209 - - [30/Jun/2026:13:56:47 -0700] "GET /item/19880061.phtml HTTP/2.0" 429 279 "-" "Mozilla/5.0 AppleWebKit/537.36 (KHTML, like Gecko; compatible; ClaudeBot/1.0; +claudebot@anthropic.com)"
216.73.216.209 - - [30/Jun/2026:13:56:52 -0700] "GET /item/1247269499.phtml HTTP/2.0" 429 279 "-" "Mozilla/5.0 AppleWebKit/537.36 (KHTML, like Gecko; compatible; ClaudeBot/1.0; +claudebot@anthropic.com)"
216.73.216.209 - - [30/Jun/2026:13:56:57 -0700] "GET /item/2317774301.phtml HTTP/2.0" 429 279 "-" "Mozilla/5.0 AppleWebKit/537.36 (KHTML, like Gecko; compatible; ClaudeBot/1.0; +claudebot@anthropic.com)"
216.73.216.209 - - [30/Jun/2026:13:57:02 -0700] "GET /item/3588230058.phtml HTTP/2.0" 429 279 "-" "Mozilla/5.0 AppleWebKit/537.36 (KHTML, like Gecko; compatible; ClaudeBot/1.0; +claudebot@anthropic.com)"
216.73.216.209 - - [30/Jun/2026:13:57:07 -0700] "GET /item/1444614436.phtml HTTP/2.0" 429 279 "-" "Mozilla/5.0 AppleWebKit/537.36 (KHTML, like Gecko; compatible; ClaudeBot/1.0; +claudebot@anthropic.com)"
216.73.216.209 - - [30/Jun/2026:13:57:12 -0700] "GET /item/4141861918.phtml HTTP/2.0" 429 279 "-" "Mozilla/5.0 AppleWebKit/537.36 (KHTML, like Gecko; compatible; ClaudeBot/1.0; +claudebot@anthropic.com)"
216.73.216.209 - - [30/Jun/2026:13:57:17 -0700] "GET /item/1210838427.phtml HTTP/2.0" 429 279 "-" "Mozilla/5.0 AppleWebKit/537.36 (KHTML, like Gecko; compatible; ClaudeBot/1.0; +claudebot@anthropic.com)"
216.73.216.209 - - [30/Jun/2026:13:57:24 -0700] "GET /item/1916813725.phtml HTTP/2.0" 429 352 "-" "Mozilla/5.0 AppleWebKit/537.36 (KHTML, like Gecko; compatible; ClaudeBot/1.0; +claudebot@anthropic.com)"
216.73.216.209 - - [30/Jun/2026:13:57:28 -0700] "GET /item/2423297008.phtml HTTP/2.0" 429 279 "-" "Mozilla/5.0 AppleWebKit/537.36 (KHTML, like Gecko; compatible; ClaudeBot/1.0; +claudebot@anthropic.com)"
