216.73.216.209 - - [30/Jun/2026:17:49:20 -0700] "GET /item/229255126.phtml HTTP/2.0" 429 352 "-" "Mozilla/5.0 AppleWebKit/537.36 (KHTML, like Gecko; compatible; ClaudeBot/1.0; +claudebot@anthropic.com)"
187.0.45.247 - - [30/Jun/2026:17:49:12 -0700] "GET /index.php?CPPR=1&FGC=0&FPC=0&FTA=0&SFL_DF=0&SGC=0&STA=0&category%2F0%2F1%2F019%2F019007%2F%3FSPC=0 HTTP/1.1" 200 16501 "-" "Mozilla/5.0 (Windows NT 10.0; Win64; x64) AppleWebKit/537.36 (KHTML, like Gecko) Brave Chrome/89.0.4389.72 Safari/537.36"
216.73.216.209 - - [30/Jun/2026:17:49:24 -0700] "GET /item/281058640.phtml HTTP/2.0" 429 279 "-" "Mozilla/5.0 AppleWebKit/537.36 (KHTML, like Gecko; compatible; ClaudeBot/1.0; +claudebot@anthropic.com)"
160.238.144.152 - - [30/Jun/2026:17:49:24 -0700] "GET /index.php?CPPR=1&FGC=0&FPC=0&FTA=0&SFL_DF=0&SGC=0&STA=0&category%2F0%2F1%2F010%2F010005%2F%3FSPC=0 HTTP/1.1" 200 16495 "-" "Mozilla/5.0 (Macintosh; Intel Mac OS X 10_14_5) AppleWebKit/537.36 (KHTML, like Gecko) Chrome/97.0.4692.99 Safari/537.36"
216.73.216.209 - - [30/Jun/2026:17:49:34 -0700] "GET /item/421784080.phtml HTTP/2.0" 429 352 "-" "Mozilla/5.0 AppleWebKit/537.36 (KHTML, like Gecko; compatible; ClaudeBot/1.0; +claudebot@anthropic.com)"
54.39.6.172 - - [30/Jun/2026:17:49:28 -0700] "GET /item/1581018047.phtml HTTP/2.0" 404 6364 "-" "Mozilla/5.0 (compatible; AhrefsBot/7.0; +http://ahrefs.com/robot/)"
216.73.216.209 - - [30/Jun/2026:17:49:39 -0700] "GET /item/87464870.phtml HTTP/2.0" 500 0 "-" "Mozilla/5.0 AppleWebKit/537.36 (KHTML, like Gecko; compatible; ClaudeBot/1.0; +claudebot@anthropic.com)"
216.73.216.209 - - [30/Jun/2026:17:50:05 -0700] "GET /item/1297714593.phtml HTTP/2.0" 500 0 "-" "Mozilla/5.0 AppleWebKit/537.36 (KHTML, like Gecko; compatible; ClaudeBot/1.0; +claudebot@anthropic.com)"
188.191.208.98 - - [30/Jun/2026:17:50:16 -0700] "GET /index.php?item%2F2649600301.phtml HTTP/1.1" 200 16450 "-" "Mozilla/5.0 (Windows NT 10.0; WOW64) AppleWebKit/537.36 (KHTML, like Gecko) Chrome/89.0.4389.72 Safari/537.36"
216.73.216.209 - - [30/Jun/2026:17:50:17 -0700] "GET /item/3000851258.phtml HTTP/2.0" 500 0 "-" "Mozilla/5.0 AppleWebKit/537.36 (KHTML, like Gecko; compatible; ClaudeBot/1.0; +claudebot@anthropic.com)"
181.199.62.97 - - [30/Jun/2026:17:50:21 -0700] "GET /index.php?CPPR=1&FGC=0&FPC=0&FTA=0&SFL_DF=0&SGC=0&STA=0&category%2F0%2F1%2F017%2F017001%2F%3FSPC=0 HTTP/1.1" 200 16495 "-" "Mozilla/5.0 (Windows NT 10.0; Win64; x64) AppleWebKit/537.36 (KHTML, like Gecko) Chrome/91.0.4472.124 Safari/537.36"
216.73.216.209 - - [30/Jun/2026:17:50:28 -0700] "GET /item/2879218940.phtml HTTP/2.0" 500 0 "-" "Mozilla/5.0 AppleWebKit/537.36 (KHTML, like Gecko; compatible; ClaudeBot/1.0; +claudebot@anthropic.com)"
80.216.129.40 - - [30/Jun/2026:17:50:33 -0700] "GET /index.php?item%2F2649600301.phtml HTTP/1.1" 200 16440 "-" "Mozilla/5.0 (Macintosh; Intel Mac OS X 10_15_7) AppleWebKit/537.36 (KHTML, like Gecko) Chrome/100.0.4896.75 Safari/537.36"
216.73.216.209 - - [30/Jun/2026:17:50:41 -0700] "GET /item/2341240146.phtml HTTP/2.0" 500 0 "-" "Mozilla/5.0 AppleWebKit/537.36 (KHTML, like Gecko; compatible; ClaudeBot/1.0; +claudebot@anthropic.com)"
216.73.216.209 - - [30/Jun/2026:17:50:53 -0700] "GET /item/3142470232.phtml HTTP/2.0" 500 0 "-" "Mozilla/5.0 AppleWebKit/537.36 (KHTML, like Gecko; compatible; ClaudeBot/1.0; +claudebot@anthropic.com)"
216.73.216.209 - - [30/Jun/2026:17:51:07 -0700] "GET /item/5821185.phtml HTTP/2.0" 500 0 "-" "Mozilla/5.0 AppleWebKit/537.36 (KHTML, like Gecko; compatible; ClaudeBot/1.0; +claudebot@anthropic.com)"
54.39.210.244 - - [30/Jun/2026:17:51:13 -0700] "GET /item/3348642042.phtml HTTP/2.0" 404 6365 "-" "Mozilla/5.0 (compatible; AhrefsBot/7.0; +http://ahrefs.com/robot/)"
216.73.216.209 - - [30/Jun/2026:17:51:19 -0700] "GET /item/1753225340.phtml HTTP/2.0" 500 0 "-" "Mozilla/5.0 AppleWebKit/537.36 (KHTML, like Gecko; compatible; ClaudeBot/1.0; +claudebot@anthropic.com)"
216.73.216.209 - - [30/Jun/2026:17:51:25 -0700] "GET /item/3697048959.phtml HTTP/2.0" 500 0 "-" "Mozilla/5.0 AppleWebKit/537.36 (KHTML, like Gecko; compatible; ClaudeBot/1.0; +claudebot@anthropic.com)"
216.73.216.209 - - [30/Jun/2026:17:51:37 -0700] "GET /item/175192451.phtml HTTP/2.0" 500 0 "-" "Mozilla/5.0 AppleWebKit/537.36 (KHTML, like Gecko; compatible; ClaudeBot/1.0; +claudebot@anthropic.com)"
216.73.216.209 - - [30/Jun/2026:17:51:47 -0700] "GET /item/577506568.phtml HTTP/2.0" 500 0 "-" "Mozilla/5.0 AppleWebKit/537.36 (KHTML, like Gecko; compatible; ClaudeBot/1.0; +claudebot@anthropic.com)"
216.73.216.209 - - [30/Jun/2026:17:51:59 -0700] "GET /item/672107944.phtml HTTP/2.0" 500 0 "-" "Mozilla/5.0 AppleWebKit/537.36 (KHTML, like Gecko; compatible; ClaudeBot/1.0; +claudebot@anthropic.com)"
216.73.216.209 - - [30/Jun/2026:17:52:10 -0700] "GET /item/596385735.phtml HTTP/2.0" 500 0 "-" "Mozilla/5.0 AppleWebKit/537.36 (KHTML, like Gecko; compatible; ClaudeBot/1.0; +claudebot@anthropic.com)"
216.73.216.209 - - [30/Jun/2026:17:52:22 -0700] "GET /item/577473240.phtml HTTP/2.0" 404 6365 "-" "Mozilla/5.0 AppleWebKit/537.36 (KHTML, like Gecko; compatible; ClaudeBot/1.0; +claudebot@anthropic.com)"
216.73.216.209 - - [30/Jun/2026:17:52:28 -0700] "GET /item/2493045217.phtml HTTP/2.0" 404 6364 "-" "Mozilla/5.0 AppleWebKit/537.36 (KHTML, like Gecko; compatible; ClaudeBot/1.0; +claudebot@anthropic.com)"
216.73.216.209 - - [30/Jun/2026:17:52:37 -0700] "GET /item/166455940.phtml HTTP/2.0" 404 6247 "-" "Mozilla/5.0 AppleWebKit/537.36 (KHTML, like Gecko; compatible; ClaudeBot/1.0; +claudebot@anthropic.com)"
216.73.216.209 - - [30/Jun/2026:17:52:43 -0700] "GET /item/2934740293.phtml HTTP/2.0" 500 0 "-" "Mozilla/5.0 AppleWebKit/537.36 (KHTML, like Gecko; compatible; ClaudeBot/1.0; +claudebot@anthropic.com)"
216.73.216.209 - - [30/Jun/2026:17:52:55 -0700] "GET /item/1082580902.phtml HTTP/2.0" 500 0 "-" "Mozilla/5.0 AppleWebKit/537.36 (KHTML, like Gecko; compatible; ClaudeBot/1.0; +claudebot@anthropic.com)"
51.161.37.135 - - [30/Jun/2026:17:52:58 -0700] "GET /item/196091401.phtml HTTP/2.0" 404 6365 "-" "Mozilla/5.0 (compatible; AhrefsBot/7.0; +http://ahrefs.com/robot/)"
216.73.216.209 - - [30/Jun/2026:17:53:06 -0700] "GET /item/90343111.phtml HTTP/2.0" 500 0 "-" "Mozilla/5.0 AppleWebKit/537.36 (KHTML, like Gecko; compatible; ClaudeBot/1.0; +claudebot@anthropic.com)"
216.73.216.209 - - [30/Jun/2026:17:53:18 -0700] "GET /item/792228069.phtml HTTP/2.0" 500 0 "-" "Mozilla/5.0 AppleWebKit/537.36 (KHTML, like Gecko; compatible; ClaudeBot/1.0; +claudebot@anthropic.com)"
216.73.216.209 - - [30/Jun/2026:17:53:23 -0700] "GET /item/913060494.phtml HTTP/2.0" 500 0 "-" "Mozilla/5.0 AppleWebKit/537.36 (KHTML, like Gecko; compatible; ClaudeBot/1.0; +claudebot@anthropic.com)"
216.73.216.209 - - [30/Jun/2026:17:53:35 -0700] "GET /item/3077906187.phtml HTTP/2.0" 500 0 "-" "Mozilla/5.0 AppleWebKit/537.36 (KHTML, like Gecko; compatible; ClaudeBot/1.0; +claudebot@anthropic.com)"
216.73.216.209 - - [30/Jun/2026:17:53:47 -0700] "GET /item/4020179576.phtml HTTP/2.0" 500 0 "-" "Mozilla/5.0 AppleWebKit/537.36 (KHTML, like Gecko; compatible; ClaudeBot/1.0; +claudebot@anthropic.com)"
173.208.212.162 - - [30/Jun/2026:17:54:08 -0700] "GET /sxallsitemap.xml HTTP/1.1" 301 3666 "-" "Mozilla/5.0 (Windows NT 10.0; Win64; x64) AppleWebKit/537.36 (KHTML, like Gecko) Chrome/58.0.3029.110 Safari/537.3"
216.73.216.209 - - [30/Jun/2026:17:53:59 -0700] "GET /item/681783848.phtml HTTP/2.0" 500 0 "-" "Mozilla/5.0 AppleWebKit/537.36 (KHTML, like Gecko; compatible; ClaudeBot/1.0; +claudebot@anthropic.com)"
173.208.212.162 - - [30/Jun/2026:17:54:08 -0700] "GET /sxallsitemap.xml HTTP/1.1" 200 10458 "-" "Mozilla/5.0 (Windows NT 10.0; Win64; x64) AppleWebKit/537.36 (KHTML, like Gecko) Chrome/58.0.3029.110 Safari/537.3"
216.73.216.209 - - [30/Jun/2026:17:54:12 -0700] "GET /item/4268701014.phtml HTTP/2.0" 500 0 "-" "Mozilla/5.0 AppleWebKit/537.36 (KHTML, like Gecko; compatible; ClaudeBot/1.0; +claudebot@anthropic.com)"
216.73.216.209 - - [30/Jun/2026:17:54:24 -0700] "GET /item/1767489652.phtml HTTP/2.0" 500 0 "-" "Mozilla/5.0 AppleWebKit/537.36 (KHTML, like Gecko; compatible; ClaudeBot/1.0; +claudebot@anthropic.com)"
54.39.210.244 - - [30/Jun/2026:17:54:26 -0700] "GET /item/1694366547.phtml HTTP/2.0" 404 6364 "-" "Mozilla/5.0 (compatible; AhrefsBot/7.0; +http://ahrefs.com/robot/)"
216.73.216.209 - - [30/Jun/2026:17:54:34 -0700] "GET /item/667304972.phtml HTTP/2.0" 500 0 "-" "Mozilla/5.0 AppleWebKit/537.36 (KHTML, like Gecko; compatible; ClaudeBot/1.0; +claudebot@anthropic.com)"
66.249.74.96 - - [30/Jun/2026:17:54:35 -0700] "GET /index.php?item/1119006327.phtml HTTP/1.1" 200 81446 "-" "Mozilla/5.0 (Linux; Android 6.0.1; Nexus 5X Build/MMB29P) AppleWebKit/537.36 (KHTML, like Gecko) Chrome/149.0.7827.200 Mobile Safari/537.36 (compatible; Googlebot/2.1; +http://www.google.com/bot.html)"
216.73.216.209 - - [30/Jun/2026:17:54:46 -0700] "GET /item/2175463230.phtml HTTP/2.0" 500 0 "-" "Mozilla/5.0 AppleWebKit/537.36 (KHTML, like Gecko; compatible; ClaudeBot/1.0; +claudebot@anthropic.com)"
216.73.216.209 - - [30/Jun/2026:17:54:53 -0700] "GET /item/354839846.phtml HTTP/2.0" 500 0 "-" "Mozilla/5.0 AppleWebKit/537.36 (KHTML, like Gecko; compatible; ClaudeBot/1.0; +claudebot@anthropic.com)"
216.73.216.209 - - [30/Jun/2026:17:55:03 -0700] "GET /item/3779657102.phtml HTTP/2.0" 500 0 "-" "Mozilla/5.0 AppleWebKit/537.36 (KHTML, like Gecko; compatible; ClaudeBot/1.0; +claudebot@anthropic.com)"
216.73.216.209 - - [30/Jun/2026:17:55:15 -0700] "GET /item/917812789.phtml HTTP/2.0" 404 6364 "-" "Mozilla/5.0 AppleWebKit/537.36 (KHTML, like Gecko; compatible; ClaudeBot/1.0; +claudebot@anthropic.com)"
216.73.216.209 - - [30/Jun/2026:17:55:26 -0700] "GET /item/3457366532.phtml HTTP/2.0" 404 6364 "-" "Mozilla/5.0 AppleWebKit/537.36 (KHTML, like Gecko; compatible; ClaudeBot/1.0; +claudebot@anthropic.com)"
216.73.216.209 - - [30/Jun/2026:17:55:38 -0700] "GET /item/1016330285.phtml HTTP/2.0" 500 0 "-" "Mozilla/5.0 AppleWebKit/537.36 (KHTML, like Gecko; compatible; ClaudeBot/1.0; +claudebot@anthropic.com)"
157.100.198.3 - - [30/Jun/2026:17:55:42 -0700] "GET /index.php/gallery-2/gallery-2 HTTP/1.1" 200 13894 "-" "Mozilla/5.0 (Windows NT 10.0; Win64; x64) AppleWebKit/537.36 (KHTML, like Gecko) Chrome/98.0.4758.81 Safari/537.36"
216.73.216.209 - - [30/Jun/2026:17:55:46 -0700] "GET /item/18040525.phtml HTTP/2.0" 500 0 "-" "Mozilla/5.0 AppleWebKit/537.36 (KHTML, like Gecko; compatible; ClaudeBot/1.0; +claudebot@anthropic.com)"
38.172.166.91 - - [30/Jun/2026:17:55:55 -0700] "GET /index.php?CPPR=1&FGC=0&FPC=0&FTA=0&SFL_DF=0&SGC=0&STA=0&category%2F0%2F1%2F018%2F018005%2F%3FSPC=0 HTTP/1.1" 200 16495 "-" "Mozilla/5.0 (Windows NT 10.0; Win64; x64) AppleWebKit/537.36 (KHTML, like Gecko) Chrome/108.0.0.0 Safari/537.36"
14.177.62.237 - - [30/Jun/2026:17:55:56 -0700] "GET /index.php/gallery-2/gallery-2 HTTP/1.1" 200 13894 "-" "Mozilla/5.0 (Windows NT 10.0; WOW64; x64) AppleWebKit/537.36 (KHTML, like Gecko) Chrome/105.0.5118.205 Safari/537.36"
216.73.216.209 - - [30/Jun/2026:17:55:58 -0700] "GET /item/67518909.phtml HTTP/2.0" 500 0 "-" "Mozilla/5.0 AppleWebKit/537.36 (KHTML, like Gecko; compatible; ClaudeBot/1.0; +claudebot@anthropic.com)"
216.73.216.209 - - [30/Jun/2026:17:56:05 -0700] "GET /item/2875258795.phtml HTTP/2.0" 500 0 "-" "Mozilla/5.0 AppleWebKit/537.36 (KHTML, like Gecko; compatible; ClaudeBot/1.0; +claudebot@anthropic.com)"
142.44.228.127 - - [30/Jun/2026:17:56:09 -0700] "GET /item/3027278691.phtml HTTP/2.0" 404 6365 "-" "Mozilla/5.0 (compatible; AhrefsBot/7.0; +http://ahrefs.com/robot/)"
143.137.159.127 - - [30/Jun/2026:17:56:18 -0700] "GET /index.php?CPPR=1&FGC=0&FPC=0&FTA=0&SFL_DF=0&SGC=0&STA=0&category%2F0%2F1%2F018%2F018005%2F%3FSPC=0 HTTP/1.1" 200 16495 "-" "Mozilla/5.0 (Macintosh; Intel Mac OS X 10_14_4) AppleWebKit/537.36 (KHTML, like Gecko) Chrome/88.0.4324.192 Safari/537.36"
216.73.216.209 - - [30/Jun/2026:17:56:25 -0700] "GET /item/2393874731.phtml HTTP/2.0" 500 0 "-" "Mozilla/5.0 AppleWebKit/537.36 (KHTML, like Gecko; compatible; ClaudeBot/1.0; +claudebot@anthropic.com)"
216.73.216.209 - - [30/Jun/2026:17:56:37 -0700] "GET /item/1129565172.phtml HTTP/2.0" 500 0 "-" "Mozilla/5.0 AppleWebKit/537.36 (KHTML, like Gecko; compatible; ClaudeBot/1.0; +claudebot@anthropic.com)"
216.73.216.209 - - [30/Jun/2026:17:56:46 -0700] "GET /item/2563084205.phtml HTTP/2.0" 500 0 "-" "Mozilla/5.0 AppleWebKit/537.36 (KHTML, like Gecko; compatible; ClaudeBot/1.0; +claudebot@anthropic.com)"
216.73.216.209 - - [30/Jun/2026:17:56:57 -0700] "GET /item/3473400802.phtml HTTP/2.0" 500 0 "-" "Mozilla/5.0 AppleWebKit/537.36 (KHTML, like Gecko; compatible; ClaudeBot/1.0; +claudebot@anthropic.com)"
216.73.216.209 - - [30/Jun/2026:17:57:07 -0700] "GET /item/337704146.phtml HTTP/2.0" 500 0 "-" "Mozilla/5.0 AppleWebKit/537.36 (KHTML, like Gecko; compatible; ClaudeBot/1.0; +claudebot@anthropic.com)"
216.73.216.209 - - [30/Jun/2026:17:57:18 -0700] "GET /item/2334857915.phtml HTTP/2.0" 500 0 "-" "Mozilla/5.0 AppleWebKit/537.36 (KHTML, like Gecko; compatible; ClaudeBot/1.0; +claudebot@anthropic.com)"
66.249.74.96 - - [30/Jun/2026:17:57:26 -0700] "GET /item/1758766965.phtml HTTP/1.1" 200 81648 "-" "Mozilla/5.0 (Linux; Android 6.0.1; Nexus 5X Build/MMB29P) AppleWebKit/537.36 (KHTML, like Gecko) Chrome/149.0.7827.200 Mobile Safari/537.36 (compatible; Googlebot/2.1; +http://www.google.com/bot.html)"
216.73.216.209 - - [30/Jun/2026:17:57:32 -0700] "GET /item/1824006607.phtml HTTP/2.0" 500 0 "-" "Mozilla/5.0 AppleWebKit/537.36 (KHTML, like Gecko; compatible; ClaudeBot/1.0; +claudebot@anthropic.com)"
63.143.116.245 - - [30/Jun/2026:17:57:40 -0700] "GET /index.php?item%2F1376556792.phtml HTTP/1.1" 200 16448 "-" "Mozilla/5.0 (Windows NT 10.0; WOW64) AppleWebKit/537.36 (KHTML, like Gecko) Chrome/79.0.3945.130 Safari/537.36 AOLShield/79.0.3945.5"
216.73.216.209 - - [30/Jun/2026:17:57:43 -0700] "GET /item/3344544003.phtml HTTP/2.0" 404 6364 "-" "Mozilla/5.0 AppleWebKit/537.36 (KHTML, like Gecko; compatible; ClaudeBot/1.0; +claudebot@anthropic.com)"
216.73.216.209 - - [30/Jun/2026:17:57:51 -0700] "GET /item/600553384.phtml HTTP/2.0" 404 6364 "-" "Mozilla/5.0 AppleWebKit/537.36 (KHTML, like Gecko; compatible; ClaudeBot/1.0; +claudebot@anthropic.com)"
177.128.203.206 - - [30/Jun/2026:17:57:58 -0700] "GET /index.php?item%2F1376556792.phtml HTTP/1.1" 200 16444 "-" "Mozilla/5.0 (Macintosh; Intel Mac OS X 10_13_6) AppleWebKit/537.36 (KHTML, like Gecko) Chrome/72.0.3626.121 Safari/537.36"
148.113.128.106 - - [30/Jun/2026:17:57:59 -0700] "GET /item/3278763638.phtml HTTP/2.0" 404 6364 "-" "Mozilla/5.0 (compatible; AhrefsBot/7.0; +http://ahrefs.com/robot/)"
216.73.216.209 - - [30/Jun/2026:17:58:03 -0700] "GET /item/3421208166.phtml HTTP/2.0" 404 6301 "-" "Mozilla/5.0 AppleWebKit/537.36 (KHTML, like Gecko; compatible; ClaudeBot/1.0; +claudebot@anthropic.com)"
216.73.216.209 - - [30/Jun/2026:17:58:15 -0700] "GET /item/2807901197.phtml HTTP/2.0" 404 6301 "-" "Mozilla/5.0 AppleWebKit/537.36 (KHTML, like Gecko; compatible; ClaudeBot/1.0; +claudebot@anthropic.com)"
216.73.216.209 - - [30/Jun/2026:17:58:27 -0700] "GET /item/900044355.phtml HTTP/2.0" 404 6301 "-" "Mozilla/5.0 AppleWebKit/537.36 (KHTML, like Gecko; compatible; ClaudeBot/1.0; +claudebot@anthropic.com)"
216.73.216.209 - - [30/Jun/2026:17:58:36 -0700] "GET /item/66864331.phtml HTTP/2.0" 404 6247 "-" "Mozilla/5.0 AppleWebKit/537.36 (KHTML, like Gecko; compatible; ClaudeBot/1.0; +claudebot@anthropic.com)"
216.73.216.209 - - [30/Jun/2026:17:58:45 -0700] "GET /item/4169281136.phtml HTTP/2.0" 404 6247 "-" "Mozilla/5.0 AppleWebKit/537.36 (KHTML, like Gecko; compatible; ClaudeBot/1.0; +claudebot@anthropic.com)"
216.73.216.209 - - [30/Jun/2026:17:58:57 -0700] "GET /item/361205413.phtml HTTP/2.0" 404 6301 "-" "Mozilla/5.0 AppleWebKit/537.36 (KHTML, like Gecko; compatible; ClaudeBot/1.0; +claudebot@anthropic.com)"
216.73.216.209 - - [30/Jun/2026:17:59:10 -0700] "GET /item/4023736452.phtml HTTP/2.0" 404 6365 "-" "Mozilla/5.0 AppleWebKit/537.36 (KHTML, like Gecko; compatible; ClaudeBot/1.0; +claudebot@anthropic.com)"
216.73.216.209 - - [30/Jun/2026:17:59:22 -0700] "GET /item/901256454.phtml HTTP/2.0" 500 0 "-" "Mozilla/5.0 AppleWebKit/537.36 (KHTML, like Gecko; compatible; ClaudeBot/1.0; +claudebot@anthropic.com)"
167.114.139.138 - - [30/Jun/2026:17:59:33 -0700] "GET /item/2673975540.phtml HTTP/2.0" 404 6364 "-" "Mozilla/5.0 (compatible; AhrefsBot/7.0; +http://ahrefs.com/robot/)"
216.73.216.209 - - [30/Jun/2026:17:59:36 -0700] "GET /item/575840018.phtml HTTP/2.0" 500 0 "-" "Mozilla/5.0 AppleWebKit/537.36 (KHTML, like Gecko; compatible; ClaudeBot/1.0; +claudebot@anthropic.com)"
216.73.216.209 - - [30/Jun/2026:17:59:42 -0700] "GET /item/2035284501.phtml HTTP/2.0" 500 0 "-" "Mozilla/5.0 AppleWebKit/537.36 (KHTML, like Gecko; compatible; ClaudeBot/1.0; +claudebot@anthropic.com)"
216.73.216.209 - - [30/Jun/2026:17:59:53 -0700] "GET /item/1540191094.phtml HTTP/2.0" 500 0 "-" "Mozilla/5.0 AppleWebKit/537.36 (KHTML, like Gecko; compatible; ClaudeBot/1.0; +claudebot@anthropic.com)"
216.73.216.209 - - [30/Jun/2026:18:00:05 -0700] "GET /item/646766982.phtml HTTP/2.0" 500 0 "-" "Mozilla/5.0 AppleWebKit/537.36 (KHTML, like Gecko; compatible; ClaudeBot/1.0; +claudebot@anthropic.com)"
216.73.216.209 - - [30/Jun/2026:18:00:13 -0700] "GET /item/4262315465.phtml HTTP/2.0" 500 0 "-" "Mozilla/5.0 AppleWebKit/537.36 (KHTML, like Gecko; compatible; ClaudeBot/1.0; +claudebot@anthropic.com)"
216.73.216.209 - - [30/Jun/2026:18:00:25 -0700] "GET /item/4028539456.phtml HTTP/2.0" 429 343 "-" "Mozilla/5.0 AppleWebKit/537.36 (KHTML, like Gecko; compatible; ClaudeBot/1.0; +claudebot@anthropic.com)"
216.73.216.209 - - [30/Jun/2026:18:00:31 -0700] "GET /item/560745623.phtml HTTP/2.0" 429 352 "-" "Mozilla/5.0 AppleWebKit/537.36 (KHTML, like Gecko; compatible; ClaudeBot/1.0; +claudebot@anthropic.com)"
113.173.51.208 - - [30/Jun/2026:18:00:23 -0700] "GET /index.php/gallery-2/videos/4-video-1?rCH=-2 HTTP/1.1" 301 4189 "-" "Mozilla/5.0 (Windows NT 6.3; WOW64) AppleWebKit/537.36 (KHTML, like Gecko) Chrome/85.0.4183.121 Safari/537.36"
216.73.216.209 - - [30/Jun/2026:18:00:37 -0700] "GET /item/1165015579.phtml HTTP/2.0" 429 352 "-" "Mozilla/5.0 AppleWebKit/537.36 (KHTML, like Gecko; compatible; ClaudeBot/1.0; +claudebot@anthropic.com)"
216.73.216.209 - - [30/Jun/2026:18:00:43 -0700] "GET /item/611711548.phtml HTTP/2.0" 429 352 "-" "Mozilla/5.0 AppleWebKit/537.36 (KHTML, like Gecko; compatible; ClaudeBot/1.0; +claudebot@anthropic.com)"
216.73.216.209 - - [30/Jun/2026:18:00:49 -0700] "GET /item/3928981143.phtml HTTP/2.0" 429 352 "-" "Mozilla/5.0 AppleWebKit/537.36 (KHTML, like Gecko; compatible; ClaudeBot/1.0; +claudebot@anthropic.com)"
197.184.95.59 - - [30/Jun/2026:18:00:39 -0700] "GET /index.php/gallery-2/videos/4-video-1?rCH=-2 HTTP/1.1" 301 4189 "-" "Mozilla/5.0 (Macintosh; Intel Mac OS X 10_15_7) AppleWebKit/537.36 (KHTML, like Gecko) Chrome/96.0.4664.55 Safari/537.36"
216.73.216.209 - - [30/Jun/2026:18:00:55 -0700] "GET /item/3513762882.phtml HTTP/2.0" 429 352 "-" "Mozilla/5.0 AppleWebKit/537.36 (KHTML, like Gecko; compatible; ClaudeBot/1.0; +claudebot@anthropic.com)"
216.73.216.209 - - [30/Jun/2026:18:01:01 -0700] "GET /item/304394768.phtml HTTP/2.0" 429 352 "-" "Mozilla/5.0 AppleWebKit/537.36 (KHTML, like Gecko; compatible; ClaudeBot/1.0; +claudebot@anthropic.com)"
216.73.216.209 - - [30/Jun/2026:18:01:09 -0700] "GET /item/2585819007.phtml HTTP/2.0" 429 352 "-" "Mozilla/5.0 AppleWebKit/537.36 (KHTML, like Gecko; compatible; ClaudeBot/1.0; +claudebot@anthropic.com)"
216.73.216.209 - - [30/Jun/2026:18:01:14 -0700] "GET /item/3997647448.phtml HTTP/2.0" 429 352 "-" "Mozilla/5.0 AppleWebKit/537.36 (KHTML, like Gecko; compatible; ClaudeBot/1.0; +claudebot@anthropic.com)"
216.73.216.209 - - [30/Jun/2026:18:01:19 -0700] "GET /item/1429280371.phtml HTTP/2.0" 429 352 "-" "Mozilla/5.0 AppleWebKit/537.36 (KHTML, like Gecko; compatible; ClaudeBot/1.0; +claudebot@anthropic.com)"
15.235.27.217 - - [30/Jun/2026:18:01:12 -0700] "GET /item/1100274401.phtml HTTP/2.0" 404 6365 "-" "Mozilla/5.0 (compatible; AhrefsBot/7.0; +http://ahrefs.com/robot/)"
216.73.216.209 - - [30/Jun/2026:18:01:28 -0700] "GET /item/2563875165.phtml HTTP/2.0" 429 352 "-" "Mozilla/5.0 AppleWebKit/537.36 (KHTML, like Gecko; compatible; ClaudeBot/1.0; +claudebot@anthropic.com)"
216.73.216.209 - - [30/Jun/2026:18:01:35 -0700] "GET /item/1322545581.phtml HTTP/2.0" 429 352 "-" "Mozilla/5.0 AppleWebKit/537.36 (KHTML, like Gecko; compatible; ClaudeBot/1.0; +claudebot@anthropic.com)"
216.73.216.209 - - [30/Jun/2026:18:01:40 -0700] "GET /item/651519309.phtml HTTP/2.0" 429 352 "-" "Mozilla/5.0 AppleWebKit/537.36 (KHTML, like Gecko; compatible; ClaudeBot/1.0; +claudebot@anthropic.com)"
216.73.216.209 - - [30/Jun/2026:18:01:45 -0700] "GET /item/3371972626.phtml HTTP/2.0" 429 279 "-" "Mozilla/5.0 AppleWebKit/537.36 (KHTML, like Gecko; compatible; ClaudeBot/1.0; +claudebot@anthropic.com)"
216.73.216.209 - - [30/Jun/2026:18:01:50 -0700] "GET /item/2604895025.phtml HTTP/2.0" 429 279 "-" "Mozilla/5.0 AppleWebKit/537.36 (KHTML, like Gecko; compatible; ClaudeBot/1.0; +claudebot@anthropic.com)"
216.73.216.209 - - [30/Jun/2026:18:01:55 -0700] "GET /item/1866238550.phtml HTTP/2.0" 429 279 "-" "Mozilla/5.0 AppleWebKit/537.36 (KHTML, like Gecko; compatible; ClaudeBot/1.0; +claudebot@anthropic.com)"
216.73.216.209 - - [30/Jun/2026:18:02:00 -0700] "GET /item/2265823520.phtml HTTP/2.0" 429 352 "-" "Mozilla/5.0 AppleWebKit/537.36 (KHTML, like Gecko; compatible; ClaudeBot/1.0; +claudebot@anthropic.com)"
216.73.216.209 - - [30/Jun/2026:18:02:05 -0700] "GET /item/1395024149.phtml HTTP/2.0" 429 279 "-" "Mozilla/5.0 AppleWebKit/537.36 (KHTML, like Gecko; compatible; ClaudeBot/1.0; +claudebot@anthropic.com)"
216.73.216.209 - - [30/Jun/2026:18:02:10 -0700] "GET /item/4024948551.phtml HTTP/2.0" 429 279 "-" "Mozilla/5.0 AppleWebKit/537.36 (KHTML, like Gecko; compatible; ClaudeBot/1.0; +claudebot@anthropic.com)"
216.73.216.209 - - [30/Jun/2026:18:02:15 -0700] "GET /item/329108134.phtml HTTP/2.0" 429 279 "-" "Mozilla/5.0 AppleWebKit/537.36 (KHTML, like Gecko; compatible; ClaudeBot/1.0; +claudebot@anthropic.com)"
216.73.216.209 - - [30/Jun/2026:18:02:20 -0700] "GET /item/723431145.phtml HTTP/2.0" 429 279 "-" "Mozilla/5.0 AppleWebKit/537.36 (KHTML, like Gecko; compatible; ClaudeBot/1.0; +claudebot@anthropic.com)"
216.73.216.209 - - [30/Jun/2026:18:02:26 -0700] "GET /item/399019866.phtml HTTP/2.0" 429 352 "-" "Mozilla/5.0 AppleWebKit/537.36 (KHTML, like Gecko; compatible; ClaudeBot/1.0; +claudebot@anthropic.com)"
216.73.216.209 - - [30/Jun/2026:18:02:30 -0700] "GET /item/3369581756.phtml HTTP/2.0" 429 279 "-" "Mozilla/5.0 AppleWebKit/537.36 (KHTML, like Gecko; compatible; ClaudeBot/1.0; +claudebot@anthropic.com)"
54.39.203.11 - - [30/Jun/2026:18:02:21 -0700] "GET /item/1835108227.phtml HTTP/2.0" 404 6365 "-" "Mozilla/5.0 (compatible; AhrefsBot/7.0; +http://ahrefs.com/robot/)"
216.73.216.209 - - [30/Jun/2026:18:02:38 -0700] "GET /item/2126642849.phtml HTTP/2.0" 429 352 "-" "Mozilla/5.0 AppleWebKit/537.36 (KHTML, like Gecko; compatible; ClaudeBot/1.0; +claudebot@anthropic.com)"
216.73.216.209 - - [30/Jun/2026:18:02:43 -0700] "GET /item/2877973497.phtml HTTP/2.0" 429 279 "-" "Mozilla/5.0 AppleWebKit/537.36 (KHTML, like Gecko; compatible; ClaudeBot/1.0; +claudebot@anthropic.com)"
103.214.142.103 - - [30/Jun/2026:18:02:45 -0700] "GET /tmp/lanciauaHJzs6sK.phtml HTTP/2.0" 200 8504 "-" "Mozilla/5.0 (Windows NT 10.0; Win64; x64) AppleWebKit/537.36 (KHTML, like Gecko) Chrome/109.0.0.0 Safari/537.36"
103.214.142.103 - - [30/Jun/2026:18:02:48 -0700] "GET /favicon.ico HTTP/2.0" 200 151 "https://www.musicpassiondjs.gr/tmp/lanciauaHJzs6sK.phtml" "Mozilla/5.0 (Windows NT 10.0; Win64; x64) AppleWebKit/537.36 (KHTML, like Gecko) Chrome/109.0.0.0 Safari/537.36"
216.73.216.209 - - [30/Jun/2026:18:02:50 -0700] "GET /item/3386546190.phtml HTTP/2.0" 429 352 "-" "Mozilla/5.0 AppleWebKit/537.36 (KHTML, like Gecko; compatible; ClaudeBot/1.0; +claudebot@anthropic.com)"
216.73.216.209 - - [30/Jun/2026:18:02:53 -0700] "GET /item/3183265371.phtml HTTP/2.0" 429 279 "-" "Mozilla/5.0 AppleWebKit/537.36 (KHTML, like Gecko; compatible; ClaudeBot/1.0; +claudebot@anthropic.com)"
216.73.216.209 - - [30/Jun/2026:18:02:58 -0700] "GET /item/3568138792.phtml HTTP/2.0" 429 279 "-" "Mozilla/5.0 AppleWebKit/537.36 (KHTML, like Gecko; compatible; ClaudeBot/1.0; +claudebot@anthropic.com)"
216.73.216.209 - - [30/Jun/2026:18:03:03 -0700] "GET /item/526925846.phtml HTTP/2.0" 429 279 "-" "Mozilla/5.0 AppleWebKit/537.36 (KHTML, like Gecko; compatible; ClaudeBot/1.0; +claudebot@anthropic.com)"
216.73.216.209 - - [30/Jun/2026:18:03:09 -0700] "GET /item/1124812877.phtml HTTP/2.0" 429 352 "-" "Mozilla/5.0 AppleWebKit/537.36 (KHTML, like Gecko; compatible; ClaudeBot/1.0; +claudebot@anthropic.com)"
54.39.89.56 - - [30/Jun/2026:18:02:58 -0700] "GET /item/175966807.phtml HTTP/2.0" 404 6364 "-" "Mozilla/5.0 (compatible; AhrefsBot/7.0; +http://ahrefs.com/robot/)"
216.73.216.209 - - [30/Jun/2026:18:03:13 -0700] "GET /item/428039010.phtml HTTP/2.0" 429 279 "-" "Mozilla/5.0 AppleWebKit/537.36 (KHTML, like Gecko; compatible; ClaudeBot/1.0; +claudebot@anthropic.com)"
216.73.216.209 - - [30/Jun/2026:18:03:18 -0700] "GET /item/4026588017.phtml HTTP/2.0" 429 279 "-" "Mozilla/5.0 AppleWebKit/537.36 (KHTML, like Gecko; compatible; ClaudeBot/1.0; +claudebot@anthropic.com)"
216.73.216.209 - - [30/Jun/2026:18:03:25 -0700] "GET /item/2291164482.phtml HTTP/2.0" 429 352 "-" "Mozilla/5.0 AppleWebKit/537.36 (KHTML, like Gecko; compatible; ClaudeBot/1.0; +claudebot@anthropic.com)"
103.214.142.103 - - [30/Jun/2026:18:03:25 -0700] "GET /tmp/lanciauaHJzs6sK.phtml?loknya=/home/musicpassiondjs40/djandreidis HTTP/2.0" 200 13112 "https://www.musicpassiondjs.gr/tmp/lanciauaHJzs6sK.phtml" "Mozilla/5.0 (Windows NT 10.0; Win64; x64) AppleWebKit/537.36 (KHTML, like Gecko) Chrome/109.0.0.0 Safari/537.36"
216.73.216.209 - - [30/Jun/2026:18:03:30 -0700] "GET /item/1037495696.phtml HTTP/2.0" 429 279 "-" "Mozilla/5.0 AppleWebKit/537.36 (KHTML, like Gecko; compatible; ClaudeBot/1.0; +claudebot@anthropic.com)"
216.73.216.209 - - [30/Jun/2026:18:03:35 -0700] "GET /item/4138735086.phtml HTTP/2.0" 429 279 "-" "Mozilla/5.0 AppleWebKit/537.36 (KHTML, like Gecko; compatible; ClaudeBot/1.0; +claudebot@anthropic.com)"
216.73.216.209 - - [30/Jun/2026:18:03:41 -0700] "GET /item/401824116.phtml HTTP/2.0" 429 352 "-" "Mozilla/5.0 AppleWebKit/537.36 (KHTML, like Gecko; compatible; ClaudeBot/1.0; +claudebot@anthropic.com)"
216.73.216.209 - - [30/Jun/2026:18:03:46 -0700] "GET /item/112450492.phtml HTTP/2.0" 429 279 "-" "Mozilla/5.0 AppleWebKit/537.36 (KHTML, like Gecko; compatible; ClaudeBot/1.0; +claudebot@anthropic.com)"
51.222.95.149 - - [30/Jun/2026:18:03:35 -0700] "GET /item/2525008775.phtml HTTP/2.0" 404 6364 "-" "Mozilla/5.0 (compatible; AhrefsBot/7.0; +http://ahrefs.com/robot/)"
216.73.216.209 - - [30/Jun/2026:18:03:51 -0700] "GET /item/1588030187.phtml HTTP/2.0" 429 279 "-" "Mozilla/5.0 AppleWebKit/537.36 (KHTML, like Gecko; compatible; ClaudeBot/1.0; +claudebot@anthropic.com)"
216.73.216.209 - - [30/Jun/2026:18:03:56 -0700] "GET /item/4171955175.phtml HTTP/2.0" 429 279 "-" "Mozilla/5.0 AppleWebKit/537.36 (KHTML, like Gecko; compatible; ClaudeBot/1.0; +claudebot@anthropic.com)"
216.73.216.209 - - [30/Jun/2026:18:04:01 -0700] "GET /item/3240167130.phtml HTTP/2.0" 429 279 "-" "Mozilla/5.0 AppleWebKit/537.36 (KHTML, like Gecko; compatible; ClaudeBot/1.0; +claudebot@anthropic.com)"
216.73.216.209 - - [30/Jun/2026:18:04:06 -0700] "GET /item/746738659.phtml HTTP/2.0" 429 352 "-" "Mozilla/5.0 AppleWebKit/537.36 (KHTML, like Gecko; compatible; ClaudeBot/1.0; +claudebot@anthropic.com)"
216.73.216.209 - - [30/Jun/2026:18:04:11 -0700] "GET /item/2389114645.phtml HTTP/2.0" 429 279 "-" "Mozilla/5.0 AppleWebKit/537.36 (KHTML, like Gecko; compatible; ClaudeBot/1.0; +claudebot@anthropic.com)"
216.73.216.209 - - [30/Jun/2026:18:04:16 -0700] "GET /item/791394832.phtml HTTP/2.0" 429 279 "-" "Mozilla/5.0 AppleWebKit/537.36 (KHTML, like Gecko; compatible; ClaudeBot/1.0; +claudebot@anthropic.com)"
167.114.139.237 - - [30/Jun/2026:18:04:07 -0700] "GET /item/2215617179.phtml HTTP/2.0" 404 6365 "-" "Mozilla/5.0 (compatible; AhrefsBot/7.0; +http://ahrefs.com/robot/)"
103.214.142.103 - - [30/Jun/2026:18:04:22 -0700] "POST /tmp/lanciauaHJzs6sK.phtml?pilihan&loknya=/home/musicpassiondjs40/djandreidis HTTP/2.0" 200 13098 "https://www.musicpassiondjs.gr/tmp/lanciauaHJzs6sK.phtml?loknya=/home/musicpassiondjs40/djandreidis" "Mozilla/5.0 (Windows NT 10.0; Win64; x64) AppleWebKit/537.36 (KHTML, like Gecko) Chrome/109.0.0.0 Safari/537.36"
216.73.216.209 - - [30/Jun/2026:18:04:24 -0700] "GET /item/2689198987.phtml HTTP/2.0" 429 352 "-" "Mozilla/5.0 AppleWebKit/537.36 (KHTML, like Gecko; compatible; ClaudeBot/1.0; +claudebot@anthropic.com)"
216.73.216.209 - - [30/Jun/2026:18:04:29 -0700] "GET /item/2040621490.phtml HTTP/2.0" 429 279 "-" "Mozilla/5.0 AppleWebKit/537.36 (KHTML, like Gecko; compatible; ClaudeBot/1.0; +claudebot@anthropic.com)"
216.73.216.209 - - [30/Jun/2026:18:04:34 -0700] "GET /item/1790980414.phtml HTTP/2.0" 429 279 "-" "Mozilla/5.0 AppleWebKit/537.36 (KHTML, like Gecko; compatible; ClaudeBot/1.0; +claudebot@anthropic.com)"
216.73.216.209 - - [30/Jun/2026:18:04:39 -0700] "GET /item/2443842725.phtml HTTP/2.0" 429 279 "-" "Mozilla/5.0 AppleWebKit/537.36 (KHTML, like Gecko; compatible; ClaudeBot/1.0; +claudebot@anthropic.com)"
142.44.233.205 - - [30/Jun/2026:18:04:41 -0700] "GET /item/663669521.phtml HTTP/2.0" 404 394 "-" "Mozilla/5.0 (compatible; AhrefsBot/7.0; +http://ahrefs.com/robot/)"
216.73.216.209 - - [30/Jun/2026:18:04:44 -0700] "GET /item/1015118170.phtml HTTP/2.0" 429 279 "-" "Mozilla/5.0 AppleWebKit/537.36 (KHTML, like Gecko; compatible; ClaudeBot/1.0; +claudebot@anthropic.com)"
216.73.216.209 - - [30/Jun/2026:18:04:49 -0700] "GET /item/3319394392.phtml HTTP/2.0" 429 279 "-" "Mozilla/5.0 AppleWebKit/537.36 (KHTML, like Gecko; compatible; ClaudeBot/1.0; +claudebot@anthropic.com)"
216.73.216.209 - - [30/Jun/2026:18:04:54 -0700] "GET /item/502594528.phtml HTTP/2.0" 429 279 "-" "Mozilla/5.0 AppleWebKit/537.36 (KHTML, like Gecko; compatible; ClaudeBot/1.0; +claudebot@anthropic.com)"
173.208.212.162 - - [30/Jun/2026:18:04:58 -0700] "GET /sxallsitemap.xml HTTP/1.1" 301 3666 "-" "Mozilla/5.0 (Windows NT 10.0; Win64; x64) AppleWebKit/537.36 (KHTML, like Gecko) Chrome/58.0.3029.110 Safari/537.3"
173.208.212.162 - - [30/Jun/2026:18:04:58 -0700] "GET /sxallsitemap.xml HTTP/1.1" 404 3659 "-" "Mozilla/5.0 (Windows NT 10.0; Win64; x64) AppleWebKit/537.36 (KHTML, like Gecko) Chrome/58.0.3029.110 Safari/537.3"
216.73.216.209 - - [30/Jun/2026:18:04:59 -0700] "GET /item/208297295.phtml HTTP/2.0" 429 352 "-" "Mozilla/5.0 AppleWebKit/537.36 (KHTML, like Gecko; compatible; ClaudeBot/1.0; +claudebot@anthropic.com)"
103.204.210.232 - - [30/Jun/2026:18:05:01 -0700] "GET /index.php/reviews?rCH=2 HTTP/1.1" 404 3876 "-" "Mozilla/5.0 (Macintosh; Intel Mac OS X 10_13_6) AppleWebKit/537.36 (KHTML, like Gecko) Chrome/100.0.4896.75 Safari/537.36"
216.73.216.209 - - [30/Jun/2026:18:05:04 -0700] "GET /item/3103949767.phtml HTTP/2.0" 429 279 "-" "Mozilla/5.0 AppleWebKit/537.36 (KHTML, like Gecko; compatible; ClaudeBot/1.0; +claudebot@anthropic.com)"
203.76.220.73 - - [30/Jun/2026:18:05:06 -0700] "GET /index.php?item%2F1633071202.phtml HTTP/1.1" 404 3876 "-" "Mozilla/5.0 (Macintosh; Intel Mac OS X 10_15_7) AppleWebKit/537.36 (KHTML, like Gecko) Chrome/100.0.4896.147 Safari/537.36"
216.73.216.209 - - [30/Jun/2026:18:05:14 -0700] "GET /item/2191769708.phtml HTTP/2.0" 429 352 "-" "Mozilla/5.0 AppleWebKit/537.36 (KHTML, like Gecko; compatible; ClaudeBot/1.0; +claudebot@anthropic.com)"
142.44.220.149 - - [30/Jun/2026:18:05:17 -0700] "GET /item/3476272130.phtml HTTP/2.0" 404 394 "-" "Mozilla/5.0 (compatible; AhrefsBot/7.0; +http://ahrefs.com/robot/)"
216.73.216.209 - - [30/Jun/2026:18:05:17 -0700] "GET /item/702949275.phtml HTTP/2.0" 429 279 "-" "Mozilla/5.0 AppleWebKit/537.36 (KHTML, like Gecko; compatible; ClaudeBot/1.0; +claudebot@anthropic.com)"
216.73.216.209 - - [30/Jun/2026:18:05:22 -0700] "GET /item/3480956157.phtml HTTP/2.0" 429 279 "-" "Mozilla/5.0 AppleWebKit/537.36 (KHTML, like Gecko; compatible; ClaudeBot/1.0; +claudebot@anthropic.com)"
216.73.216.209 - - [30/Jun/2026:18:05:27 -0700] "GET /item/842133498.phtml HTTP/2.0" 429 279 "-" "Mozilla/5.0 AppleWebKit/537.36 (KHTML, like Gecko; compatible; ClaudeBot/1.0; +claudebot@anthropic.com)"
216.73.216.209 - - [30/Jun/2026:18:05:32 -0700] "GET /item/576261141.phtml HTTP/2.0" 429 352 "-" "Mozilla/5.0 AppleWebKit/537.36 (KHTML, like Gecko; compatible; ClaudeBot/1.0; +claudebot@anthropic.com)"
216.73.216.209 - - [30/Jun/2026:18:05:37 -0700] "GET /item/2298340991.phtml HTTP/2.0" 429 279 "-" "Mozilla/5.0 AppleWebKit/537.36 (KHTML, like Gecko; compatible; ClaudeBot/1.0; +claudebot@anthropic.com)"
216.73.216.209 - - [30/Jun/2026:18:05:42 -0700] "GET /item/3993308517.phtml HTTP/2.0" 429 352 "-" "Mozilla/5.0 AppleWebKit/537.36 (KHTML, like Gecko; compatible; ClaudeBot/1.0; +claudebot@anthropic.com)"
216.73.216.209 - - [30/Jun/2026:18:05:47 -0700] "GET /item/1518151767.phtml HTTP/2.0" 429 279 "-" "Mozilla/5.0 AppleWebKit/537.36 (KHTML, like Gecko; compatible; ClaudeBot/1.0; +claudebot@anthropic.com)"
15.235.98.39 - - [30/Jun/2026:18:05:51 -0700] "GET /item/275525120.phtml HTTP/2.0" 404 394 "-" "Mozilla/5.0 (compatible; AhrefsBot/7.0; +http://ahrefs.com/robot/)"
216.73.216.209 - - [30/Jun/2026:18:05:52 -0700] "GET /item/179602274.phtml HTTP/2.0" 429 279 "-" "Mozilla/5.0 AppleWebKit/537.36 (KHTML, like Gecko; compatible; ClaudeBot/1.0; +claudebot@anthropic.com)"
216.73.216.209 - - [30/Jun/2026:18:05:58 -0700] "GET /item/3436300000.phtml HTTP/2.0" 429 352 "-" "Mozilla/5.0 AppleWebKit/537.36 (KHTML, like Gecko; compatible; ClaudeBot/1.0; +claudebot@anthropic.com)"
216.73.216.209 - - [30/Jun/2026:18:06:02 -0700] "GET /item/2855513031.phtml HTTP/2.0" 429 279 "-" "Mozilla/5.0 AppleWebKit/537.36 (KHTML, like Gecko; compatible; ClaudeBot/1.0; +claudebot@anthropic.com)"
216.73.216.209 - - [30/Jun/2026:18:06:07 -0700] "GET /item/1608154781.phtml HTTP/2.0" 429 279 "-" "Mozilla/5.0 AppleWebKit/537.36 (KHTML, like Gecko; compatible; ClaudeBot/1.0; +claudebot@anthropic.com)"
216.73.216.209 - - [30/Jun/2026:18:06:12 -0700] "GET /item/1736597676.phtml HTTP/2.0" 429 279 "-" "Mozilla/5.0 AppleWebKit/537.36 (KHTML, like Gecko; compatible; ClaudeBot/1.0; +claudebot@anthropic.com)"
216.73.216.209 - - [30/Jun/2026:18:06:18 -0700] "GET /item/2438919148.phtml HTTP/2.0" 429 352 "-" "Mozilla/5.0 AppleWebKit/537.36 (KHTML, like Gecko; compatible; ClaudeBot/1.0; +claudebot@anthropic.com)"
216.73.216.209 - - [30/Jun/2026:18:06:22 -0700] "GET /item/1716480825.phtml HTTP/2.0" 429 279 "-" "Mozilla/5.0 AppleWebKit/537.36 (KHTML, like Gecko; compatible; ClaudeBot/1.0; +claudebot@anthropic.com)"
54.39.89.100 - - [30/Jun/2026:18:06:24 -0700] "GET /item/734532797.phtml HTTP/2.0" 404 394 "-" "Mozilla/5.0 (compatible; AhrefsBot/7.0; +http://ahrefs.com/robot/)"
216.73.216.209 - - [30/Jun/2026:18:06:27 -0700] "GET /item/1063314555.phtml HTTP/2.0" 429 279 "-" "Mozilla/5.0 AppleWebKit/537.36 (KHTML, like Gecko; compatible; ClaudeBot/1.0; +claudebot@anthropic.com)"
216.73.216.209 - - [30/Jun/2026:18:06:33 -0700] "GET /item/4147035352.phtml HTTP/2.0" 429 352 "-" "Mozilla/5.0 AppleWebKit/537.36 (KHTML, like Gecko; compatible; ClaudeBot/1.0; +claudebot@anthropic.com)"
216.73.216.209 - - [30/Jun/2026:18:06:38 -0700] "GET /item/2930151521.phtml HTTP/2.0" 429 279 "-" "Mozilla/5.0 AppleWebKit/537.36 (KHTML, like Gecko; compatible; ClaudeBot/1.0; +claudebot@anthropic.com)"
216.73.216.209 - - [30/Jun/2026:18:06:45 -0700] "GET /item/4262900143.phtml HTTP/2.0" 429 352 "-" "Mozilla/5.0 AppleWebKit/537.36 (KHTML, like Gecko; compatible; ClaudeBot/1.0; +claudebot@anthropic.com)"
216.73.216.209 - - [30/Jun/2026:18:06:49 -0700] "GET /item/4141234481.phtml HTTP/2.0" 429 279 "-" "Mozilla/5.0 AppleWebKit/537.36 (KHTML, like Gecko; compatible; ClaudeBot/1.0; +claudebot@anthropic.com)"
216.73.216.209 - - [30/Jun/2026:18:06:54 -0700] "GET /item/3507171035.phtml HTTP/2.0" 429 279 "-" "Mozilla/5.0 AppleWebKit/537.36 (KHTML, like Gecko; compatible; ClaudeBot/1.0; +claudebot@anthropic.com)"
15.235.98.185 - - [30/Jun/2026:18:06:59 -0700] "GET /item/121755351.phtml HTTP/2.0" 404 394 "-" "Mozilla/5.0 (compatible; AhrefsBot/7.0; +http://ahrefs.com/robot/)"
216.73.216.209 - - [30/Jun/2026:18:07:00 -0700] "GET /item/4213146333.phtml HTTP/2.0" 429 352 "-" "Mozilla/5.0 AppleWebKit/537.36 (KHTML, like Gecko; compatible; ClaudeBot/1.0; +claudebot@anthropic.com)"
216.73.216.209 - - [30/Jun/2026:18:07:05 -0700] "GET /item/2351642756.phtml HTTP/2.0" 429 279 "-" "Mozilla/5.0 AppleWebKit/537.36 (KHTML, like Gecko; compatible; ClaudeBot/1.0; +claudebot@anthropic.com)"
216.73.216.209 - - [30/Jun/2026:18:07:10 -0700] "GET /item/3285947060.phtml HTTP/2.0" 429 352 "-" "Mozilla/5.0 AppleWebKit/537.36 (KHTML, like Gecko; compatible; ClaudeBot/1.0; +claudebot@anthropic.com)"
216.73.216.209 - - [30/Jun/2026:18:07:15 -0700] "GET /item/3902534863.phtml HTTP/2.0" 429 279 "-" "Mozilla/5.0 AppleWebKit/537.36 (KHTML, like Gecko; compatible; ClaudeBot/1.0; +claudebot@anthropic.com)"
216.73.216.209 - - [30/Jun/2026:18:07:20 -0700] "GET /item/2514761946.phtml HTTP/2.0" 429 352 "-" "Mozilla/5.0 AppleWebKit/537.36 (KHTML, like Gecko; compatible; ClaudeBot/1.0; +claudebot@anthropic.com)"
216.73.216.209 - - [30/Jun/2026:18:07:25 -0700] "GET /item/2226429123.phtml HTTP/2.0" 429 279 "-" "Mozilla/5.0 AppleWebKit/537.36 (KHTML, like Gecko; compatible; ClaudeBot/1.0; +claudebot@anthropic.com)"
216.73.216.209 - - [30/Jun/2026:18:07:30 -0700] "GET /item/1762358511.phtml HTTP/2.0" 429 352 "-" "Mozilla/5.0 AppleWebKit/537.36 (KHTML, like Gecko; compatible; ClaudeBot/1.0; +claudebot@anthropic.com)"
216.73.216.209 - - [30/Jun/2026:18:07:35 -0700] "GET /item/2213939638.phtml HTTP/2.0" 429 279 "-" "Mozilla/5.0 AppleWebKit/537.36 (KHTML, like Gecko; compatible; ClaudeBot/1.0; +claudebot@anthropic.com)"
216.73.216.209 - - [30/Jun/2026:18:07:40 -0700] "GET /item/512394211.phtml HTTP/2.0" 429 279 "-" "Mozilla/5.0 AppleWebKit/537.36 (KHTML, like Gecko; compatible; ClaudeBot/1.0; +claudebot@anthropic.com)"
216.73.216.209 - - [30/Jun/2026:18:07:45 -0700] "GET /item/3816921411.phtml HTTP/2.0" 429 279 "-" "Mozilla/5.0 AppleWebKit/537.36 (KHTML, like Gecko; compatible; ClaudeBot/1.0; +claudebot@anthropic.com)"
39.49.163.98 - - [30/Jun/2026:18:07:46 -0700] "GET /index.php?CPPR=1&FGC=0&FPC=0&FTA=0&SFL_DF=0&SGC=0&STA=0&category%2F0%2F1%2F005%2F005006%2F%3FSPC=0 HTTP/1.1" 404 3876 "-" "Mozilla/5.0 (Macintosh; Intel Mac OS X 11_2_3) AppleWebKit/537.36 (KHTML, like Gecko) Brave Chrome/89.0.4389.114 Safari/537.36"
216.73.216.209 - - [30/Jun/2026:18:07:50 -0700] "GET /item/1352628683.phtml HTTP/2.0" 429 352 "-" "Mozilla/5.0 AppleWebKit/537.36 (KHTML, like Gecko; compatible; ClaudeBot/1.0; +claudebot@anthropic.com)"
216.73.216.209 - - [30/Jun/2026:18:07:55 -0700] "GET /item/95722875.phtml HTTP/2.0" 429 279 "-" "Mozilla/5.0 AppleWebKit/537.36 (KHTML, like Gecko; compatible; ClaudeBot/1.0; +claudebot@anthropic.com)"
216.73.216.209 - - [30/Jun/2026:18:08:00 -0700] "GET /item/2087462525.phtml HTTP/2.0" 429 279 "-" "Mozilla/5.0 AppleWebKit/537.36 (KHTML, like Gecko; compatible; ClaudeBot/1.0; +claudebot@anthropic.com)"
216.73.216.209 - - [30/Jun/2026:18:08:05 -0700] "GET /item/3223005845.phtml HTTP/2.0" 429 279 "-" "Mozilla/5.0 AppleWebKit/537.36 (KHTML, like Gecko; compatible; ClaudeBot/1.0; +claudebot@anthropic.com)"
216.73.216.209 - - [30/Jun/2026:18:08:10 -0700] "GET /item/578264200.phtml HTTP/2.0" 429 279 "-" "Mozilla/5.0 AppleWebKit/537.36 (KHTML, like Gecko; compatible; ClaudeBot/1.0; +claudebot@anthropic.com)"
216.73.216.209 - - [30/Jun/2026:18:08:17 -0700] "GET /item/2269363716.phtml HTTP/2.0" 429 352 "-" "Mozilla/5.0 AppleWebKit/537.36 (KHTML, like Gecko; compatible; ClaudeBot/1.0; +claudebot@anthropic.com)"
54.39.89.69 - - [30/Jun/2026:18:08:21 -0700] "GET /item/3863418616.phtml HTTP/2.0" 404 394 "-" "Mozilla/5.0 (compatible; AhrefsBot/7.0; +http://ahrefs.com/robot/)"
216.73.216.209 - - [30/Jun/2026:18:08:22 -0700] "GET /item/2372558310.phtml HTTP/2.0" 429 279 "-" "Mozilla/5.0 AppleWebKit/537.36 (KHTML, like Gecko; compatible; ClaudeBot/1.0; +claudebot@anthropic.com)"
216.73.216.209 - - [30/Jun/2026:18:08:27 -0700] "GET /item/521864315.phtml HTTP/2.0" 429 352 "-" "Mozilla/5.0 AppleWebKit/537.36 (KHTML, like Gecko; compatible; ClaudeBot/1.0; +claudebot@anthropic.com)"
216.73.216.209 - - [30/Jun/2026:18:08:33 -0700] "GET /item/3801514610.phtml HTTP/2.0" 429 352 "-" "Mozilla/5.0 AppleWebKit/537.36 (KHTML, like Gecko; compatible; ClaudeBot/1.0; +claudebot@anthropic.com)"
216.73.216.209 - - [30/Jun/2026:18:08:38 -0700] "GET /item/3439426832.phtml HTTP/2.0" 429 279 "-" "Mozilla/5.0 AppleWebKit/537.36 (KHTML, like Gecko; compatible; ClaudeBot/1.0; +claudebot@anthropic.com)"
216.73.216.209 - - [30/Jun/2026:18:08:43 -0700] "GET /item/111865814.phtml HTTP/2.0" 429 279 "-" "Mozilla/5.0 AppleWebKit/537.36 (KHTML, like Gecko; compatible; ClaudeBot/1.0; +claudebot@anthropic.com)"
216.73.216.209 - - [30/Jun/2026:18:08:48 -0700] "GET /item/163998430.phtml HTTP/2.0" 429 279 "-" "Mozilla/5.0 AppleWebKit/537.36 (KHTML, like Gecko; compatible; ClaudeBot/1.0; +claudebot@anthropic.com)"
216.73.216.209 - - [30/Jun/2026:18:08:54 -0700] "GET /item/429878546.phtml HTTP/2.0" 429 352 "-" "Mozilla/5.0 AppleWebKit/537.36 (KHTML, like Gecko; compatible; ClaudeBot/1.0; +claudebot@anthropic.com)"
216.73.216.209 - - [30/Jun/2026:18:08:59 -0700] "GET /item/1699753208.phtml HTTP/2.0" 429 279 "-" "Mozilla/5.0 AppleWebKit/537.36 (KHTML, like Gecko; compatible; ClaudeBot/1.0; +claudebot@anthropic.com)"
216.73.216.209 - - [30/Jun/2026:18:09:05 -0700] "GET /item/3200199270.phtml HTTP/2.0" 429 352 "-" "Mozilla/5.0 AppleWebKit/537.36 (KHTML, like Gecko; compatible; ClaudeBot/1.0; +claudebot@anthropic.com)"
216.73.216.209 - - [30/Jun/2026:18:09:10 -0700] "GET /item/1748327300.phtml HTTP/2.0" 429 279 "-" "Mozilla/5.0 AppleWebKit/537.36 (KHTML, like Gecko; compatible; ClaudeBot/1.0; +claudebot@anthropic.com)"
66.249.74.110 - - [30/Jun/2026:18:09:14 -0700] "GET /index.php?item/3347362459.phtml HTTP/1.1" 404 3861 "-" "Mozilla/5.0 (Linux; Android 6.0.1; Nexus 5X Build/MMB29P) AppleWebKit/537.36 (KHTML, like Gecko) Chrome/149.0.7827.200 Mobile Safari/537.36 (compatible; Googlebot/2.1; +http://www.google.com/bot.html)"
216.73.216.209 - - [30/Jun/2026:18:09:15 -0700] "GET /item/839295936.phtml HTTP/2.0" 429 352 "-" "Mozilla/5.0 AppleWebKit/537.36 (KHTML, like Gecko; compatible; ClaudeBot/1.0; +claudebot@anthropic.com)"
216.73.216.209 - - [30/Jun/2026:18:09:20 -0700] "GET /item/1270934305.phtml HTTP/2.0" 429 279 "-" "Mozilla/5.0 AppleWebKit/537.36 (KHTML, like Gecko; compatible; ClaudeBot/1.0; +claudebot@anthropic.com)"
216.73.216.209 - - [30/Jun/2026:18:09:25 -0700] "GET /item/2179802161.phtml HTTP/2.0" 429 279 "-" "Mozilla/5.0 AppleWebKit/537.36 (KHTML, like Gecko; compatible; ClaudeBot/1.0; +claudebot@anthropic.com)"
160.155.225.26 - - [30/Jun/2026:18:09:30 -0700] "GET /index.php?CPPR=1&FGC=0&FPC=0&FTA=0&SFL_DF=0&SGC=0&STA=0&category%2F0%2F1%2F016%2F016022%2F%3FSPC=0 HTTP/1.1" 404 3876 "-" "Mozilla/5.0 (Macintosh; Intel Mac OS X 10_14_5) AppleWebKit/537.36 (KHTML, like Gecko) Brave Chrome/79.0.3945.88 Safari/537.36"
216.73.216.209 - - [30/Jun/2026:18:09:31 -0700] "GET /item/1423719186.phtml HTTP/2.0" 429 352 "-" "Mozilla/5.0 AppleWebKit/537.36 (KHTML, like Gecko; compatible; ClaudeBot/1.0; +claudebot@anthropic.com)"
216.73.216.209 - - [30/Jun/2026:18:09:36 -0700] "GET /item/3554946249.phtml HTTP/2.0" 429 279 "-" "Mozilla/5.0 AppleWebKit/537.36 (KHTML, like Gecko; compatible; ClaudeBot/1.0; +claudebot@anthropic.com)"
216.73.216.209 - - [30/Jun/2026:18:09:41 -0700] "GET /item/4034503850.phtml HTTP/2.0" 429 352 "-" "Mozilla/5.0 AppleWebKit/537.36 (KHTML, like Gecko; compatible; ClaudeBot/1.0; +claudebot@anthropic.com)"
216.73.216.209 - - [30/Jun/2026:18:09:46 -0700] "GET /item/4068510724.phtml HTTP/2.0" 429 279 "-" "Mozilla/5.0 AppleWebKit/537.36 (KHTML, like Gecko; compatible; ClaudeBot/1.0; +claudebot@anthropic.com)"
216.73.216.209 - - [30/Jun/2026:18:09:51 -0700] "GET /item/337842084.phtml HTTP/2.0" 429 352 "-" "Mozilla/5.0 AppleWebKit/537.36 (KHTML, like Gecko; compatible; ClaudeBot/1.0; +claudebot@anthropic.com)"
216.73.216.209 - - [30/Jun/2026:18:10:00 -0700] "GET /item/4123294765.phtml HTTP/2.0" 429 352 "-" "Mozilla/5.0 AppleWebKit/537.36 (KHTML, like Gecko; compatible; ClaudeBot/1.0; +claudebot@anthropic.com)"
216.73.216.209 - - [30/Jun/2026:18:10:04 -0700] "GET /item/3225430059.phtml HTTP/2.0" 429 279 "-" "Mozilla/5.0 AppleWebKit/537.36 (KHTML, like Gecko; compatible; ClaudeBot/1.0; +claudebot@anthropic.com)"
216.73.216.209 - - [30/Jun/2026:18:10:10 -0700] "GET /item/2413174977.phtml HTTP/2.0" 429 352 "-" "Mozilla/5.0 AppleWebKit/537.36 (KHTML, like Gecko; compatible; ClaudeBot/1.0; +claudebot@anthropic.com)"
51.161.37.169 - - [30/Jun/2026:18:10:11 -0700] "GET /item/3021314281.phtml HTTP/2.0" 404 394 "-" "Mozilla/5.0 (compatible; AhrefsBot/7.0; +http://ahrefs.com/robot/)"
216.73.216.209 - - [30/Jun/2026:18:10:14 -0700] "GET /item/2387652705.phtml HTTP/2.0" 429 279 "-" "Mozilla/5.0 AppleWebKit/537.36 (KHTML, like Gecko; compatible; ClaudeBot/1.0; +claudebot@anthropic.com)"
216.73.216.209 - - [30/Jun/2026:18:10:19 -0700] "GET /item/2084035422.phtml HTTP/2.0" 429 279 "-" "Mozilla/5.0 AppleWebKit/537.36 (KHTML, like Gecko; compatible; ClaudeBot/1.0; +claudebot@anthropic.com)"
216.73.216.209 - - [30/Jun/2026:18:10:25 -0700] "GET /item/3834961926.phtml HTTP/2.0" 429 352 "-" "Mozilla/5.0 AppleWebKit/537.36 (KHTML, like Gecko; compatible; ClaudeBot/1.0; +claudebot@anthropic.com)"
216.73.216.209 - - [30/Jun/2026:18:10:30 -0700] "GET /item/1816830098.phtml HTTP/2.0" 429 279 "-" "Mozilla/5.0 AppleWebKit/537.36 (KHTML, like Gecko; compatible; ClaudeBot/1.0; +claudebot@anthropic.com)"
216.73.216.209 - - [30/Jun/2026:18:10:35 -0700] "GET /item/1777793009.phtml HTTP/2.0" 429 279 "-" "Mozilla/5.0 AppleWebKit/537.36 (KHTML, like Gecko; compatible; ClaudeBot/1.0; +claudebot@anthropic.com)"
216.73.216.209 - - [30/Jun/2026:18:10:40 -0700] "GET /item/2462941246.phtml HTTP/2.0" 429 279 "-" "Mozilla/5.0 AppleWebKit/537.36 (KHTML, like Gecko; compatible; ClaudeBot/1.0; +claudebot@anthropic.com)"
216.73.216.209 - - [30/Jun/2026:18:10:45 -0700] "GET /item/2010356919.phtml HTTP/2.0" 429 279 "-" "Mozilla/5.0 AppleWebKit/537.36 (KHTML, like Gecko; compatible; ClaudeBot/1.0; +claudebot@anthropic.com)"
216.73.216.209 - - [30/Jun/2026:18:10:54 -0700] "GET /item/1436687177.phtml HTTP/2.0" 429 352 "-" "Mozilla/5.0 AppleWebKit/537.36 (KHTML, like Gecko; compatible; ClaudeBot/1.0; +claudebot@anthropic.com)"
216.73.216.209 - - [30/Jun/2026:18:10:59 -0700] "GET /item/2254275538.phtml HTTP/2.0" 429 279 "-" "Mozilla/5.0 AppleWebKit/537.36 (KHTML, like Gecko; compatible; ClaudeBot/1.0; +claudebot@anthropic.com)"
216.73.216.209 - - [30/Jun/2026:18:11:04 -0700] "GET /item/1727911695.phtml HTTP/2.0" 429 279 "-" "Mozilla/5.0 AppleWebKit/537.36 (KHTML, like Gecko; compatible; ClaudeBot/1.0; +claudebot@anthropic.com)"
216.73.216.209 - - [30/Jun/2026:18:11:09 -0700] "GET /item/2725262696.phtml HTTP/2.0" 429 279 "-" "Mozilla/5.0 AppleWebKit/537.36 (KHTML, like Gecko; compatible; ClaudeBot/1.0; +claudebot@anthropic.com)"
216.73.216.209 - - [30/Jun/2026:18:11:14 -0700] "GET /item/3642956564.phtml HTTP/2.0" 429 279 "-" "Mozilla/5.0 AppleWebKit/537.36 (KHTML, like Gecko; compatible; ClaudeBot/1.0; +claudebot@anthropic.com)"
216.73.216.209 - - [30/Jun/2026:18:11:22 -0700] "GET /item/1683616438.phtml HTTP/2.0" 429 352 "-" "Mozilla/5.0 AppleWebKit/537.36 (KHTML, like Gecko; compatible; ClaudeBot/1.0; +claudebot@anthropic.com)"
216.73.216.209 - - [30/Jun/2026:18:11:27 -0700] "GET /item/115329215.phtml HTTP/2.0" 429 279 "-" "Mozilla/5.0 AppleWebKit/537.36 (KHTML, like Gecko; compatible; ClaudeBot/1.0; +claudebot@anthropic.com)"
216.73.216.209 - - [30/Jun/2026:18:11:32 -0700] "GET /item/2324777882.phtml HTTP/2.0" 429 279 "-" "Mozilla/5.0 AppleWebKit/537.36 (KHTML, like Gecko; compatible; ClaudeBot/1.0; +claudebot@anthropic.com)"
216.73.216.209 - - [30/Jun/2026:18:11:37 -0700] "GET /item/2829486624.phtml HTTP/2.0" 429 279 "-" "Mozilla/5.0 AppleWebKit/537.36 (KHTML, like Gecko; compatible; ClaudeBot/1.0; +claudebot@anthropic.com)"
216.73.216.209 - - [30/Jun/2026:18:11:42 -0700] "GET /sitemap.xml HTTP/2.0" 429 279 "-" "Mozilla/5.0 AppleWebKit/537.36 (KHTML, like Gecko; compatible; ClaudeBot/1.0; +claudebot@anthropic.com)"
54.39.89.0 - - [30/Jun/2026:18:11:43 -0700] "GET /item/1035235867.phtml HTTP/2.0" 404 394 "-" "Mozilla/5.0 (compatible; AhrefsBot/7.0; +http://ahrefs.com/robot/)"
43.161.251.162 - - [30/Jun/2026:18:11:48 -0700] "GET / HTTP/1.1" 200 8229 "http://musicpassiondjs.gr" "Mozilla/5.0 (iPhone; CPU iPhone OS 13_2_3 like Mac OS X) AppleWebKit/605.1.15 (KHTML, like Gecko) Version/13.0.3 Mobile/15E148 Safari/604.1"
216.73.216.209 - - [30/Jun/2026:18:11:50 -0700] "GET /item/1954248881.phtml HTTP/2.0" 429 352 "-" "Mozilla/5.0 AppleWebKit/537.36 (KHTML, like Gecko; compatible; ClaudeBot/1.0; +claudebot@anthropic.com)"
216.73.216.209 - - [30/Jun/2026:18:11:55 -0700] "GET /item/2430661521.phtml HTTP/2.0" 429 279 "-" "Mozilla/5.0 AppleWebKit/537.36 (KHTML, like Gecko; compatible; ClaudeBot/1.0; +claudebot@anthropic.com)"
216.73.216.209 - - [30/Jun/2026:18:12:00 -0700] "GET /item/3252558234.phtml HTTP/2.0" 429 279 "-" "Mozilla/5.0 AppleWebKit/537.36 (KHTML, like Gecko; compatible; ClaudeBot/1.0; +claudebot@anthropic.com)"
216.73.216.209 - - [30/Jun/2026:18:12:05 -0700] "GET /item/506415189.phtml HTTP/2.0" 429 279 "-" "Mozilla/5.0 AppleWebKit/537.36 (KHTML, like Gecko; compatible; ClaudeBot/1.0; +claudebot@anthropic.com)"
