| Current Path : /home/musicpassiondjs40/logs/musicpassiondjs.gr/https/ |
| Current File : /home/musicpassiondjs40/logs/musicpassiondjs.gr/https/access.log.0 |
216.73.216.209 - - [30/Jun/2026:00:27:59 -0700] "GET /item/4268589111.phtml HTTP/2.0" 404 6365 "-" "Mozilla/5.0 AppleWebKit/537.36 (KHTML, like Gecko; compatible; ClaudeBot/1.0; +claudebot@anthropic.com)"
216.73.216.209 - - [30/Jun/2026:00:28:18 -0700] "GET /item/3805200519.phtml HTTP/2.0" 404 6364 "-" "Mozilla/5.0 AppleWebKit/537.36 (KHTML, like Gecko; compatible; ClaudeBot/1.0; +claudebot@anthropic.com)"
216.73.216.209 - - [30/Jun/2026:00:28:38 -0700] "GET /item/358275914.phtml HTTP/2.0" 404 6365 "-" "Mozilla/5.0 AppleWebKit/537.36 (KHTML, like Gecko; compatible; ClaudeBot/1.0; +claudebot@anthropic.com)"
216.73.216.209 - - [30/Jun/2026:00:28:56 -0700] "GET /item/2305317255.phtml HTTP/2.0" 404 6365 "-" "Mozilla/5.0 AppleWebKit/537.36 (KHTML, like Gecko; compatible; ClaudeBot/1.0; +claudebot@anthropic.com)"
216.73.216.209 - - [30/Jun/2026:00:29:05 -0700] "GET /item/2641075791.phtml HTTP/2.0" 404 6301 "-" "Mozilla/5.0 AppleWebKit/537.36 (KHTML, like Gecko; compatible; ClaudeBot/1.0; +claudebot@anthropic.com)"
103.73.107.97 - - [30/Jun/2026:00:29:22 -0700] "GET /index.php?item%2F716971199.phtml HTTP/1.1" 200 16440 "-" "Mozilla/5.0 (Windows NT 10.0; Win64; x64) AppleWebKit/537.36 (KHTML, like Gecko) Chrome/89.0.4389.91 Safari/537.36"
216.73.216.209 - - [30/Jun/2026:00:29:27 -0700] "GET /item/2463413989.phtml HTTP/2.0" 404 6301 "-" "Mozilla/5.0 AppleWebKit/537.36 (KHTML, like Gecko; compatible; ClaudeBot/1.0; +claudebot@anthropic.com)"
216.73.216.209 - - [30/Jun/2026:00:29:37 -0700] "GET /item/217697773.phtml HTTP/2.0" 404 6364 "-" "Mozilla/5.0 AppleWebKit/537.36 (KHTML, like Gecko; compatible; ClaudeBot/1.0; +claudebot@anthropic.com)"
216.73.216.209 - - [30/Jun/2026:00:29:56 -0700] "GET /item/2464136665.phtml HTTP/2.0" 404 6365 "-" "Mozilla/5.0 AppleWebKit/537.36 (KHTML, like Gecko; compatible; ClaudeBot/1.0; +claudebot@anthropic.com)"
216.73.216.209 - - [30/Jun/2026:00:30:16 -0700] "GET /item/1499154570.phtml HTTP/2.0" 404 6364 "-" "Mozilla/5.0 AppleWebKit/537.36 (KHTML, like Gecko; compatible; ClaudeBot/1.0; +claudebot@anthropic.com)"
216.73.216.209 - - [30/Jun/2026:00:30:37 -0700] "GET /item/3764180659.phtml HTTP/2.0" 404 6364 "-" "Mozilla/5.0 AppleWebKit/537.36 (KHTML, like Gecko; compatible; ClaudeBot/1.0; +claudebot@anthropic.com)"
216.73.216.209 - - [30/Jun/2026:00:31:00 -0700] "GET /item/1794408707.phtml HTTP/2.0" 404 6301 "-" "Mozilla/5.0 AppleWebKit/537.36 (KHTML, like Gecko; compatible; ClaudeBot/1.0; +claudebot@anthropic.com)"
216.73.216.209 - - [30/Jun/2026:00:31:21 -0700] "GET /item/1823989927.phtml HTTP/2.0" 404 6301 "-" "Mozilla/5.0 AppleWebKit/537.36 (KHTML, like Gecko; compatible; ClaudeBot/1.0; +claudebot@anthropic.com)"
216.73.216.209 - - [30/Jun/2026:00:31:30 -0700] "GET /item/2306529354.phtml HTTP/2.0" 404 6364 "-" "Mozilla/5.0 AppleWebKit/537.36 (KHTML, like Gecko; compatible; ClaudeBot/1.0; +claudebot@anthropic.com)"
216.244.66.248 - - [30/Jun/2026:00:31:41 -0700] "GET /robots.txt HTTP/1.1" 200 3586 "-" "Mozilla/5.0 (compatible; DotBot/1.2; +https://opensiteexplorer.org/dotbot; help@moz.com)"
216.73.216.209 - - [30/Jun/2026:00:31:44 -0700] "GET /item/3077304861.phtml HTTP/2.0" 404 6301 "-" "Mozilla/5.0 AppleWebKit/537.36 (KHTML, like Gecko; compatible; ClaudeBot/1.0; +claudebot@anthropic.com)"
216.73.216.209 - - [30/Jun/2026:00:31:58 -0700] "GET /item/4222375513.phtml HTTP/2.0" 404 6365 "-" "Mozilla/5.0 AppleWebKit/537.36 (KHTML, like Gecko; compatible; ClaudeBot/1.0; +claudebot@anthropic.com)"
216.73.216.209 - - [30/Jun/2026:00:32:12 -0700] "GET /item/3154640250.phtml HTTP/2.0" 404 6365 "-" "Mozilla/5.0 AppleWebKit/537.36 (KHTML, like Gecko; compatible; ClaudeBot/1.0; +claudebot@anthropic.com)"
216.73.216.209 - - [30/Jun/2026:00:32:25 -0700] "GET /item/1044126618.phtml HTTP/2.0" 404 6365 "-" "Mozilla/5.0 AppleWebKit/537.36 (KHTML, like Gecko; compatible; ClaudeBot/1.0; +claudebot@anthropic.com)"
216.73.216.209 - - [30/Jun/2026:00:32:41 -0700] "GET /item/3110850866.phtml HTTP/2.0" 404 6364 "-" "Mozilla/5.0 AppleWebKit/537.36 (KHTML, like Gecko; compatible; ClaudeBot/1.0; +claudebot@anthropic.com)"
216.73.216.209 - - [30/Jun/2026:00:32:53 -0700] "GET /item/2814174843.phtml HTTP/2.0" 404 6301 "-" "Mozilla/5.0 AppleWebKit/537.36 (KHTML, like Gecko; compatible; ClaudeBot/1.0; +claudebot@anthropic.com)"
200.118.63.79 - - [30/Jun/2026:00:33:04 -0700] "GET /index.php?item%2F4210854004.phtml HTTP/1.1" 200 16454 "-" "Mozilla/5.0 (Windows NT 10.0; Win64; x64) AppleWebKit/537.36 (KHTML, like Gecko) Chrome/67.0.3396.62 Safari/537.36"
216.73.216.209 - - [30/Jun/2026:00:33:05 -0700] "GET /item/3695915435.phtml HTTP/2.0" 404 6365 "-" "Mozilla/5.0 AppleWebKit/537.36 (KHTML, like Gecko; compatible; ClaudeBot/1.0; +claudebot@anthropic.com)"
170.244.79.224 - - [30/Jun/2026:00:33:14 -0700] "GET /index.php?CPPR=1&FGC=0&FPC=0&FTA=0&SFL_DF=0&SGC=0&STA=0&category%2F0%2F1%2F028%2F028001%2F%3FSPC=0 HTTP/1.1" 200 16495 "-" "Mozilla/5.0 (Macintosh; Intel Mac OS X 10_11_6) AppleWebKit/537.36 (KHTML, like Gecko) Brave Chrome/79.0.3945.88 Safari/537.36"
216.73.216.209 - - [30/Jun/2026:00:33:25 -0700] "GET /item/1450888098.phtml HTTP/2.0" 404 6301 "-" "Mozilla/5.0 AppleWebKit/537.36 (KHTML, like Gecko; compatible; ClaudeBot/1.0; +claudebot@anthropic.com)"
216.73.216.209 - - [30/Jun/2026:00:33:39 -0700] "GET /item/3737484941.phtml HTTP/2.0" 404 6365 "-" "Mozilla/5.0 AppleWebKit/537.36 (KHTML, like Gecko; compatible; ClaudeBot/1.0; +claudebot@anthropic.com)"
14.187.198.214 - - [30/Jun/2026:00:33:49 -0700] "GET /index.php/gallery-2/videos/6-video-2?rCH=-2 HTTP/1.1" 301 4189 "-" "Mozilla/5.0 (Macintosh; Intel Mac OS X 10_12_6) AppleWebKit/537.36 (KHTML, like Gecko) Brave Chrome/78.0.3904.70 Safari/537.36"
14.187.198.214 - - [30/Jun/2026:00:33:53 -0700] "GET /index.php/gallery-2/videos/6-video-2 HTTP/1.1" 200 7432 "-" "Mozilla/5.0 (Macintosh; Intel Mac OS X 10_12_6) AppleWebKit/537.36 (KHTML, like Gecko) Brave Chrome/78.0.3904.70 Safari/537.36"
216.73.216.209 - - [30/Jun/2026:00:34:01 -0700] "GET /item/2256981637.phtml HTTP/2.0" 404 6301 "-" "Mozilla/5.0 AppleWebKit/537.36 (KHTML, like Gecko; compatible; ClaudeBot/1.0; +claudebot@anthropic.com)"
182.181.185.15 - - [30/Jun/2026:00:34:08 -0700] "GET /index.php?CATEGORY_CD=024_024010%2C024_024045&ListRoot=categoryOr&SHOW_LIST=1&categoryshop%2Foffice%2Fsitemap%2FPageManager.jsp%3FFRM=1 HTTP/1.1" 200 16535 "-" "Mozilla/5.0 (Macintosh; Intel Mac OS X 10_15_4) AppleWebKit/537.36 (KHTML, like Gecko) Chrome/98.0.4758.80 Safari/537.36"
216.73.216.209 - - [30/Jun/2026:00:34:10 -0700] "GET /item/2313962633.phtml HTTP/2.0" 404 6364 "-" "Mozilla/5.0 AppleWebKit/537.36 (KHTML, like Gecko; compatible; ClaudeBot/1.0; +claudebot@anthropic.com)"
216.73.216.209 - - [30/Jun/2026:00:34:27 -0700] "GET /item/3697677180.phtml HTTP/2.0" 404 6364 "-" "Mozilla/5.0 AppleWebKit/537.36 (KHTML, like Gecko; compatible; ClaudeBot/1.0; +claudebot@anthropic.com)"
216.73.216.209 - - [30/Jun/2026:00:34:52 -0700] "GET /item/2451934773.phtml HTTP/2.0" 404 6364 "-" "Mozilla/5.0 AppleWebKit/537.36 (KHTML, like Gecko; compatible; ClaudeBot/1.0; +claudebot@anthropic.com)"
216.73.216.209 - - [30/Jun/2026:00:35:14 -0700] "GET /item/3327486440.phtml HTTP/2.0" 404 6301 "-" "Mozilla/5.0 AppleWebKit/537.36 (KHTML, like Gecko; compatible; ClaudeBot/1.0; +claudebot@anthropic.com)"
216.73.216.209 - - [30/Jun/2026:00:35:27 -0700] "GET /item/1406306892.phtml HTTP/2.0" 404 6365 "-" "Mozilla/5.0 AppleWebKit/537.36 (KHTML, like Gecko; compatible; ClaudeBot/1.0; +claudebot@anthropic.com)"
216.73.216.209 - - [30/Jun/2026:00:35:49 -0700] "GET /item/1300224627.phtml HTTP/2.0" 404 6302 "-" "Mozilla/5.0 AppleWebKit/537.36 (KHTML, like Gecko; compatible; ClaudeBot/1.0; +claudebot@anthropic.com)"
200.80.106.36 - - [30/Jun/2026:00:35:50 -0700] "GET /index.php?item%2F2571496812.phtml HTTP/1.1" 200 16447 "-" "Mozilla/5.0 (Macintosh; Intel Mac OS X 10_14_6) AppleWebKit/537.36 (KHTML, like Gecko) Chrome/81.0.4044.122 Safari/537.36"
216.73.216.209 - - [30/Jun/2026:00:35:57 -0700] "GET /item/1223333237.phtml HTTP/2.0" 404 6366 "-" "Mozilla/5.0 AppleWebKit/537.36 (KHTML, like Gecko; compatible; ClaudeBot/1.0; +claudebot@anthropic.com)"
216.244.66.248 - - [30/Jun/2026:00:36:06 -0700] "GET /index.php/djs-gia-gamo HTTP/1.1" 200 26846 "-" "Mozilla/5.0 (compatible; DotBot/1.2; +https://opensiteexplorer.org/dotbot; help@moz.com)"
216.73.216.209 - - [30/Jun/2026:00:36:19 -0700] "GET /item/2576206452.phtml HTTP/2.0" 404 6301 "-" "Mozilla/5.0 AppleWebKit/537.36 (KHTML, like Gecko; compatible; ClaudeBot/1.0; +claudebot@anthropic.com)"
216.73.216.209 - - [30/Jun/2026:00:36:28 -0700] "GET /item/3689106753.phtml HTTP/2.0" 404 6364 "-" "Mozilla/5.0 AppleWebKit/537.36 (KHTML, like Gecko; compatible; ClaudeBot/1.0; +claudebot@anthropic.com)"
216.73.216.209 - - [30/Jun/2026:00:36:50 -0700] "GET /item/3190145304.phtml HTTP/2.0" 404 6301 "-" "Mozilla/5.0 AppleWebKit/537.36 (KHTML, like Gecko; compatible; ClaudeBot/1.0; +claudebot@anthropic.com)"
216.73.216.209 - - [30/Jun/2026:00:36:59 -0700] "GET /item/4278350503.phtml HTTP/2.0" 404 6366 "-" "Mozilla/5.0 AppleWebKit/537.36 (KHTML, like Gecko; compatible; ClaudeBot/1.0; +claudebot@anthropic.com)"
216.73.216.209 - - [30/Jun/2026:00:37:21 -0700] "GET /item/1172758094.phtml HTTP/2.0" 404 6301 "-" "Mozilla/5.0 AppleWebKit/537.36 (KHTML, like Gecko; compatible; ClaudeBot/1.0; +claudebot@anthropic.com)"
216.73.216.209 - - [30/Jun/2026:00:37:33 -0700] "GET /item/836696383.phtml HTTP/2.0" 404 6366 "-" "Mozilla/5.0 AppleWebKit/537.36 (KHTML, like Gecko; compatible; ClaudeBot/1.0; +claudebot@anthropic.com)"
216.73.216.209 - - [30/Jun/2026:00:37:55 -0700] "GET /item/1193653360.phtml HTTP/2.0" 404 6302 "-" "Mozilla/5.0 AppleWebKit/537.36 (KHTML, like Gecko; compatible; ClaudeBot/1.0; +claudebot@anthropic.com)"
216.73.216.209 - - [30/Jun/2026:00:38:05 -0700] "GET /item/1999186955.phtml HTTP/2.0" 404 6364 "-" "Mozilla/5.0 AppleWebKit/537.36 (KHTML, like Gecko; compatible; ClaudeBot/1.0; +claudebot@anthropic.com)"
216.73.216.209 - - [30/Jun/2026:00:38:27 -0700] "GET /item/1263140998.phtml HTTP/2.0" 404 6301 "-" "Mozilla/5.0 AppleWebKit/537.36 (KHTML, like Gecko; compatible; ClaudeBot/1.0; +claudebot@anthropic.com)"
216.73.216.209 - - [30/Jun/2026:00:38:49 -0700] "GET /item/3819810307.phtml HTTP/2.0" 404 6302 "-" "Mozilla/5.0 AppleWebKit/537.36 (KHTML, like Gecko; compatible; ClaudeBot/1.0; +claudebot@anthropic.com)"
216.73.216.209 - - [30/Jun/2026:00:39:11 -0700] "GET /item/1762986732.phtml HTTP/2.0" 404 6301 "-" "Mozilla/5.0 AppleWebKit/537.36 (KHTML, like Gecko; compatible; ClaudeBot/1.0; +claudebot@anthropic.com)"
216.73.216.209 - - [30/Jun/2026:00:39:21 -0700] "GET /item/1687534668.phtml HTTP/2.0" 404 6365 "-" "Mozilla/5.0 AppleWebKit/537.36 (KHTML, like Gecko; compatible; ClaudeBot/1.0; +claudebot@anthropic.com)"
216.73.216.209 - - [30/Jun/2026:00:39:43 -0700] "GET /item/205006442.phtml HTTP/2.0" 404 6302 "-" "Mozilla/5.0 AppleWebKit/537.36 (KHTML, like Gecko; compatible; ClaudeBot/1.0; +claudebot@anthropic.com)"
216.73.216.209 - - [30/Jun/2026:00:39:51 -0700] "GET /item/1885864493.phtml HTTP/2.0" 404 6364 "-" "Mozilla/5.0 AppleWebKit/537.36 (KHTML, like Gecko; compatible; ClaudeBot/1.0; +claudebot@anthropic.com)"
216.73.216.209 - - [30/Jun/2026:00:40:13 -0700] "GET /item/3893279616.phtml HTTP/2.0" 404 6301 "-" "Mozilla/5.0 AppleWebKit/537.36 (KHTML, like Gecko; compatible; ClaudeBot/1.0; +claudebot@anthropic.com)"
216.73.216.209 - - [30/Jun/2026:00:40:21 -0700] "GET /item/4082217665.phtml HTTP/2.0" 404 6364 "-" "Mozilla/5.0 AppleWebKit/537.36 (KHTML, like Gecko; compatible; ClaudeBot/1.0; +claudebot@anthropic.com)"
216.73.216.209 - - [30/Jun/2026:00:40:31 -0700] "GET /item/2134430115.phtml HTTP/2.0" 404 6364 "-" "Mozilla/5.0 AppleWebKit/537.36 (KHTML, like Gecko; compatible; ClaudeBot/1.0; +claudebot@anthropic.com)"
94.205.58.196 - - [30/Jun/2026:00:40:36 -0700] "GET /index.php?CPPR=1&FGC=0&FPC=0&FTA=0&SFL_DF=0&SGC=0&STA=0&category%2F0%2F1%2F017%2F%3FSPC=0 HTTP/1.1" 200 16491 "-" "Mozilla/5.0 (Windows NT 5.1) AppleWebKit/537.36 (KHTML, like Gecko) Chrome/27.0.1453.93 Safari/537.36"
113.172.192.147 - - [30/Jun/2026:00:40:38 -0700] "GET /index.php/reviews/tel:6987055009 HTTP/1.1" 200 81373 "-" "Mozilla/5.0 (Windows NT 6.1; WOW64) AppleWebKit/537.36 (KHTML, like Gecko) Chrome/75.0.3770.100 ADG/11.0.2566 AOLBUILD/11.0.2566 Safari/537.36"
216.73.216.209 - - [30/Jun/2026:00:40:53 -0700] "GET /item/3753812537.phtml HTTP/2.0" 404 6301 "-" "Mozilla/5.0 AppleWebKit/537.36 (KHTML, like Gecko; compatible; ClaudeBot/1.0; +claudebot@anthropic.com)"
216.73.216.209 - - [30/Jun/2026:00:41:02 -0700] "GET /item/2413561522.phtml HTTP/2.0" 404 6365 "-" "Mozilla/5.0 AppleWebKit/537.36 (KHTML, like Gecko; compatible; ClaudeBot/1.0; +claudebot@anthropic.com)"
14.169.99.215 - - [30/Jun/2026:00:41:13 -0700] "GET /index.php?CPPR=1&FGC=0&FPC=0&FTA=0&SFL_DF=0&SGC=0&STA=0&category%2F0%2F1%2F019%2F019006%2F%3FSPC=0 HTTP/1.1" 200 16501 "-" "Mozilla/5.0 (Windows NT 10.0; Win64; x64) AppleWebKit/537.36 (KHTML, like Gecko) Chrome/100.0.4896.60 Safari/537.36"
216.73.216.209 - - [30/Jun/2026:00:41:24 -0700] "GET /item/2916833921.phtml HTTP/2.0" 404 6301 "-" "Mozilla/5.0 AppleWebKit/537.36 (KHTML, like Gecko; compatible; ClaudeBot/1.0; +claudebot@anthropic.com)"
54.39.89.240 - - [30/Jun/2026:00:41:32 -0700] "GET /item/473033596.phtml HTTP/2.0" 404 6365 "-" "Mozilla/5.0 (compatible; AhrefsBot/7.0; +http://ahrefs.com/robot/)"
216.73.216.209 - - [30/Jun/2026:00:41:34 -0700] "GET /item/4176766881.phtml HTTP/2.0" 404 6364 "-" "Mozilla/5.0 AppleWebKit/537.36 (KHTML, like Gecko; compatible; ClaudeBot/1.0; +claudebot@anthropic.com)"
216.73.216.209 - - [30/Jun/2026:00:41:56 -0700] "GET /item/2464626088.phtml HTTP/2.0" 404 6301 "-" "Mozilla/5.0 AppleWebKit/537.36 (KHTML, like Gecko; compatible; ClaudeBot/1.0; +claudebot@anthropic.com)"
216.73.216.209 - - [30/Jun/2026:00:42:04 -0700] "GET /item/4145711350.phtml HTTP/2.0" 404 6365 "-" "Mozilla/5.0 AppleWebKit/537.36 (KHTML, like Gecko; compatible; ClaudeBot/1.0; +claudebot@anthropic.com)"
216.73.216.209 - - [30/Jun/2026:00:42:24 -0700] "GET /item/1265565212.phtml HTTP/2.0" 404 6364 "-" "Mozilla/5.0 AppleWebKit/537.36 (KHTML, like Gecko; compatible; ClaudeBot/1.0; +claudebot@anthropic.com)"
148.113.130.125 - - [30/Jun/2026:00:42:34 -0700] "GET /item/1013735635.phtml HTTP/2.0" 404 6365 "-" "Mozilla/5.0 (compatible; AhrefsBot/7.0; +http://ahrefs.com/robot/)"
216.73.216.209 - - [30/Jun/2026:00:42:43 -0700] "GET /item/2505506715.phtml HTTP/2.0" 404 6365 "-" "Mozilla/5.0 AppleWebKit/537.36 (KHTML, like Gecko; compatible; ClaudeBot/1.0; +claudebot@anthropic.com)"
216.73.216.209 - - [30/Jun/2026:00:42:56 -0700] "GET /item/1101667575.phtml HTTP/2.0" 404 6365 "-" "Mozilla/5.0 AppleWebKit/537.36 (KHTML, like Gecko; compatible; ClaudeBot/1.0; +claudebot@anthropic.com)"
216.73.216.209 - - [30/Jun/2026:00:43:04 -0700] "GET /item/814147575.phtml HTTP/2.0" 404 6301 "-" "Mozilla/5.0 AppleWebKit/537.36 (KHTML, like Gecko; compatible; ClaudeBot/1.0; +claudebot@anthropic.com)"
216.73.216.209 - - [30/Jun/2026:00:43:26 -0700] "GET /item/1192441261.phtml HTTP/2.0" 404 6365 "-" "Mozilla/5.0 AppleWebKit/537.36 (KHTML, like Gecko; compatible; ClaudeBot/1.0; +claudebot@anthropic.com)"
216.73.216.209 - - [30/Jun/2026:00:43:48 -0700] "GET /item/2122064716.phtml HTTP/2.0" 404 6365 "-" "Mozilla/5.0 AppleWebKit/537.36 (KHTML, like Gecko; compatible; ClaudeBot/1.0; +claudebot@anthropic.com)"
167.114.139.239 - - [30/Jun/2026:00:43:49 -0700] "GET /item/695937135.phtml HTTP/2.0" 404 6365 "-" "Mozilla/5.0 (compatible; AhrefsBot/7.0; +http://ahrefs.com/robot/)"
216.73.216.209 - - [30/Jun/2026:00:43:59 -0700] "GET /item/1009327954.phtml HTTP/2.0" 404 6302 "-" "Mozilla/5.0 AppleWebKit/537.36 (KHTML, like Gecko; compatible; ClaudeBot/1.0; +claudebot@anthropic.com)"
66.249.74.109 - - [30/Jun/2026:00:44:08 -0700] "GET /index.php?item/375562564.phtml HTTP/1.1" 200 82024 "-" "Mozilla/5.0 (Linux; Android 6.0.1; Nexus 5X Build/MMB29P) AppleWebKit/537.36 (KHTML, like Gecko) Chrome/148.0.7778.96 Mobile Safari/537.36 (compatible; Googlebot/2.1; +http://www.google.com/bot.html)"
216.73.216.209 - - [30/Jun/2026:00:44:21 -0700] "GET /item/2362504344.phtml HTTP/2.0" 404 6301 "-" "Mozilla/5.0 AppleWebKit/537.36 (KHTML, like Gecko; compatible; ClaudeBot/1.0; +claudebot@anthropic.com)"
216.73.216.209 - - [30/Jun/2026:00:44:31 -0700] "GET /item/711212605.phtml HTTP/2.0" 404 6365 "-" "Mozilla/5.0 AppleWebKit/537.36 (KHTML, like Gecko; compatible; ClaudeBot/1.0; +claudebot@anthropic.com)"
216.73.216.209 - - [30/Jun/2026:00:44:40 -0700] "GET /item/3378503042.phtml HTTP/2.0" 404 6364 "-" "Mozilla/5.0 AppleWebKit/537.36 (KHTML, like Gecko; compatible; ClaudeBot/1.0; +claudebot@anthropic.com)"
216.73.216.209 - - [30/Jun/2026:00:44:51 -0700] "GET /item/1371087919.phtml HTTP/2.0" 404 6365 "-" "Mozilla/5.0 AppleWebKit/537.36 (KHTML, like Gecko; compatible; ClaudeBot/1.0; +claudebot@anthropic.com)"
54.39.89.238 - - [30/Jun/2026:00:45:08 -0700] "GET /item/2708104553.phtml HTTP/2.0" 404 6364 "-" "Mozilla/5.0 (compatible; AhrefsBot/7.0; +http://ahrefs.com/robot/)"
216.73.216.209 - - [30/Jun/2026:00:45:13 -0700] "GET /item/4281986816.phtml HTTP/2.0" 404 6301 "-" "Mozilla/5.0 AppleWebKit/537.36 (KHTML, like Gecko; compatible; ClaudeBot/1.0; +claudebot@anthropic.com)"
66.249.74.96 - - [30/Jun/2026:00:45:14 -0700] "GET /index.php?item/1362906395.phtml HTTP/1.1" 200 86096 "-" "Mozilla/5.0 (Linux; Android 6.0.1; Nexus 5X Build/MMB29P) AppleWebKit/537.36 (KHTML, like Gecko) Chrome/148.0.7778.96 Mobile Safari/537.36 (compatible; Googlebot/2.1; +http://www.google.com/bot.html)"
66.249.74.110 - - [30/Jun/2026:00:45:19 -0700] "GET /index.php?item/1548950689.phtml HTTP/1.1" 200 81144 "-" "Mozilla/5.0 (Linux; Android 6.0.1; Nexus 5X Build/MMB29P) AppleWebKit/537.36 (KHTML, like Gecko) Chrome/148.0.7778.96 Mobile Safari/537.36 (compatible; Googlebot/2.1; +http://www.google.com/bot.html)"
216.73.216.209 - - [30/Jun/2026:00:45:37 -0700] "GET /item/3777578364.phtml HTTP/2.0" 404 6366 "-" "Mozilla/5.0 AppleWebKit/537.36 (KHTML, like Gecko; compatible; ClaudeBot/1.0; +claudebot@anthropic.com)"
216.73.216.209 - - [30/Jun/2026:00:45:54 -0700] "GET /item/3793884826.phtml HTTP/2.0" 404 6365 "-" "Mozilla/5.0 AppleWebKit/537.36 (KHTML, like Gecko; compatible; ClaudeBot/1.0; +claudebot@anthropic.com)"
15.235.96.17 - - [30/Jun/2026:00:46:12 -0700] "GET /item/3356985242.phtml HTTP/2.0" 404 6365 "-" "Mozilla/5.0 (compatible; AhrefsBot/7.0; +http://ahrefs.com/robot/)"
46.246.88.142 - - [30/Jun/2026:00:46:28 -0700] "POST /d278e922259f.php HTTP/1.1" 200 3628 "-" "Mozilla/5.0 (Windows NT 6.1; WOW64; rv:46.0) Gecko/20100101 Firefox/46.0"
46.246.88.142 - - [30/Jun/2026:00:46:29 -0700] "POST /d278e922259f.php HTTP/1.1" 200 248 "https://www.musicpassiondjs.gr/d278e922259f.php" "Mozilla/5.0 (Windows NT 6.1; WOW64; rv:46.0) Gecko/20100101 Firefox/46.0"
46.246.88.142 - - [30/Jun/2026:00:46:29 -0700] "GET /1f8502d42cindex.php HTTP/1.1" 500 209 "https://www.musicpassiondjs.gr/d278e922259f.php" "Mozilla/5.0 (Windows NT 6.1; WOW64; rv:46.0) Gecko/20100101 Firefox/46.0"
46.246.88.142 - - [30/Jun/2026:00:46:46 -0700] "POST /d278e922259f.php HTTP/1.1" 418 4058 "https://www.musicpassiondjs.gr/1f8502d42cindex.php" "Mozilla/5.0 (Windows NT 6.1; WOW64; rv:46.0) Gecko/20100101 Firefox/46.0"
46.246.88.142 - - [30/Jun/2026:00:46:47 -0700] "GET /1f8502d42cindex.php HTTP/1.1" 500 209 "https://www.musicpassiondjs.gr/d278e922259f.php" "Mozilla/5.0 (Windows NT 6.1; WOW64; rv:46.0) Gecko/20100101 Firefox/46.0"
216.73.216.209 - - [30/Jun/2026:00:47:07 -0700] "GET /item/1380217888.phtml HTTP/2.0" 404 6364 "-" "Mozilla/5.0 AppleWebKit/537.36 (KHTML, like Gecko; compatible; ClaudeBot/1.0; +claudebot@anthropic.com)"
51.161.65.230 - - [30/Jun/2026:00:47:28 -0700] "GET /item/739726519.phtml HTTP/2.0" 404 6365 "-" "Mozilla/5.0 (compatible; AhrefsBot/7.0; +http://ahrefs.com/robot/)"
216.73.216.209 - - [30/Jun/2026:00:47:35 -0700] "GET /item/1075578587.phtml HTTP/2.0" 404 6365 "-" "Mozilla/5.0 AppleWebKit/537.36 (KHTML, like Gecko; compatible; ClaudeBot/1.0; +claudebot@anthropic.com)"
177.33.92.229 - - [30/Jun/2026:00:47:44 -0700] "GET /index.php?CPPR=1&FGC=0&FPC=0&FTA=0&SFL_DF=0&SGC=0&STA=0&category%2F0%2F1%2F002%2F002015%2F%3FSPC=0 HTTP/1.1" 200 16496 "-" "Mozilla/5.0 (Microsoft Windows NT 10.0.16299.0; Win64; x64) AppleWebKit/537.36 (KHTML, like Gecko) Chrome/63.0.3239.132 Safari/537.36 (FTM)"
14.187.239.60 - - [30/Jun/2026:00:47:44 -0700] "GET /index.php?service HTTP/1.1" 200 16444 "-" "Mozilla/5.0 (Macintosh; Intel Mac OS X 11_2_3) AppleWebKit/537.36 (KHTML, like Gecko) Brave Chrome/88.0.4324.96 Safari/537.36"
216.73.216.209 - - [30/Jun/2026:00:47:59 -0700] "GET /item/2003939266.phtml HTTP/2.0" 404 6366 "-" "Mozilla/5.0 AppleWebKit/537.36 (KHTML, like Gecko; compatible; ClaudeBot/1.0; +claudebot@anthropic.com)"
216.73.216.209 - - [30/Jun/2026:00:48:07 -0700] "GET /item/3399398292.phtml HTTP/2.0" 404 6364 "-" "Mozilla/5.0 AppleWebKit/537.36 (KHTML, like Gecko; compatible; ClaudeBot/1.0; +claudebot@anthropic.com)"
154.81.233.27 - - [30/Jun/2026:00:48:23 -0700] "GET /index.php?item%2F2363510627.phtml HTTP/1.1" 200 16444 "-" "Mozilla/5.0 (Windows NT 10.0; Win64; x64) AppleWebKit/537.36 (KHTML, like Gecko) Chrome/80.0.3987.163 Safari/537.36"
216.73.216.209 - - [30/Jun/2026:00:48:28 -0700] "GET /item/1346210998.phtml HTTP/2.0" 404 6364 "-" "Mozilla/5.0 AppleWebKit/537.36 (KHTML, like Gecko; compatible; ClaudeBot/1.0; +claudebot@anthropic.com)"
216.73.216.209 - - [30/Jun/2026:00:48:34 -0700] "GET /item/3661805650.phtml HTTP/2.0" 404 6248 "-" "Mozilla/5.0 AppleWebKit/537.36 (KHTML, like Gecko; compatible; ClaudeBot/1.0; +claudebot@anthropic.com)"
51.161.65.172 - - [30/Jun/2026:00:48:38 -0700] "GET /item/6104776.phtml HTTP/2.0" 404 6365 "-" "Mozilla/5.0 (compatible; AhrefsBot/7.0; +http://ahrefs.com/robot/)"
216.73.216.209 - - [30/Jun/2026:00:48:40 -0700] "GET /item/3576011518.phtml HTTP/2.0" 404 6301 "-" "Mozilla/5.0 AppleWebKit/537.36 (KHTML, like Gecko; compatible; ClaudeBot/1.0; +claudebot@anthropic.com)"
216.73.216.209 - - [30/Jun/2026:00:49:01 -0700] "GET /item/4203719804.phtml HTTP/2.0" 404 6364 "-" "Mozilla/5.0 AppleWebKit/537.36 (KHTML, like Gecko; compatible; ClaudeBot/1.0; +claudebot@anthropic.com)"
216.73.216.209 - - [30/Jun/2026:00:49:06 -0700] "GET /item/2449510591.phtml HTTP/2.0" 404 6247 "-" "Mozilla/5.0 AppleWebKit/537.36 (KHTML, like Gecko; compatible; ClaudeBot/1.0; +claudebot@anthropic.com)"
216.73.216.209 - - [30/Jun/2026:00:49:13 -0700] "GET /item/3026247683.phtml HTTP/2.0" 404 6364 "-" "Mozilla/5.0 AppleWebKit/537.36 (KHTML, like Gecko; compatible; ClaudeBot/1.0; +claudebot@anthropic.com)"
216.73.216.209 - - [30/Jun/2026:00:49:16 -0700] "GET /item/1119186152.phtml HTTP/2.0" 404 6247 "-" "Mozilla/5.0 AppleWebKit/537.36 (KHTML, like Gecko; compatible; ClaudeBot/1.0; +claudebot@anthropic.com)"
216.73.216.209 - - [30/Jun/2026:00:49:30 -0700] "GET /item/3695252966.phtml HTTP/2.0" 404 6365 "-" "Mozilla/5.0 AppleWebKit/537.36 (KHTML, like Gecko; compatible; ClaudeBot/1.0; +claudebot@anthropic.com)"
216.73.216.209 - - [30/Jun/2026:00:49:36 -0700] "GET /item/3452970218.phtml HTTP/2.0" 404 6248 "-" "Mozilla/5.0 AppleWebKit/537.36 (KHTML, like Gecko; compatible; ClaudeBot/1.0; +claudebot@anthropic.com)"
216.73.216.209 - - [30/Jun/2026:00:49:42 -0700] "GET /item/2403524220.phtml HTTP/2.0" 404 6364 "-" "Mozilla/5.0 AppleWebKit/537.36 (KHTML, like Gecko; compatible; ClaudeBot/1.0; +claudebot@anthropic.com)"
51.161.65.193 - - [30/Jun/2026:00:49:47 -0700] "GET /item/2921756000.phtml HTTP/2.0" 404 6365 "-" "Mozilla/5.0 (compatible; AhrefsBot/7.0; +http://ahrefs.com/robot/)"
216.73.216.209 - - [30/Jun/2026:00:49:51 -0700] "GET /item/2598477356.phtml HTTP/2.0" 404 6247 "-" "Mozilla/5.0 AppleWebKit/537.36 (KHTML, like Gecko; compatible; ClaudeBot/1.0; +claudebot@anthropic.com)"
216.73.216.209 - - [30/Jun/2026:00:49:57 -0700] "GET /item/2724592122.phtml HTTP/2.0" 404 6365 "-" "Mozilla/5.0 AppleWebKit/537.36 (KHTML, like Gecko; compatible; ClaudeBot/1.0; +claudebot@anthropic.com)"
216.73.216.209 - - [30/Jun/2026:00:50:03 -0700] "GET /item/3548365073.phtml HTTP/2.0" 404 6247 "-" "Mozilla/5.0 AppleWebKit/537.36 (KHTML, like Gecko; compatible; ClaudeBot/1.0; +claudebot@anthropic.com)"
113.188.154.49 - - [30/Jun/2026:00:50:14 -0700] "GET /index.php?item%2F3573562521.phtml HTTP/1.1" 200 16453 "-" "Mozilla/5.0 (Macintosh; Intel Mac OS X 10_15_5) AppleWebKit/537.36 (KHTML, like Gecko) Chrome/88.0.4324.150 Safari/537.36"
216.73.216.209 - - [30/Jun/2026:00:50:26 -0700] "GET /item/1603651829.phtml HTTP/2.0" 404 6365 "-" "Mozilla/5.0 AppleWebKit/537.36 (KHTML, like Gecko; compatible; ClaudeBot/1.0; +claudebot@anthropic.com)"
216.73.216.209 - - [30/Jun/2026:00:50:35 -0700] "GET /item/1081542981.phtml HTTP/2.0" 404 6364 "-" "Mozilla/5.0 AppleWebKit/537.36 (KHTML, like Gecko; compatible; ClaudeBot/1.0; +claudebot@anthropic.com)"
15.235.27.93 - - [30/Jun/2026:00:50:50 -0700] "GET /item/2170779187.phtml HTTP/2.0" 404 6364 "-" "Mozilla/5.0 (compatible; AhrefsBot/7.0; +http://ahrefs.com/robot/)"
216.73.216.209 - - [30/Jun/2026:00:50:53 -0700] "GET /item/1439754224.phtml HTTP/2.0" 404 6365 "-" "Mozilla/5.0 AppleWebKit/537.36 (KHTML, like Gecko; compatible; ClaudeBot/1.0; +claudebot@anthropic.com)"
216.73.216.209 - - [30/Jun/2026:00:51:10 -0700] "GET /item/2440380622.phtml HTTP/2.0" 404 6364 "-" "Mozilla/5.0 AppleWebKit/537.36 (KHTML, like Gecko; compatible; ClaudeBot/1.0; +claudebot@anthropic.com)"
125.164.233.37 - - [30/Jun/2026:00:51:33 -0700] "GET / HTTP/1.1" 429 3801 "http://musicpassiondjs.gr/" "Mozilla/5.0 (X11; Linux x86_64) AppleWebKit/537.36 (KHTML, like Gecko) Chrome/131.0.0.0 Safari/537.36"
125.164.233.37 - - [30/Jun/2026:00:51:34 -0700] "GET /wp-login.php HTTP/1.1" 429 3811 "http://musicpassiondjs.gr/wp-login.php" "Mozilla/5.0 (iPhone; CPU iPhone OS 17_0 like Mac OS X) AppleWebKit/605.1.15 (KHTML, like Gecko) Version/17.0 Mobile/15E148 Safari/604.1"
125.164.233.37 - - [30/Jun/2026:00:51:35 -0700] "GET /administrator/index.php HTTP/1.1" 429 3811 "http://musicpassiondjs.gr/administrator/index.php" "Mozilla/5.0 (Windows NT 10.0; Win64; x64; rv:133.0) Gecko/20100101 Firefox/133.0"
125.164.233.37 - - [30/Jun/2026:00:51:36 -0700] "GET /api/index.php/v1/config/application?public=true HTTP/1.1" 429 3811 "http://musicpassiondjs.gr/api/index.php/v1/config/application?public=true" "Mozilla/5.0 (Windows NT 10.0; Win64; x64; rv:133.0) Gecko/20100101 Firefox/133.0"
216.73.216.209 - - [30/Jun/2026:00:51:44 -0700] "GET /item/3312392077.phtml HTTP/2.0" 404 6365 "-" "Mozilla/5.0 AppleWebKit/537.36 (KHTML, like Gecko; compatible; ClaudeBot/1.0; +claudebot@anthropic.com)"
54.39.203.2 - - [30/Jun/2026:00:51:54 -0700] "GET /item/2181121255.phtml HTTP/2.0" 404 6364 "-" "Mozilla/5.0 (compatible; AhrefsBot/7.0; +http://ahrefs.com/robot/)"
216.73.216.209 - - [30/Jun/2026:00:51:59 -0700] "GET /item/3667606521.phtml HTTP/2.0" 404 6365 "-" "Mozilla/5.0 AppleWebKit/537.36 (KHTML, like Gecko; compatible; ClaudeBot/1.0; +claudebot@anthropic.com)"
216.73.216.209 - - [30/Jun/2026:00:52:30 -0700] "GET /item/1486952678.phtml HTTP/2.0" 404 6364 "-" "Mozilla/5.0 AppleWebKit/537.36 (KHTML, like Gecko; compatible; ClaudeBot/1.0; +claudebot@anthropic.com)"
216.73.216.209 - - [30/Jun/2026:00:52:39 -0700] "GET /item/4258667336.phtml HTTP/2.0" 404 6364 "-" "Mozilla/5.0 AppleWebKit/537.36 (KHTML, like Gecko; compatible; ClaudeBot/1.0; +claudebot@anthropic.com)"
15.235.27.212 - - [30/Jun/2026:00:52:45 -0700] "GET /item/2071081223.phtml HTTP/2.0" 404 6364 "-" "Mozilla/5.0 (compatible; AhrefsBot/7.0; +http://ahrefs.com/robot/)"
216.73.216.209 - - [30/Jun/2026:00:53:12 -0700] "GET /item/3618243461.phtml HTTP/2.0" 404 6365 "-" "Mozilla/5.0 AppleWebKit/537.36 (KHTML, like Gecko; compatible; ClaudeBot/1.0; +claudebot@anthropic.com)"
216.73.216.209 - - [30/Jun/2026:00:53:22 -0700] "GET /item/1217368843.phtml HTTP/2.0" 404 6365 "-" "Mozilla/5.0 AppleWebKit/537.36 (KHTML, like Gecko; compatible; ClaudeBot/1.0; +claudebot@anthropic.com)"
142.44.233.243 - - [30/Jun/2026:00:53:35 -0700] "GET /item/3499987613.phtml HTTP/2.0" 404 6365 "-" "Mozilla/5.0 (compatible; AhrefsBot/7.0; +http://ahrefs.com/robot/)"
216.73.216.209 - - [30/Jun/2026:00:53:46 -0700] "GET /item/1417301517.phtml HTTP/2.0" 404 6366 "-" "Mozilla/5.0 AppleWebKit/537.36 (KHTML, like Gecko; compatible; ClaudeBot/1.0; +claudebot@anthropic.com)"
113.181.150.128 - - [30/Jun/2026:00:53:46 -0700] "GET /index.php?item%2F3694179607.phtml HTTP/1.1" 200 16439 "-" "Mozilla/5.0 (Windows NT 6.1) AppleWebKit/537.36 (KHTML, like Gecko) Chrome/68.0.3440.84 Safari/537.36"
216.73.216.209 - - [30/Jun/2026:00:53:54 -0700] "GET /item/1641321070.phtml HTTP/2.0" 404 6365 "-" "Mozilla/5.0 AppleWebKit/537.36 (KHTML, like Gecko; compatible; ClaudeBot/1.0; +claudebot@anthropic.com)"
216.73.216.209 - - [30/Jun/2026:00:54:34 -0700] "GET /item/2782752836.phtml HTTP/2.0" 404 6366 "-" "Mozilla/5.0 AppleWebKit/537.36 (KHTML, like Gecko; compatible; ClaudeBot/1.0; +claudebot@anthropic.com)"
54.39.210.134 - - [30/Jun/2026:00:54:36 -0700] "GET /item/245845227.phtml HTTP/2.0" 404 6366 "-" "Mozilla/5.0 (compatible; AhrefsBot/7.0; +http://ahrefs.com/robot/)"
216.73.216.209 - - [30/Jun/2026:00:54:53 -0700] "GET /item/2007230087.phtml HTTP/2.0" 404 6366 "-" "Mozilla/5.0 AppleWebKit/537.36 (KHTML, like Gecko; compatible; ClaudeBot/1.0; +claudebot@anthropic.com)"
216.73.216.209 - - [30/Jun/2026:00:54:56 -0700] "GET /item/4243045694.phtml HTTP/2.0" 404 6248 "-" "Mozilla/5.0 AppleWebKit/537.36 (KHTML, like Gecko; compatible; ClaudeBot/1.0; +claudebot@anthropic.com)"
216.73.216.209 - - [30/Jun/2026:00:54:59 -0700] "GET /item/231962085.phtml HTTP/2.0" 404 6248 "-" "Mozilla/5.0 AppleWebKit/537.36 (KHTML, like Gecko; compatible; ClaudeBot/1.0; +claudebot@anthropic.com)"
216.73.216.209 - - [30/Jun/2026:00:55:02 -0700] "GET /item/939149482.phtml HTTP/2.0" 404 6247 "-" "Mozilla/5.0 AppleWebKit/537.36 (KHTML, like Gecko; compatible; ClaudeBot/1.0; +claudebot@anthropic.com)"
216.73.216.209 - - [30/Jun/2026:00:55:05 -0700] "GET /item/352415664.phtml HTTP/2.0" 404 6247 "-" "Mozilla/5.0 AppleWebKit/537.36 (KHTML, like Gecko; compatible; ClaudeBot/1.0; +claudebot@anthropic.com)"
54.39.89.31 - - [30/Jun/2026:00:55:07 -0700] "GET /item/3696283974.phtml HTTP/2.0" 404 6365 "-" "Mozilla/5.0 (compatible; AhrefsBot/7.0; +http://ahrefs.com/robot/)"
216.73.216.209 - - [30/Jun/2026:00:55:08 -0700] "GET /item/2219252614.phtml HTTP/2.0" 404 6247 "-" "Mozilla/5.0 AppleWebKit/537.36 (KHTML, like Gecko; compatible; ClaudeBot/1.0; +claudebot@anthropic.com)"
216.73.216.209 - - [30/Jun/2026:00:55:11 -0700] "GET /item/998917191.phtml HTTP/2.0" 404 6247 "-" "Mozilla/5.0 AppleWebKit/537.36 (KHTML, like Gecko; compatible; ClaudeBot/1.0; +claudebot@anthropic.com)"
216.73.216.209 - - [30/Jun/2026:00:55:14 -0700] "GET /item/1007487634.phtml HTTP/2.0" 404 6247 "-" "Mozilla/5.0 AppleWebKit/537.36 (KHTML, like Gecko; compatible; ClaudeBot/1.0; +claudebot@anthropic.com)"
216.73.216.209 - - [30/Jun/2026:00:55:17 -0700] "GET /item/397905074.phtml HTTP/2.0" 404 6247 "-" "Mozilla/5.0 AppleWebKit/537.36 (KHTML, like Gecko; compatible; ClaudeBot/1.0; +claudebot@anthropic.com)"
216.73.216.209 - - [30/Jun/2026:00:55:20 -0700] "GET /item/1925586402.phtml HTTP/2.0" 404 6247 "-" "Mozilla/5.0 AppleWebKit/537.36 (KHTML, like Gecko; compatible; ClaudeBot/1.0; +claudebot@anthropic.com)"
216.73.216.209 - - [30/Jun/2026:00:55:26 -0700] "GET /item/3687345008.phtml HTTP/2.0" 404 6365 "-" "Mozilla/5.0 AppleWebKit/537.36 (KHTML, like Gecko; compatible; ClaudeBot/1.0; +claudebot@anthropic.com)"
216.73.216.209 - - [30/Jun/2026:00:55:29 -0700] "GET /item/229333701.phtml HTTP/2.0" 404 6247 "-" "Mozilla/5.0 AppleWebKit/537.36 (KHTML, like Gecko; compatible; ClaudeBot/1.0; +claudebot@anthropic.com)"
216.73.216.209 - - [30/Jun/2026:00:55:32 -0700] "GET /item/1534599401.phtml HTTP/2.0" 404 6247 "-" "Mozilla/5.0 AppleWebKit/537.36 (KHTML, like Gecko; compatible; ClaudeBot/1.0; +claudebot@anthropic.com)"
216.73.216.209 - - [30/Jun/2026:00:55:35 -0700] "GET /item/2997003016.phtml HTTP/2.0" 404 6248 "-" "Mozilla/5.0 AppleWebKit/537.36 (KHTML, like Gecko; compatible; ClaudeBot/1.0; +claudebot@anthropic.com)"
216.73.216.209 - - [30/Jun/2026:00:55:38 -0700] "GET /item/858417609.phtml HTTP/2.0" 404 6248 "-" "Mozilla/5.0 AppleWebKit/537.36 (KHTML, like Gecko; compatible; ClaudeBot/1.0; +claudebot@anthropic.com)"
142.44.233.92 - - [30/Jun/2026:00:55:39 -0700] "GET /item/3068298551.phtml HTTP/2.0" 404 6366 "-" "Mozilla/5.0 (compatible; AhrefsBot/7.0; +http://ahrefs.com/robot/)"
216.73.216.209 - - [30/Jun/2026:00:55:50 -0700] "GET /item/3745323903.phtml HTTP/2.0" 404 6365 "-" "Mozilla/5.0 AppleWebKit/537.36 (KHTML, like Gecko; compatible; ClaudeBot/1.0; +claudebot@anthropic.com)"
216.73.216.209 - - [30/Jun/2026:00:55:53 -0700] "GET /item/588997297.phtml HTTP/2.0" 404 6248 "-" "Mozilla/5.0 AppleWebKit/537.36 (KHTML, like Gecko; compatible; ClaudeBot/1.0; +claudebot@anthropic.com)"
216.73.216.209 - - [30/Jun/2026:00:55:56 -0700] "GET /item/2580409133.phtml HTTP/2.0" 404 6248 "-" "Mozilla/5.0 AppleWebKit/537.36 (KHTML, like Gecko; compatible; ClaudeBot/1.0; +claudebot@anthropic.com)"
216.73.216.209 - - [30/Jun/2026:00:55:59 -0700] "GET /item/694519988.phtml HTTP/2.0" 404 6248 "-" "Mozilla/5.0 AppleWebKit/537.36 (KHTML, like Gecko; compatible; ClaudeBot/1.0; +claudebot@anthropic.com)"
216.73.216.209 - - [30/Jun/2026:00:56:02 -0700] "GET /item/786505773.phtml HTTP/2.0" 404 6247 "-" "Mozilla/5.0 AppleWebKit/537.36 (KHTML, like Gecko; compatible; ClaudeBot/1.0; +claudebot@anthropic.com)"
216.73.216.209 - - [30/Jun/2026:00:56:05 -0700] "GET /item/2486044574.phtml HTTP/2.0" 404 6247 "-" "Mozilla/5.0 AppleWebKit/537.36 (KHTML, like Gecko; compatible; ClaudeBot/1.0; +claudebot@anthropic.com)"
216.73.216.209 - - [30/Jun/2026:00:56:08 -0700] "GET /item/3945842173.phtml HTTP/2.0" 404 6247 "-" "Mozilla/5.0 AppleWebKit/537.36 (KHTML, like Gecko; compatible; ClaudeBot/1.0; +claudebot@anthropic.com)"
216.73.216.209 - - [30/Jun/2026:00:56:11 -0700] "GET /item/2998215131.phtml HTTP/2.0" 404 6247 "-" "Mozilla/5.0 AppleWebKit/537.36 (KHTML, like Gecko; compatible; ClaudeBot/1.0; +claudebot@anthropic.com)"
142.44.225.11 - - [30/Jun/2026:00:56:13 -0700] "GET /item/546970370.phtml HTTP/2.0" 404 6365 "-" "Mozilla/5.0 (compatible; AhrefsBot/7.0; +http://ahrefs.com/robot/)"
216.73.216.209 - - [30/Jun/2026:00:56:14 -0700] "GET /item/473877124.phtml HTTP/2.0" 404 6247 "-" "Mozilla/5.0 AppleWebKit/537.36 (KHTML, like Gecko; compatible; ClaudeBot/1.0; +claudebot@anthropic.com)"
216.73.216.209 - - [30/Jun/2026:00:56:17 -0700] "GET /item/3096561329.phtml HTTP/2.0" 404 6247 "-" "Mozilla/5.0 AppleWebKit/537.36 (KHTML, like Gecko; compatible; ClaudeBot/1.0; +claudebot@anthropic.com)"
216.73.216.209 - - [30/Jun/2026:00:56:21 -0700] "GET /item/943652199.phtml HTTP/2.0" 404 6365 "-" "Mozilla/5.0 AppleWebKit/537.36 (KHTML, like Gecko; compatible; ClaudeBot/1.0; +claudebot@anthropic.com)"
216.73.216.209 - - [30/Jun/2026:00:56:24 -0700] "GET /item/3723216522.phtml HTTP/2.0" 404 6247 "-" "Mozilla/5.0 AppleWebKit/537.36 (KHTML, like Gecko; compatible; ClaudeBot/1.0; +claudebot@anthropic.com)"
216.73.216.209 - - [30/Jun/2026:00:56:27 -0700] "GET /item/835098161.phtml HTTP/2.0" 404 6247 "-" "Mozilla/5.0 AppleWebKit/537.36 (KHTML, like Gecko; compatible; ClaudeBot/1.0; +claudebot@anthropic.com)"
216.73.216.209 - - [30/Jun/2026:00:56:30 -0700] "GET /item/349787280.phtml HTTP/2.0" 404 6247 "-" "Mozilla/5.0 AppleWebKit/537.36 (KHTML, like Gecko; compatible; ClaudeBot/1.0; +claudebot@anthropic.com)"
216.73.216.209 - - [30/Jun/2026:00:56:33 -0700] "GET /item/2993462804.phtml HTTP/2.0" 404 6248 "-" "Mozilla/5.0 AppleWebKit/537.36 (KHTML, like Gecko; compatible; ClaudeBot/1.0; +claudebot@anthropic.com)"
216.73.216.209 - - [30/Jun/2026:00:56:36 -0700] "GET /item/4237993096.phtml HTTP/2.0" 404 6248 "-" "Mozilla/5.0 AppleWebKit/537.36 (KHTML, like Gecko; compatible; ClaudeBot/1.0; +claudebot@anthropic.com)"
216.73.216.209 - - [30/Jun/2026:00:56:39 -0700] "GET /item/4240417310.phtml HTTP/2.0" 404 6248 "-" "Mozilla/5.0 AppleWebKit/537.36 (KHTML, like Gecko; compatible; ClaudeBot/1.0; +claudebot@anthropic.com)"
216.73.216.209 - - [30/Jun/2026:00:56:42 -0700] "GET /item/3897482265.phtml HTTP/2.0" 404 6247 "-" "Mozilla/5.0 AppleWebKit/537.36 (KHTML, like Gecko; compatible; ClaudeBot/1.0; +claudebot@anthropic.com)"
54.39.203.175 - - [30/Jun/2026:00:56:47 -0700] "GET /item/3215889710.phtml HTTP/2.0" 404 6365 "-" "Mozilla/5.0 (compatible; AhrefsBot/7.0; +http://ahrefs.com/robot/)"
216.73.216.209 - - [30/Jun/2026:00:56:48 -0700] "GET /item/4040648159.phtml HTTP/2.0" 404 6248 "-" "Mozilla/5.0 AppleWebKit/537.36 (KHTML, like Gecko; compatible; ClaudeBot/1.0; +claudebot@anthropic.com)"
216.73.216.209 - - [30/Jun/2026:00:56:52 -0700] "GET /item/2450173028.phtml HTTP/2.0" 404 6365 "-" "Mozilla/5.0 AppleWebKit/537.36 (KHTML, like Gecko; compatible; ClaudeBot/1.0; +claudebot@anthropic.com)"
216.73.216.209 - - [30/Jun/2026:00:56:54 -0700] "GET /item/1876971647.phtml HTTP/2.0" 404 6248 "-" "Mozilla/5.0 AppleWebKit/537.36 (KHTML, like Gecko; compatible; ClaudeBot/1.0; +claudebot@anthropic.com)"
216.73.216.209 - - [30/Jun/2026:00:56:57 -0700] "GET /item/1492367458.phtml HTTP/2.0" 404 6248 "-" "Mozilla/5.0 AppleWebKit/537.36 (KHTML, like Gecko; compatible; ClaudeBot/1.0; +claudebot@anthropic.com)"
216.73.216.209 - - [30/Jun/2026:00:57:00 -0700] "GET /item/2075464979.phtml HTTP/2.0" 404 6247 "-" "Mozilla/5.0 AppleWebKit/537.36 (KHTML, like Gecko; compatible; ClaudeBot/1.0; +claudebot@anthropic.com)"
216.73.216.209 - - [30/Jun/2026:00:57:03 -0700] "GET /item/4158559409.phtml HTTP/2.0" 404 6247 "-" "Mozilla/5.0 AppleWebKit/537.36 (KHTML, like Gecko; compatible; ClaudeBot/1.0; +claudebot@anthropic.com)"
216.73.216.209 - - [30/Jun/2026:00:57:10 -0700] "GET /item/745322374.phtml HTTP/2.0" 404 6301 "-" "Mozilla/5.0 AppleWebKit/537.36 (KHTML, like Gecko; compatible; ClaudeBot/1.0; +claudebot@anthropic.com)"
185.213.23.63 - - [30/Jun/2026:00:57:17 -0700] "POST /d278e922259f.php HTTP/1.1" 200 3628 "-" "Mozilla/5.0 (Macintosh; Intel Mac OS X 10_8_3) AppleWebKit/537.36 (KHTML, like Gecko) Chrome/51.0.2724.18 Safari/537.36"
216.73.216.209 - - [30/Jun/2026:00:57:18 -0700] "GET /item/714203155.phtml HTTP/2.0" 404 6364 "-" "Mozilla/5.0 AppleWebKit/537.36 (KHTML, like Gecko; compatible; ClaudeBot/1.0; +claudebot@anthropic.com)"
185.213.23.63 - - [30/Jun/2026:00:57:23 -0700] "POST /d278e922259f.php HTTP/1.1" 200 3620 "https://www.musicpassiondjs.gr/d278e922259f.php" "Mozilla/5.0 (Macintosh; Intel Mac OS X 10_8_3) AppleWebKit/537.36 (KHTML, like Gecko) Chrome/51.0.2724.18 Safari/537.36"
185.213.23.63 - - [30/Jun/2026:00:57:26 -0700] "GET /1f8502d42cindex.php HTTP/1.1" 500 209 "https://www.musicpassiondjs.gr/d278e922259f.php" "Mozilla/5.0 (Macintosh; Intel Mac OS X 10_8_3) AppleWebKit/537.36 (KHTML, like Gecko) Chrome/51.0.2724.18 Safari/537.36"
167.114.139.75 - - [30/Jun/2026:00:57:24 -0700] "GET /item/1344817824.phtml HTTP/2.0" 404 6365 "-" "Mozilla/5.0 (compatible; AhrefsBot/7.0; +http://ahrefs.com/robot/)"
216.73.216.209 - - [30/Jun/2026:00:57:24 -0700] "GET /item/438005594.phtml HTTP/2.0" 404 6247 "-" "Mozilla/5.0 AppleWebKit/537.36 (KHTML, like Gecko; compatible; ClaudeBot/1.0; +claudebot@anthropic.com)"
185.213.23.63 - - [30/Jun/2026:00:57:31 -0700] "POST /d278e922259f.php HTTP/1.1" 418 4058 "https://www.musicpassiondjs.gr/1f8502d42cindex.php" "Mozilla/5.0 (Macintosh; Intel Mac OS X 10_8_3) AppleWebKit/537.36 (KHTML, like Gecko) Chrome/51.0.2724.18 Safari/537.36"
216.73.216.209 - - [30/Jun/2026:00:57:30 -0700] "GET /item/2222588656.phtml HTTP/2.0" 404 6247 "-" "Mozilla/5.0 AppleWebKit/537.36 (KHTML, like Gecko; compatible; ClaudeBot/1.0; +claudebot@anthropic.com)"
66.249.74.96 - - [30/Jun/2026:00:57:30 -0700] "GET /index.php?item/1347705874.phtml HTTP/1.1" 200 82269 "-" "Mozilla/5.0 (Linux; Android 6.0.1; Nexus 5X Build/MMB29P) AppleWebKit/537.36 (KHTML, like Gecko) Chrome/148.0.7778.96 Mobile Safari/537.36 (compatible; Googlebot/2.1; +http://www.google.com/bot.html)"
216.73.216.209 - - [30/Jun/2026:00:57:39 -0700] "GET /robots.txt HTTP/2.0" 200 286 "-" "Mozilla/5.0 AppleWebKit/537.36 (KHTML, like Gecko; compatible; ClaudeBot/1.0; +claudebot@anthropic.com)"
185.213.23.63 - - [30/Jun/2026:00:57:41 -0700] "GET /1f8502d42cindex.php HTTP/1.1" 500 3569 "https://www.musicpassiondjs.gr/d278e922259f.php" "Mozilla/5.0 (Macintosh; Intel Mac OS X 10_8_3) AppleWebKit/537.36 (KHTML, like Gecko) Chrome/51.0.2724.18 Safari/537.36"
216.73.216.209 - - [30/Jun/2026:00:57:36 -0700] "GET /item/3983137731.phtml HTTP/2.0" 404 6248 "-" "Mozilla/5.0 AppleWebKit/537.36 (KHTML, like Gecko; compatible; ClaudeBot/1.0; +claudebot@anthropic.com)"
216.73.216.209 - - [30/Jun/2026:00:57:42 -0700] "GET /item/3091809002.phtml HTTP/2.0" 404 6247 "-" "Mozilla/5.0 AppleWebKit/537.36 (KHTML, like Gecko; compatible; ClaudeBot/1.0; +claudebot@anthropic.com)"
216.73.216.209 - - [30/Jun/2026:00:57:47 -0700] "GET /item/1463736141.phtml HTTP/2.0" 404 6366 "-" "Mozilla/5.0 AppleWebKit/537.36 (KHTML, like Gecko; compatible; ClaudeBot/1.0; +claudebot@anthropic.com)"
216.73.216.209 - - [30/Jun/2026:00:57:53 -0700] "GET /item/1014742718.phtml HTTP/2.0" 404 6248 "-" "Mozilla/5.0 AppleWebKit/537.36 (KHTML, like Gecko; compatible; ClaudeBot/1.0; +claudebot@anthropic.com)"
216.73.216.209 - - [30/Jun/2026:00:57:56 -0700] "GET /item/1006172275.phtml HTTP/2.0" 404 6365 "-" "Mozilla/5.0 AppleWebKit/537.36 (KHTML, like Gecko; compatible; ClaudeBot/1.0; +claudebot@anthropic.com)"
216.73.216.209 - - [30/Jun/2026:00:58:02 -0700] "GET /item/175761791.phtml HTTP/2.0" 404 6247 "-" "Mozilla/5.0 AppleWebKit/537.36 (KHTML, like Gecko; compatible; ClaudeBot/1.0; +claudebot@anthropic.com)"
216.73.216.209 - - [30/Jun/2026:00:58:08 -0700] "GET /item/3209720268.phtml HTTP/2.0" 404 6247 "-" "Mozilla/5.0 AppleWebKit/537.36 (KHTML, like Gecko; compatible; ClaudeBot/1.0; +claudebot@anthropic.com)"
216.73.216.209 - - [30/Jun/2026:00:58:14 -0700] "GET /item/513848408.phtml HTTP/2.0" 404 6247 "-" "Mozilla/5.0 AppleWebKit/537.36 (KHTML, like Gecko; compatible; ClaudeBot/1.0; +claudebot@anthropic.com)"
216.73.216.209 - - [30/Jun/2026:00:58:20 -0700] "GET /item/2876549469.phtml HTTP/2.0" 404 6247 "-" "Mozilla/5.0 AppleWebKit/537.36 (KHTML, like Gecko; compatible; ClaudeBot/1.0; +claudebot@anthropic.com)"
216.73.216.209 - - [30/Jun/2026:00:58:26 -0700] "GET /item/1623071012.phtml HTTP/2.0" 404 6247 "-" "Mozilla/5.0 AppleWebKit/537.36 (KHTML, like Gecko; compatible; ClaudeBot/1.0; +claudebot@anthropic.com)"
216.73.216.209 - - [30/Jun/2026:00:58:32 -0700] "GET /item/744110275.phtml HTTP/2.0" 404 6247 "-" "Mozilla/5.0 AppleWebKit/537.36 (KHTML, like Gecko; compatible; ClaudeBot/1.0; +claudebot@anthropic.com)"
216.73.216.209 - - [30/Jun/2026:00:58:40 -0700] "GET /item/2028480709.phtml HTTP/2.0" 404 6247 "-" "Mozilla/5.0 AppleWebKit/537.36 (KHTML, like Gecko; compatible; ClaudeBot/1.0; +claudebot@anthropic.com)"
216.73.216.209 - - [30/Jun/2026:00:58:50 -0700] "GET /item/1199068124.phtml HTTP/2.0" 404 6301 "-" "Mozilla/5.0 AppleWebKit/537.36 (KHTML, like Gecko; compatible; ClaudeBot/1.0; +claudebot@anthropic.com)"
216.73.216.209 - - [30/Jun/2026:00:58:58 -0700] "GET /item/4185978611.phtml HTTP/2.0" 404 6365 "-" "Mozilla/5.0 AppleWebKit/537.36 (KHTML, like Gecko; compatible; ClaudeBot/1.0; +claudebot@anthropic.com)"
216.73.216.209 - - [30/Jun/2026:00:59:04 -0700] "GET /item/638751091.phtml HTTP/2.0" 404 6247 "-" "Mozilla/5.0 AppleWebKit/537.36 (KHTML, like Gecko; compatible; ClaudeBot/1.0; +claudebot@anthropic.com)"
216.73.216.209 - - [30/Jun/2026:00:59:10 -0700] "GET /item/122598911.phtml HTTP/2.0" 404 6247 "-" "Mozilla/5.0 AppleWebKit/537.36 (KHTML, like Gecko; compatible; ClaudeBot/1.0; +claudebot@anthropic.com)"
216.73.216.209 - - [30/Jun/2026:00:59:22 -0700] "GET /item/3476067082.phtml HTTP/2.0" 404 6301 "-" "Mozilla/5.0 AppleWebKit/537.36 (KHTML, like Gecko; compatible; ClaudeBot/1.0; +claudebot@anthropic.com)"
216.73.216.209 - - [30/Jun/2026:00:59:29 -0700] "GET /item/3310793855.phtml HTTP/2.0" 404 6364 "-" "Mozilla/5.0 AppleWebKit/537.36 (KHTML, like Gecko; compatible; ClaudeBot/1.0; +claudebot@anthropic.com)"
216.73.216.209 - - [30/Jun/2026:00:59:42 -0700] "GET /item/2940463447.phtml HTTP/2.0" 404 6301 "-" "Mozilla/5.0 AppleWebKit/537.36 (KHTML, like Gecko; compatible; ClaudeBot/1.0; +claudebot@anthropic.com)"
216.73.216.209 - - [30/Jun/2026:00:59:53 -0700] "GET /item/4062755508.phtml HTTP/2.0" 404 6302 "-" "Mozilla/5.0 AppleWebKit/537.36 (KHTML, like Gecko; compatible; ClaudeBot/1.0; +claudebot@anthropic.com)"
216.73.216.209 - - [30/Jun/2026:01:00:02 -0700] "GET /item/1007566209.phtml HTTP/2.0" 404 6301 "-" "Mozilla/5.0 AppleWebKit/537.36 (KHTML, like Gecko; compatible; ClaudeBot/1.0; +claudebot@anthropic.com)"
216.73.216.209 - - [30/Jun/2026:01:00:15 -0700] "GET /item/1957617433.phtml HTTP/2.0" 404 6365 "-" "Mozilla/5.0 AppleWebKit/537.36 (KHTML, like Gecko; compatible; ClaudeBot/1.0; +claudebot@anthropic.com)"
216.73.216.209 - - [30/Jun/2026:01:00:27 -0700] "GET /item/3889302604.phtml HTTP/2.0" 404 6301 "-" "Mozilla/5.0 AppleWebKit/537.36 (KHTML, like Gecko; compatible; ClaudeBot/1.0; +claudebot@anthropic.com)"
216.73.216.209 - - [30/Jun/2026:01:00:39 -0700] "GET /item/496329831.phtml HTTP/2.0" 404 6301 "-" "Mozilla/5.0 AppleWebKit/537.36 (KHTML, like Gecko; compatible; ClaudeBot/1.0; +claudebot@anthropic.com)"
216.73.216.209 - - [30/Jun/2026:01:00:46 -0700] "GET /item/2628384476.phtml HTTP/2.0" 404 6364 "-" "Mozilla/5.0 AppleWebKit/537.36 (KHTML, like Gecko; compatible; ClaudeBot/1.0; +claudebot@anthropic.com)"
31.171.55.114 - - [30/Jun/2026:01:00:46 -0700] "GET /index.php?CPPR=1&FGC=0&FPC=0&FTA=0&SFL_DF=0&SGC=0&STA=0&category%2F0%2F1%2F001%2F001003%2F0010030028%2F%3FSPC=0 HTTP/1.1" 200 16509 "-" "Mozilla/5.0 (Macintosh; Intel Mac OS X 10_9_5) AppleWebKit/537.36 (KHTML, like Gecko) Chrome/67.0.3396.87 Safari/537.36"
216.73.216.209 - - [30/Jun/2026:01:00:58 -0700] "GET /item/1910741382.phtml HTTP/2.0" 404 6301 "-" "Mozilla/5.0 AppleWebKit/537.36 (KHTML, like Gecko; compatible; ClaudeBot/1.0; +claudebot@anthropic.com)"
216.73.216.209 - - [30/Jun/2026:01:01:11 -0700] "GET /item/2050974197.phtml HTTP/2.0" 404 6301 "-" "Mozilla/5.0 AppleWebKit/537.36 (KHTML, like Gecko; compatible; ClaudeBot/1.0; +claudebot@anthropic.com)"
216.73.216.209 - - [30/Jun/2026:01:01:17 -0700] "GET /item/3652675681.phtml HTTP/2.0" 404 6364 "-" "Mozilla/5.0 AppleWebKit/537.36 (KHTML, like Gecko; compatible; ClaudeBot/1.0; +claudebot@anthropic.com)"
216.73.216.209 - - [30/Jun/2026:01:01:29 -0700] "GET /item/3434057739.phtml HTTP/2.0" 404 6301 "-" "Mozilla/5.0 AppleWebKit/537.36 (KHTML, like Gecko; compatible; ClaudeBot/1.0; +claudebot@anthropic.com)"
216.73.216.209 - - [30/Jun/2026:01:01:41 -0700] "GET /item/4011354373.phtml HTTP/2.0" 404 6301 "-" "Mozilla/5.0 AppleWebKit/537.36 (KHTML, like Gecko; compatible; ClaudeBot/1.0; +claudebot@anthropic.com)"
216.73.216.209 - - [30/Jun/2026:01:01:49 -0700] "GET /item/1310566695.phtml HTTP/2.0" 404 6365 "-" "Mozilla/5.0 AppleWebKit/537.36 (KHTML, like Gecko; compatible; ClaudeBot/1.0; +claudebot@anthropic.com)"
216.73.216.209 - - [30/Jun/2026:01:02:01 -0700] "GET /item/2484170006.phtml HTTP/2.0" 404 6301 "-" "Mozilla/5.0 AppleWebKit/537.36 (KHTML, like Gecko; compatible; ClaudeBot/1.0; +claudebot@anthropic.com)"
51.68.111.207 - - [30/Jun/2026:01:02:14 -0700] "GET /robots.txt HTTP/1.1" 200 3877 "-" "Mozilla/5.0 (compatible; MJ12bot/v2.0.5; http://mj12bot.com/)"
216.73.216.209 - - [30/Jun/2026:01:02:13 -0700] "GET /item/2871134705.phtml HTTP/2.0" 404 6301 "-" "Mozilla/5.0 AppleWebKit/537.36 (KHTML, like Gecko; compatible; ClaudeBot/1.0; +claudebot@anthropic.com)"
51.68.111.207 - - [30/Jun/2026:01:02:14 -0700] "GET / HTTP/1.1" 200 13065 "-" "Mozilla/5.0 (compatible; MJ12bot/v2.0.5; http://mj12bot.com/)"
216.73.216.209 - - [30/Jun/2026:01:02:24 -0700] "GET /item/1579987039.phtml HTTP/2.0" 404 6364 "-" "Mozilla/5.0 AppleWebKit/537.36 (KHTML, like Gecko; compatible; ClaudeBot/1.0; +claudebot@anthropic.com)"
216.73.216.209 - - [30/Jun/2026:01:02:36 -0700] "GET /item/1611691854.phtml HTTP/2.0" 404 6301 "-" "Mozilla/5.0 AppleWebKit/537.36 (KHTML, like Gecko; compatible; ClaudeBot/1.0; +claudebot@anthropic.com)"
216.73.216.209 - - [30/Jun/2026:01:02:48 -0700] "GET /item/1887076592.phtml HTTP/2.0" 404 6301 "-" "Mozilla/5.0 AppleWebKit/537.36 (KHTML, like Gecko; compatible; ClaudeBot/1.0; +claudebot@anthropic.com)"
216.73.216.209 - - [30/Jun/2026:01:02:54 -0700] "GET /item/2812962728.phtml HTTP/2.0" 404 6364 "-" "Mozilla/5.0 AppleWebKit/537.36 (KHTML, like Gecko; compatible; ClaudeBot/1.0; +claudebot@anthropic.com)"
216.73.216.209 - - [30/Jun/2026:01:03:06 -0700] "GET /item/1427713849.phtml HTTP/2.0" 404 6301 "-" "Mozilla/5.0 AppleWebKit/537.36 (KHTML, like Gecko; compatible; ClaudeBot/1.0; +claudebot@anthropic.com)"
216.73.216.209 - - [30/Jun/2026:01:03:18 -0700] "GET /item/1618961476.phtml HTTP/2.0" 404 6301 "-" "Mozilla/5.0 AppleWebKit/537.36 (KHTML, like Gecko; compatible; ClaudeBot/1.0; +claudebot@anthropic.com)"
216.73.216.209 - - [30/Jun/2026:01:03:25 -0700] "GET /item/3622832249.phtml HTTP/2.0" 404 6364 "-" "Mozilla/5.0 AppleWebKit/537.36 (KHTML, like Gecko; compatible; ClaudeBot/1.0; +claudebot@anthropic.com)"
216.73.216.209 - - [30/Jun/2026:01:03:40 -0700] "GET /item/1236024552.phtml HTTP/2.0" 404 6364 "-" "Mozilla/5.0 AppleWebKit/537.36 (KHTML, like Gecko; compatible; ClaudeBot/1.0; +claudebot@anthropic.com)"
