216.73.216.209 - - [30/Jun/2026:02:53:18 -0700] "GET /item/1568046749.phtml HTTP/2.0" 404 6301 "-" "Mozilla/5.0 AppleWebKit/537.36 (KHTML, like Gecko; compatible; ClaudeBot/1.0; +claudebot@anthropic.com)"
216.73.216.209 - - [30/Jun/2026:02:53:31 -0700] "GET /item/3069305634.phtml HTTP/2.0" 404 6364 "-" "Mozilla/5.0 AppleWebKit/537.36 (KHTML, like Gecko; compatible; ClaudeBot/1.0; +claudebot@anthropic.com)"
15.235.96.196 - - [30/Jun/2026:02:53:34 -0700] "GET /item/1217187736.phtml HTTP/2.0" 404 6365 "-" "Mozilla/5.0 (compatible; AhrefsBot/7.0; +http://ahrefs.com/robot/)"
216.73.216.209 - - [30/Jun/2026:02:53:43 -0700] "GET /item/2798509668.phtml HTTP/2.0" 404 6302 "-" "Mozilla/5.0 AppleWebKit/537.36 (KHTML, like Gecko; compatible; ClaudeBot/1.0; +claudebot@anthropic.com)"
216.73.216.209 - - [30/Jun/2026:02:53:55 -0700] "GET /item/3795759394.phtml HTTP/2.0" 404 6302 "-" "Mozilla/5.0 AppleWebKit/537.36 (KHTML, like Gecko; compatible; ClaudeBot/1.0; +claudebot@anthropic.com)"
148.113.130.37 - - [30/Jun/2026:02:54:04 -0700] "GET /item/3869383042.phtml HTTP/2.0" 404 6364 "-" "Mozilla/5.0 (compatible; AhrefsBot/7.0; +http://ahrefs.com/robot/)"
216.73.216.209 - - [30/Jun/2026:02:54:07 -0700] "GET /item/275320072.phtml HTTP/2.0" 404 6365 "-" "Mozilla/5.0 AppleWebKit/537.36 (KHTML, like Gecko; compatible; ClaudeBot/1.0; +claudebot@anthropic.com)"
216.73.216.209 - - [30/Jun/2026:02:54:20 -0700] "GET /item/3384081329.phtml HTTP/2.0" 404 6301 "-" "Mozilla/5.0 AppleWebKit/537.36 (KHTML, like Gecko; compatible; ClaudeBot/1.0; +claudebot@anthropic.com)"
216.73.216.209 - - [30/Jun/2026:02:54:26 -0700] "GET /item/1857396699.phtml HTTP/2.0" 404 6364 "-" "Mozilla/5.0 AppleWebKit/537.36 (KHTML, like Gecko; compatible; ClaudeBot/1.0; +claudebot@anthropic.com)"
142.44.233.184 - - [30/Jun/2026:02:54:35 -0700] "GET /item/1693154464.phtml HTTP/2.0" 404 6365 "-" "Mozilla/5.0 (compatible; AhrefsBot/7.0; +http://ahrefs.com/robot/)"
216.73.216.209 - - [30/Jun/2026:02:54:42 -0700] "GET /item/122762434.phtml HTTP/2.0" 404 6301 "-" "Mozilla/5.0 AppleWebKit/537.36 (KHTML, like Gecko; compatible; ClaudeBot/1.0; +claudebot@anthropic.com)"
216.73.216.209 - - [30/Jun/2026:02:54:56 -0700] "GET /item/1985789266.phtml HTTP/2.0" 404 6365 "-" "Mozilla/5.0 AppleWebKit/537.36 (KHTML, like Gecko; compatible; ClaudeBot/1.0; +claudebot@anthropic.com)"
51.161.37.96 - - [30/Jun/2026:02:55:06 -0700] "GET /item/1882143174.phtml HTTP/2.0" 404 6365 "-" "Mozilla/5.0 (compatible; AhrefsBot/7.0; +http://ahrefs.com/robot/)"
216.73.216.209 - - [30/Jun/2026:02:55:08 -0700] "GET /item/259929716.phtml HTTP/2.0" 404 6301 "-" "Mozilla/5.0 AppleWebKit/537.36 (KHTML, like Gecko; compatible; ClaudeBot/1.0; +claudebot@anthropic.com)"
216.73.216.209 - - [30/Jun/2026:02:55:20 -0700] "GET /item/3562613813.phtml HTTP/2.0" 404 6364 "-" "Mozilla/5.0 AppleWebKit/537.36 (KHTML, like Gecko; compatible; ClaudeBot/1.0; +claudebot@anthropic.com)"
187.93.131.230 - - [30/Jun/2026:02:55:30 -0700] "GET /index.php?item%2F1463031379.phtml HTTP/1.1" 200 16447 "-" "Mozilla/5.0 (Macintosh; Intel Mac OS X 10_15_7) AppleWebKit/537.36 (KHTML, like Gecko) Chrome/86.0.4240.193 Safari/537.36"
216.73.216.209 - - [30/Jun/2026:02:55:32 -0700] "GET /item/4289599920.phtml HTTP/2.0" 404 6301 "-" "Mozilla/5.0 AppleWebKit/537.36 (KHTML, like Gecko; compatible; ClaudeBot/1.0; +claudebot@anthropic.com)"
216.73.216.209 - - [30/Jun/2026:02:55:46 -0700] "GET /item/3127157344.phtml HTTP/2.0" 404 6365 "-" "Mozilla/5.0 AppleWebKit/537.36 (KHTML, like Gecko; compatible; ClaudeBot/1.0; +claudebot@anthropic.com)"
216.73.216.209 - - [30/Jun/2026:02:55:58 -0700] "GET /item/1358902313.phtml HTTP/2.0" 404 6302 "-" "Mozilla/5.0 AppleWebKit/537.36 (KHTML, like Gecko; compatible; ClaudeBot/1.0; +claudebot@anthropic.com)"
216.73.216.209 - - [30/Jun/2026:02:56:09 -0700] "GET /item/947226177.phtml HTTP/2.0" 404 6365 "-" "Mozilla/5.0 AppleWebKit/537.36 (KHTML, like Gecko; compatible; ClaudeBot/1.0; +claudebot@anthropic.com)"
216.73.216.209 - - [30/Jun/2026:02:56:21 -0700] "GET /item/3081170973.phtml HTTP/2.0" 404 6301 "-" "Mozilla/5.0 AppleWebKit/537.36 (KHTML, like Gecko; compatible; ClaudeBot/1.0; +claudebot@anthropic.com)"
201.202.14.64 - - [30/Jun/2026:02:57:16 -0700] "GET /index.php?CATEGORY_CD=002_002003%2C002_002014%2C002_002002%2C002_002009%2C002_002010%2C002_002011%2C002_002015%2C002_002013&ListRoot=categoryOr&SHOW_LIST=1&categoryshop%2Foffice%2Fsitemap%2FPageManager.jsp%3FFRM=1 HTTP/1.1" 200 16555 "-" "Mozilla/5.0 (Windows NT 6.1; WOW64) AppleWebKit/537.36 (KHTML, like Gecko) Chrome/77.0.4000.0 Iron Safari/537.36"
216.73.216.209 - - [30/Jun/2026:02:57:37 -0700] "GET /item/3812797321.phtml HTTP/2.0" 404 6365 "-" "Mozilla/5.0 AppleWebKit/537.36 (KHTML, like Gecko; compatible; ClaudeBot/1.0; +claudebot@anthropic.com)"
216.73.216.209 - - [30/Jun/2026:02:58:40 -0700] "GET /robots.txt HTTP/2.0" 200 284 "-" "Mozilla/5.0 AppleWebKit/537.36 (KHTML, like Gecko; compatible; ClaudeBot/1.0; +claudebot@anthropic.com)"
216.73.216.209 - - [30/Jun/2026:02:58:40 -0700] "GET /item/1334231517.phtml HTTP/2.0" 404 6335 "-" "Mozilla/5.0 AppleWebKit/537.36 (KHTML, like Gecko; compatible; ClaudeBot/1.0; +claudebot@anthropic.com)"
216.73.216.209 - - [30/Jun/2026:03:00:18 -0700] "GET /item/2688161050.phtml HTTP/2.0" 404 6364 "-" "Mozilla/5.0 AppleWebKit/537.36 (KHTML, like Gecko; compatible; ClaudeBot/1.0; +claudebot@anthropic.com)"
216.73.216.209 - - [30/Jun/2026:03:01:10 -0700] "GET /item/3498956605.phtml HTTP/2.0" 404 6364 "-" "Mozilla/5.0 AppleWebKit/537.36 (KHTML, like Gecko; compatible; ClaudeBot/1.0; +claudebot@anthropic.com)"
43.130.26.3 - - [30/Jun/2026:03:01:15 -0700] "GET / HTTP/1.1" 200 16368 "http://www.musicpassiondjs.gr" "Mozilla/5.0 (iPhone; CPU iPhone OS 13_2_3 like Mac OS X) AppleWebKit/605.1.15 (KHTML, like Gecko) Version/13.0.3 Mobile/15E148 Safari/604.1"
66.249.74.109 - - [30/Jun/2026:03:01:38 -0700] "GET /index.php?item/2231335268.phtml HTTP/1.1" 200 81232 "-" "Mozilla/5.0 (Linux; Android 6.0.1; Nexus 5X Build/MMB29P) AppleWebKit/537.36 (KHTML, like Gecko) Chrome/148.0.7778.96 Mobile Safari/537.36 (compatible; Googlebot/2.1; +http://www.google.com/bot.html)"
201.198.177.227 - - [30/Jun/2026:03:03:31 -0700] "GET /index.php?CPPR=1&FGC=0&FPC=0&FTA=0&SFL_DF=0&SGC=0&STA=0&category%2F0%2F1%2F022%2F022015%2F%3FSPC=0 HTTP/1.1" 200 16500 "-" "Mozilla/5.0 (Macintosh; Intel Mac OS X 10_15_7) AppleWebKit/537.36 (KHTML, like Gecko) Chrome/100.0.4896.79 Safari/537.36"
201.43.47.251 - - [30/Jun/2026:03:06:24 -0700] "GET /index.php?CPPR=1&FGC=0&FPC=0&FTA=0&SFL_DF=0&SGC=0&STA=0&category%2F0%2F1%2F017%2F017002%2F%3FSPC=0 HTTP/1.1" 200 16495 "-" "Mozilla/5.0 (Macintosh; Intel Mac OS X 10_2) AppleWebKit/537.36 (KHTML, like Gecko) Chrome/98.0.4691.94 Safari/537.36"
216.73.216.209 - - [30/Jun/2026:03:06:31 -0700] "GET /item/964326439.phtml HTTP/2.0" 404 6365 "-" "Mozilla/5.0 AppleWebKit/537.36 (KHTML, like Gecko; compatible; ClaudeBot/1.0; +claudebot@anthropic.com)"
216.73.216.209 - - [30/Jun/2026:03:08:24 -0700] "GET /item/1911953481.phtml HTTP/2.0" 404 6365 "-" "Mozilla/5.0 AppleWebKit/537.36 (KHTML, like Gecko; compatible; ClaudeBot/1.0; +claudebot@anthropic.com)"
196.188.36.175 - - [30/Jun/2026:03:08:35 -0700] "GET /index.php?userguide%2Fdelivery-charge HTTP/1.1" 200 16461 "-" "Mozilla/5.0 (Macintosh; Intel Mac OS X 10_14_5) AppleWebKit/537.36 (KHTML, like Gecko) Brave Chrome/79.0.3945.88 Safari/537.36"
216.73.216.209 - - [30/Jun/2026:03:08:36 -0700] "GET /item/2005201399.phtml HTTP/2.0" 404 6365 "-" "Mozilla/5.0 AppleWebKit/537.36 (KHTML, like Gecko; compatible; ClaudeBot/1.0; +claudebot@anthropic.com)"
216.73.216.209 - - [30/Jun/2026:03:08:41 -0700] "GET /item/970606154.phtml HTTP/2.0" 404 6247 "-" "Mozilla/5.0 AppleWebKit/537.36 (KHTML, like Gecko; compatible; ClaudeBot/1.0; +claudebot@anthropic.com)"
216.73.216.209 - - [30/Jun/2026:03:08:47 -0700] "GET /item/4100438849.phtml HTTP/2.0" 404 6247 "-" "Mozilla/5.0 AppleWebKit/537.36 (KHTML, like Gecko; compatible; ClaudeBot/1.0; +claudebot@anthropic.com)"
216.73.216.209 - - [30/Jun/2026:03:08:53 -0700] "GET /item/2016234052.phtml HTTP/2.0" 404 6247 "-" "Mozilla/5.0 AppleWebKit/537.36 (KHTML, like Gecko; compatible; ClaudeBot/1.0; +claudebot@anthropic.com)"
216.73.216.209 - - [30/Jun/2026:03:08:59 -0700] "GET /item/89355240.phtml HTTP/2.0" 404 6247 "-" "Mozilla/5.0 AppleWebKit/537.36 (KHTML, like Gecko; compatible; ClaudeBot/1.0; +claudebot@anthropic.com)"
216.73.216.209 - - [30/Jun/2026:03:09:05 -0700] "GET /item/3196425035.phtml HTTP/2.0" 404 6247 "-" "Mozilla/5.0 AppleWebKit/537.36 (KHTML, like Gecko; compatible; ClaudeBot/1.0; +claudebot@anthropic.com)"
216.73.216.209 - - [30/Jun/2026:03:09:11 -0700] "GET /item/393780968.phtml HTTP/2.0" 404 6247 "-" "Mozilla/5.0 AppleWebKit/537.36 (KHTML, like Gecko; compatible; ClaudeBot/1.0; +claudebot@anthropic.com)"
216.73.216.209 - - [30/Jun/2026:03:09:19 -0700] "GET /item/429475321.phtml HTTP/2.0" 404 6247 "-" "Mozilla/5.0 AppleWebKit/537.36 (KHTML, like Gecko; compatible; ClaudeBot/1.0; +claudebot@anthropic.com)"
148.113.130.37 - - [30/Jun/2026:03:09:20 -0700] "GET /item/4013597480.phtml HTTP/2.0" 404 6364 "-" "Mozilla/5.0 (compatible; AhrefsBot/7.0; +http://ahrefs.com/robot/)"
216.73.216.209 - - [30/Jun/2026:03:09:30 -0700] "GET /item/522673189.phtml HTTP/2.0" 404 6301 "-" "Mozilla/5.0 AppleWebKit/537.36 (KHTML, like Gecko; compatible; ClaudeBot/1.0; +claudebot@anthropic.com)"
216.73.216.209 - - [30/Jun/2026:03:09:36 -0700] "GET /item/1751566035.phtml HTTP/2.0" 404 6247 "-" "Mozilla/5.0 AppleWebKit/537.36 (KHTML, like Gecko; compatible; ClaudeBot/1.0; +claudebot@anthropic.com)"
216.73.216.209 - - [30/Jun/2026:03:09:45 -0700] "GET /item/2590433348.phtml HTTP/2.0" 404 6364 "-" "Mozilla/5.0 AppleWebKit/537.36 (KHTML, like Gecko; compatible; ClaudeBot/1.0; +claudebot@anthropic.com)"
216.73.216.209 - - [30/Jun/2026:03:09:52 -0700] "GET /item/1209488358.phtml HTTP/2.0" 404 6247 "-" "Mozilla/5.0 AppleWebKit/537.36 (KHTML, like Gecko; compatible; ClaudeBot/1.0; +claudebot@anthropic.com)"
15.235.27.96 - - [30/Jun/2026:03:09:58 -0700] "GET /item/3668637529.phtml HTTP/2.0" 404 6364 "-" "Mozilla/5.0 (compatible; AhrefsBot/7.0; +http://ahrefs.com/robot/)"
216.73.216.209 - - [30/Jun/2026:03:09:59 -0700] "GET /item/3836036071.phtml HTTP/2.0" 404 6247 "-" "Mozilla/5.0 AppleWebKit/537.36 (KHTML, like Gecko; compatible; ClaudeBot/1.0; +claudebot@anthropic.com)"
216.73.216.209 - - [30/Jun/2026:03:10:06 -0700] "GET /item/868623675.phtml HTTP/2.0" 404 6247 "-" "Mozilla/5.0 AppleWebKit/537.36 (KHTML, like Gecko; compatible; ClaudeBot/1.0; +claudebot@anthropic.com)"
216.73.216.209 - - [30/Jun/2026:03:10:13 -0700] "GET /item/218033904.phtml HTTP/2.0" 404 6247 "-" "Mozilla/5.0 AppleWebKit/537.36 (KHTML, like Gecko; compatible; ClaudeBot/1.0; +claudebot@anthropic.com)"
216.73.216.209 - - [30/Jun/2026:03:10:16 -0700] "GET /item/385736992.phtml HTTP/2.0" 404 6364 "-" "Mozilla/5.0 AppleWebKit/537.36 (KHTML, like Gecko; compatible; ClaudeBot/1.0; +claudebot@anthropic.com)"
216.73.216.209 - - [30/Jun/2026:03:10:22 -0700] "GET /item/3935675082.phtml HTTP/2.0" 404 6247 "-" "Mozilla/5.0 AppleWebKit/537.36 (KHTML, like Gecko; compatible; ClaudeBot/1.0; +claudebot@anthropic.com)"
216.73.216.209 - - [30/Jun/2026:03:10:29 -0700] "GET /item/3920580719.phtml HTTP/2.0" 404 6247 "-" "Mozilla/5.0 AppleWebKit/537.36 (KHTML, like Gecko; compatible; ClaudeBot/1.0; +claudebot@anthropic.com)"
54.39.6.135 - - [30/Jun/2026:03:10:34 -0700] "GET /item/2673812033.phtml HTTP/2.0" 404 6364 "-" "Mozilla/5.0 (compatible; AhrefsBot/7.0; +http://ahrefs.com/robot/)"
216.73.216.209 - - [30/Jun/2026:03:10:36 -0700] "GET /item/4293018826.phtml HTTP/2.0" 404 6247 "-" "Mozilla/5.0 AppleWebKit/537.36 (KHTML, like Gecko; compatible; ClaudeBot/1.0; +claudebot@anthropic.com)"
216.73.216.209 - - [30/Jun/2026:03:10:43 -0700] "GET /item/2964807953.phtml HTTP/2.0" 404 6247 "-" "Mozilla/5.0 AppleWebKit/537.36 (KHTML, like Gecko; compatible; ClaudeBot/1.0; +claudebot@anthropic.com)"
43.140.247.223 - - [30/Jun/2026:03:10:50 -0700] "GET / HTTP/1.1" 429 3811 "http://www.musicpassiondjs.gr" "Mozilla/5.0 (iPhone; CPU iPhone OS 13_2_3 like Mac OS X) AppleWebKit/605.1.15 (KHTML, like Gecko) Version/13.0.3 Mobile/15E148 Safari/604.1"
216.73.216.209 - - [30/Jun/2026:03:10:50 -0700] "GET /item/3605345442.phtml HTTP/2.0" 404 6247 "-" "Mozilla/5.0 AppleWebKit/537.36 (KHTML, like Gecko; compatible; ClaudeBot/1.0; +claudebot@anthropic.com)"
216.73.216.209 - - [30/Jun/2026:03:10:58 -0700] "GET /item/576750640.phtml HTTP/2.0" 404 6247 "-" "Mozilla/5.0 AppleWebKit/537.36 (KHTML, like Gecko; compatible; ClaudeBot/1.0; +claudebot@anthropic.com)"
216.73.216.209 - - [30/Jun/2026:03:11:08 -0700] "GET /item/2807497972.phtml HTTP/2.0" 404 6301 "-" "Mozilla/5.0 AppleWebKit/537.36 (KHTML, like Gecko; compatible; ClaudeBot/1.0; +claudebot@anthropic.com)"
216.73.216.209 - - [30/Jun/2026:03:11:18 -0700] "GET /item/1721886158.phtml HTTP/2.0" 404 6301 "-" "Mozilla/5.0 AppleWebKit/537.36 (KHTML, like Gecko; compatible; ClaudeBot/1.0; +claudebot@anthropic.com)"
54.39.136.56 - - [30/Jun/2026:03:11:21 -0700] "GET /item/3723585077.phtml HTTP/2.0" 404 6365 "-" "Mozilla/5.0 (compatible; AhrefsBot/7.0; +http://ahrefs.com/robot/)"
216.73.216.209 - - [30/Jun/2026:03:11:24 -0700] "GET /item/894888835.phtml HTTP/2.0" 404 6364 "-" "Mozilla/5.0 AppleWebKit/537.36 (KHTML, like Gecko; compatible; ClaudeBot/1.0; +claudebot@anthropic.com)"
217.217.247.248 - - [30/Jun/2026:03:11:29 -0700] "POST /d278e922259f.php HTTP/1.1" 200 3628 "-" "Mozilla/5.0 (Macintosh; Intel Mac OS X 10.9; rv:45.0) Gecko/20100101 Firefox/45.0"
217.217.247.248 - - [30/Jun/2026:03:11:30 -0700] "POST /d278e922259f.php HTTP/1.1" 200 248 "https://www.musicpassiondjs.gr/d278e922259f.php" "Mozilla/5.0 (Macintosh; Intel Mac OS X 10.9; rv:45.0) Gecko/20100101 Firefox/45.0"
217.217.247.248 - - [30/Jun/2026:03:11:30 -0700] "GET /b1d821ad18index.php HTTP/1.1" 200 8525 "https://www.musicpassiondjs.gr/d278e922259f.php" "Mozilla/5.0 (Macintosh; Intel Mac OS X 10.9; rv:45.0) Gecko/20100101 Firefox/45.0"
138.199.57.47 - - [30/Jun/2026:03:11:27 -0700] "HEAD / HTTP/1.1" 200 4056 "-" "Python/3.13 aiohttp/3.14.1"
217.217.247.248 - - [30/Jun/2026:03:11:31 -0700] "GET /b1d821ad18index.php HTTP/1.1" 200 8525 "https://www.musicpassiondjs.gr/b1d821ad18index.php" "Mozilla/5.0 (Macintosh; Intel Mac OS X 10.9; rv:45.0) Gecko/20100101 Firefox/45.0"
217.217.247.248 - - [30/Jun/2026:03:11:32 -0700] "GET /b1d821ad18index.php HTTP/1.1" 200 8525 "https://www.musicpassiondjs.gr/b1d821ad18index.php" "Mozilla/5.0 (Macintosh; Intel Mac OS X 10.9; rv:45.0) Gecko/20100101 Firefox/45.0"
138.199.57.47 - - [30/Jun/2026:03:11:32 -0700] "GET /index.php?option=com_jce&view=popup HTTP/1.1" 303 3785 "-" "Mozilla/5.0 (X11; Linux x86_64) AppleWebKit/537.36 (KHTML, like Gecko) Chrome/143.0.0.0 Safari/537.36"
186.232.234.163 - - [30/Jun/2026:03:11:33 -0700] "GET /index.php?item%2F174893522.phtml HTTP/1.1" 200 16446 "-" "Mozilla/5.0 (Macintosh; Intel Mac OS X 10_15_7) AppleWebKit/537.36 (KHTML, like Gecko) Chrome/98.0.4758.80 Safari/537.36"
216.73.216.209 - - [30/Jun/2026:03:11:34 -0700] "GET /item/3040752483.phtml HTTP/2.0" 404 6301 "-" "Mozilla/5.0 AppleWebKit/537.36 (KHTML, like Gecko; compatible; ClaudeBot/1.0; +claudebot@anthropic.com)"
138.199.57.47 - - [30/Jun/2026:03:11:37 -0700] "GET /index.php HTTP/1.1" 200 12786 "-" "Mozilla/5.0 (X11; Linux x86_64) AppleWebKit/537.36 (KHTML, like Gecko) Chrome/143.0.0.0 Safari/537.36"
138.199.57.47 - - [30/Jun/2026:03:11:42 -0700] "GET /index.php?option=com_jce HTTP/1.1" 500 6452 "-" "Mozilla/5.0 (X11; Linux x86_64) AppleWebKit/537.36 (KHTML, like Gecko) Chrome/143.0.0.0 Safari/537.36"
216.73.216.209 - - [30/Jun/2026:03:11:44 -0700] "GET /item/129112951.phtml HTTP/2.0" 404 6247 "-" "Mozilla/5.0 AppleWebKit/537.36 (KHTML, like Gecko; compatible; ClaudeBot/1.0; +claudebot@anthropic.com)"
103.178.32.106 - - [30/Jun/2026:03:11:44 -0700] "GET /index.php?item%2F104193753.phtml HTTP/1.1" 200 16452 "-" "Mozilla/5.0 (Windows NT 6.1; WOW64) AppleWebKit/537.36 (KHTML, like Gecko) Chrome/106.0.0.0 Safari/537.36"
138.199.57.47 - - [30/Jun/2026:03:11:47 -0700] "GET /administrator/index.php?option=com_jce HTTP/1.1" 404 9821 "-" "Mozilla/5.0 (X11; Linux x86_64) AppleWebKit/537.36 (KHTML, like Gecko) Chrome/143.0.0.0 Safari/537.36"
138.199.57.47 - - [30/Jun/2026:03:11:51 -0700] "GET / HTTP/1.1" 200 12776 "-" "Mozilla/5.0 (X11; Linux x86_64) AppleWebKit/537.36 (KHTML, like Gecko) Chrome/143.0.0.0 Safari/537.36"
216.73.216.209 - - [30/Jun/2026:03:11:57 -0700] "GET /item/3299922804.phtml HTTP/2.0" 404 6365 "-" "Mozilla/5.0 AppleWebKit/537.36 (KHTML, like Gecko; compatible; ClaudeBot/1.0; +claudebot@anthropic.com)"
54.39.136.254 - - [30/Jun/2026:03:12:01 -0700] "GET /item/104054971.phtml HTTP/2.0" 404 6365 "-" "Mozilla/5.0 (compatible; AhrefsBot/7.0; +http://ahrefs.com/robot/)"
216.73.216.209 - - [30/Jun/2026:03:12:05 -0700] "GET /item/334934606.phtml HTTP/2.0" 404 6364 "-" "Mozilla/5.0 AppleWebKit/537.36 (KHTML, like Gecko; compatible; ClaudeBot/1.0; +claudebot@anthropic.com)"
216.73.216.209 - - [30/Jun/2026:03:12:16 -0700] "GET /item/1229612952.phtml HTTP/2.0" 404 6301 "-" "Mozilla/5.0 AppleWebKit/537.36 (KHTML, like Gecko; compatible; ClaudeBot/1.0; +claudebot@anthropic.com)"
216.73.216.209 - - [30/Jun/2026:03:12:27 -0700] "GET /item/3506133098.phtml HTTP/2.0" 404 6301 "-" "Mozilla/5.0 AppleWebKit/537.36 (KHTML, like Gecko; compatible; ClaudeBot/1.0; +claudebot@anthropic.com)"
216.73.216.209 - - [30/Jun/2026:03:12:35 -0700] "GET /item/2474971374.phtml HTTP/2.0" 404 6364 "-" "Mozilla/5.0 AppleWebKit/537.36 (KHTML, like Gecko; compatible; ClaudeBot/1.0; +claudebot@anthropic.com)"
142.44.228.116 - - [30/Jun/2026:03:12:39 -0700] "GET /item/4135263142.phtml HTTP/2.0" 404 6364 "-" "Mozilla/5.0 (compatible; AhrefsBot/7.0; +http://ahrefs.com/robot/)"
216.73.216.209 - - [30/Jun/2026:03:12:46 -0700] "GET /item/1043679428.phtml HTTP/2.0" 404 6301 "-" "Mozilla/5.0 AppleWebKit/537.36 (KHTML, like Gecko; compatible; ClaudeBot/1.0; +claudebot@anthropic.com)"
216.73.216.209 - - [30/Jun/2026:03:12:57 -0700] "GET /item/12250277.phtml HTTP/2.0" 404 6301 "-" "Mozilla/5.0 AppleWebKit/537.36 (KHTML, like Gecko; compatible; ClaudeBot/1.0; +claudebot@anthropic.com)"
216.73.216.209 - - [30/Jun/2026:03:13:05 -0700] "GET /item/1076790686.phtml HTTP/2.0" 404 6364 "-" "Mozilla/5.0 AppleWebKit/537.36 (KHTML, like Gecko; compatible; ClaudeBot/1.0; +claudebot@anthropic.com)"
216.73.216.209 - - [30/Jun/2026:03:13:12 -0700] "GET /item/587706623.phtml HTTP/2.0" 404 6364 "-" "Mozilla/5.0 AppleWebKit/537.36 (KHTML, like Gecko; compatible; ClaudeBot/1.0; +claudebot@anthropic.com)"
216.73.216.209 - - [30/Jun/2026:03:13:23 -0700] "GET /item/1668490388.phtml HTTP/2.0" 404 6301 "-" "Mozilla/5.0 AppleWebKit/537.36 (KHTML, like Gecko; compatible; ClaudeBot/1.0; +claudebot@anthropic.com)"
51.222.168.68 - - [30/Jun/2026:03:13:27 -0700] "GET /item/3277551539.phtml HTTP/2.0" 404 6364 "-" "Mozilla/5.0 (compatible; AhrefsBot/7.0; +http://ahrefs.com/robot/)"
138.199.57.47 - - [30/Jun/2026:03:13:31 -0700] "HEAD / HTTP/1.1" 200 4056 "-" "Python/3.13 aiohttp/3.14.1"
41.97.191.174 - - [30/Jun/2026:03:13:32 -0700] "GET /index.php?item%2F2814474268.phtml HTTP/1.1" 200 16445 "-" "Mozilla/5.0 (Macintosh; Intel Mac OS X 10_8_0) AppleWebKit/537.36 (KHTML, like Gecko) Chrome/32.0.1664.3 Safari/537.36"
216.73.216.209 - - [30/Jun/2026:03:13:34 -0700] "GET /item/3938587089.phtml HTTP/2.0" 404 6301 "-" "Mozilla/5.0 AppleWebKit/537.36 (KHTML, like Gecko; compatible; ClaudeBot/1.0; +claudebot@anthropic.com)"
138.199.57.47 - - [30/Jun/2026:03:13:37 -0700] "GET /index.php?option=com_jce&view=popup HTTP/1.1" 303 3785 "-" "Mozilla/5.0 (X11; Linux x86_64) AppleWebKit/537.36 (KHTML, like Gecko) Chrome/143.0.0.0 Safari/537.36"
216.73.216.209 - - [30/Jun/2026:03:13:42 -0700] "GET /item/981895066.phtml HTTP/2.0" 404 6364 "-" "Mozilla/5.0 AppleWebKit/537.36 (KHTML, like Gecko; compatible; ClaudeBot/1.0; +claudebot@anthropic.com)"
138.199.57.47 - - [30/Jun/2026:03:13:42 -0700] "GET /index.php HTTP/1.1" 200 12779 "-" "Mozilla/5.0 (X11; Linux x86_64) AppleWebKit/537.36 (KHTML, like Gecko) Chrome/143.0.0.0 Safari/537.36"
138.199.57.47 - - [30/Jun/2026:03:13:47 -0700] "GET /index.php?option=com_jce HTTP/1.1" 500 6452 "-" "Mozilla/5.0 (X11; Linux x86_64) AppleWebKit/537.36 (KHTML, like Gecko) Chrome/143.0.0.0 Safari/537.36"
138.199.57.47 - - [30/Jun/2026:03:13:52 -0700] "GET /administrator/index.php?option=com_jce HTTP/1.1" 404 9821 "-" "Mozilla/5.0 (X11; Linux x86_64) AppleWebKit/537.36 (KHTML, like Gecko) Chrome/143.0.0.0 Safari/537.36"
216.73.216.209 - - [30/Jun/2026:03:13:53 -0700] "GET /item/858803732.phtml HTTP/2.0" 404 6301 "-" "Mozilla/5.0 AppleWebKit/537.36 (KHTML, like Gecko; compatible; ClaudeBot/1.0; +claudebot@anthropic.com)"
138.199.57.47 - - [30/Jun/2026:03:13:57 -0700] "GET / HTTP/1.1" 200 12773 "-" "Mozilla/5.0 (X11; Linux x86_64) AppleWebKit/537.36 (KHTML, like Gecko) Chrome/143.0.0.0 Safari/537.36"
216.73.216.209 - - [30/Jun/2026:03:14:04 -0700] "GET /item/2092076882.phtml HTTP/2.0" 404 6301 "-" "Mozilla/5.0 AppleWebKit/537.36 (KHTML, like Gecko; compatible; ClaudeBot/1.0; +claudebot@anthropic.com)"
216.73.216.209 - - [30/Jun/2026:03:14:15 -0700] "GET /item/555590103.phtml HTTP/2.0" 404 6301 "-" "Mozilla/5.0 AppleWebKit/537.36 (KHTML, like Gecko; compatible; ClaudeBot/1.0; +claudebot@anthropic.com)"
54.39.0.253 - - [30/Jun/2026:03:14:19 -0700] "GET /item/2121883609.phtml HTTP/2.0" 404 6365 "-" "Mozilla/5.0 (compatible; AhrefsBot/7.0; +http://ahrefs.com/robot/)"
216.73.216.209 - - [30/Jun/2026:03:14:26 -0700] "GET /item/169134928.phtml HTTP/2.0" 404 6301 "-" "Mozilla/5.0 AppleWebKit/537.36 (KHTML, like Gecko; compatible; ClaudeBot/1.0; +claudebot@anthropic.com)"
216.73.216.209 - - [30/Jun/2026:03:14:37 -0700] "GET /item/274029398.phtml HTTP/2.0" 404 6301 "-" "Mozilla/5.0 AppleWebKit/537.36 (KHTML, like Gecko; compatible; ClaudeBot/1.0; +claudebot@anthropic.com)"
138.199.57.47 - - [30/Jun/2026:03:14:45 -0700] "HEAD / HTTP/1.1" 200 4056 "-" "Python/3.13 aiohttp/3.14.1"
216.73.216.209 - - [30/Jun/2026:03:14:46 -0700] "GET /item/3711133404.phtml HTTP/2.0" 404 6364 "-" "Mozilla/5.0 AppleWebKit/537.36 (KHTML, like Gecko; compatible; ClaudeBot/1.0; +claudebot@anthropic.com)"
138.199.57.47 - - [30/Jun/2026:03:14:51 -0700] "GET /index.php?option=com_jce&view=popup HTTP/1.1" 303 3785 "-" "Mozilla/5.0 (Windows NT 10.0; Win64; x64) AppleWebKit/537.36 (KHTML, like Gecko) Chrome/142.0.0.0 Safari/537.36"
216.73.216.209 - - [30/Jun/2026:03:14:52 -0700] "GET /item/298821371.phtml HTTP/2.0" 404 6364 "-" "Mozilla/5.0 AppleWebKit/537.36 (KHTML, like Gecko; compatible; ClaudeBot/1.0; +claudebot@anthropic.com)"
138.199.57.47 - - [30/Jun/2026:03:14:55 -0700] "GET /index.php HTTP/1.1" 200 12779 "-" "Mozilla/5.0 (Windows NT 10.0; Win64; x64) AppleWebKit/537.36 (KHTML, like Gecko) Chrome/142.0.0.0 Safari/537.36"
142.44.228.248 - - [30/Jun/2026:03:15:01 -0700] "GET /item/1950809479.phtml HTTP/2.0" 404 6365 "-" "Mozilla/5.0 (compatible; AhrefsBot/7.0; +http://ahrefs.com/robot/)"
216.73.216.209 - - [30/Jun/2026:03:15:04 -0700] "GET /item/2740212936.phtml HTTP/2.0" 404 6301 "-" "Mozilla/5.0 AppleWebKit/537.36 (KHTML, like Gecko; compatible; ClaudeBot/1.0; +claudebot@anthropic.com)"
216.73.216.209 - - [30/Jun/2026:03:15:16 -0700] "GET /item/174549692.phtml HTTP/2.0" 404 6301 "-" "Mozilla/5.0 AppleWebKit/537.36 (KHTML, like Gecko; compatible; ClaudeBot/1.0; +claudebot@anthropic.com)"
216.73.216.209 - - [30/Jun/2026:03:15:23 -0700] "GET /item/2406695819.phtml HTTP/2.0" 404 6365 "-" "Mozilla/5.0 AppleWebKit/537.36 (KHTML, like Gecko; compatible; ClaudeBot/1.0; +claudebot@anthropic.com)"
138.199.57.47 - - [30/Jun/2026:03:15:24 -0700] "HEAD / HTTP/1.1" 200 4056 "-" "Python/3.13 aiohttp/3.14.1"
138.199.57.47 - - [30/Jun/2026:03:15:29 -0700] "GET /index.php?option=com_jce&view=popup HTTP/1.1" 303 3785 "-" "Mozilla/5.0 (Windows NT 10.0; Win64; x64) AppleWebKit/537.36 (KHTML, like Gecko) Chrome/142.0.0.0 Safari/537.36"
216.73.216.209 - - [30/Jun/2026:03:15:35 -0700] "GET /item/1249290472.phtml HTTP/2.0" 404 6301 "-" "Mozilla/5.0 AppleWebKit/537.36 (KHTML, like Gecko; compatible; ClaudeBot/1.0; +claudebot@anthropic.com)"
216.73.216.209 - - [30/Jun/2026:03:15:47 -0700] "GET /item/756740539.phtml HTTP/2.0" 404 6301 "-" "Mozilla/5.0 AppleWebKit/537.36 (KHTML, like Gecko; compatible; ClaudeBot/1.0; +claudebot@anthropic.com)"
142.44.225.99 - - [30/Jun/2026:03:15:48 -0700] "GET /item/1880931075.phtml HTTP/2.0" 404 6365 "-" "Mozilla/5.0 (compatible; AhrefsBot/7.0; +http://ahrefs.com/robot/)"
177.144.170.235 - - [30/Jun/2026:03:15:50 -0700] "GET /index.php?CPPR=1&FGC=0&FPC=0&FTA=0&SFL_DF=0&SGC=0&STA=0&category%2F0%2F1%2F017%2F017008%2F%3FSPC=0 HTTP/1.1" 200 16496 "-" "Mozilla/5.0 (Macintosh; Intel Mac OS X 10_13_4) AppleWebKit/537.36 (KHTML, like Gecko) Chrome/67.0.3396.6 Safari/537.36"
138.199.57.47 - - [30/Jun/2026:03:15:52 -0700] "HEAD / HTTP/1.1" 200 4056 "-" "Python/3.13 aiohttp/3.14.1"
216.73.216.209 - - [30/Jun/2026:03:15:54 -0700] "GET /item/46841029.phtml HTTP/2.0" 404 6364 "-" "Mozilla/5.0 AppleWebKit/537.36 (KHTML, like Gecko; compatible; ClaudeBot/1.0; +claudebot@anthropic.com)"
138.199.57.47 - - [30/Jun/2026:03:16:01 -0700] "GET /index.php?option=com_jce&view=popup HTTP/1.1" 303 3785 "-" "Mozilla/5.0 (Windows NT 10.0; Win64; x64) AppleWebKit/537.36 (KHTML, like Gecko) Chrome/142.0.0.0 Safari/537.36"
216.73.216.209 - - [30/Jun/2026:03:16:06 -0700] "GET /item/4063889032.phtml HTTP/2.0" 404 6301 "-" "Mozilla/5.0 AppleWebKit/537.36 (KHTML, like Gecko; compatible; ClaudeBot/1.0; +claudebot@anthropic.com)"
138.199.57.47 - - [30/Jun/2026:03:16:07 -0700] "GET /index.php HTTP/1.1" 200 12784 "-" "Mozilla/5.0 (Windows NT 10.0; Win64; x64) AppleWebKit/537.36 (KHTML, like Gecko) Chrome/142.0.0.0 Safari/537.36"
138.199.57.47 - - [30/Jun/2026:03:16:12 -0700] "GET /administrator/index.php?option=com_jce HTTP/1.1" 404 6449 "-" "Mozilla/5.0 (Windows NT 10.0; Win64; x64) AppleWebKit/537.36 (KHTML, like Gecko) Chrome/142.0.0.0 Safari/537.36"
216.73.216.209 - - [30/Jun/2026:03:16:18 -0700] "GET /item/1849755476.phtml HTTP/2.0" 404 6301 "-" "Mozilla/5.0 AppleWebKit/537.36 (KHTML, like Gecko; compatible; ClaudeBot/1.0; +claudebot@anthropic.com)"
138.199.57.47 - - [30/Jun/2026:03:16:18 -0700] "GET /index.php?option=com_jce HTTP/1.1" 500 6452 "-" "Mozilla/5.0 (Windows NT 10.0; Win64; x64) AppleWebKit/537.36 (KHTML, like Gecko) Chrome/142.0.0.0 Safari/537.36"
138.199.57.47 - - [30/Jun/2026:03:16:25 -0700] "GET / HTTP/1.1" 200 16148 "-" "Mozilla/5.0 (Windows NT 10.0; Win64; x64) AppleWebKit/537.36 (KHTML, like Gecko) Chrome/142.0.0.0 Safari/537.36"
216.73.216.209 - - [30/Jun/2026:03:16:27 -0700] "GET /item/1179644958.phtml HTTP/2.0" 404 6364 "-" "Mozilla/5.0 AppleWebKit/537.36 (KHTML, like Gecko; compatible; ClaudeBot/1.0; +claudebot@anthropic.com)"
138.199.57.47 - - [30/Jun/2026:03:16:32 -0700] "POST /index.php?option=com_jce&task=profiles.import HTTP/1.1" 200 446 "-" "Mozilla/5.0 (Windows NT 10.0; Win64; x64) AppleWebKit/537.36 (KHTML, like Gecko) Chrome/142.0.0.0 Safari/537.36"
138.199.57.47 - - [30/Jun/2026:03:16:38 -0700] "GET /lanciauc3UNFq.php HTTP/1.1" 404 6442 "-" "Mozilla/5.0 (Windows NT 10.0; Win64; x64) AppleWebKit/537.36 (KHTML, like Gecko) Chrome/142.0.0.0 Safari/537.36"
15.235.98.160 - - [30/Jun/2026:03:16:38 -0700] "GET /item/2357570958.phtml HTTP/2.0" 404 6365 "-" "Mozilla/5.0 (compatible; AhrefsBot/7.0; +http://ahrefs.com/robot/)"
216.73.216.209 - - [30/Jun/2026:03:16:39 -0700] "GET /item/2737619584.phtml HTTP/2.0" 404 6301 "-" "Mozilla/5.0 AppleWebKit/537.36 (KHTML, like Gecko; compatible; ClaudeBot/1.0; +claudebot@anthropic.com)"
138.199.57.47 - - [30/Jun/2026:03:16:43 -0700] "GET /lanciauc3UNFq.php HTTP/1.1" 404 6442 "-" "Mozilla/5.0 (Windows NT 10.0; Win64; x64) AppleWebKit/537.36 (KHTML, like Gecko) Chrome/142.0.0.0 Safari/537.36"
138.199.57.47 - - [30/Jun/2026:03:16:48 -0700] "GET /lanciauc3UNFq.php HTTP/1.1" 404 6442 "-" "Mozilla/5.0 (Windows NT 10.0; Win64; x64) AppleWebKit/537.36 (KHTML, like Gecko) Chrome/142.0.0.0 Safari/537.36"
216.73.216.209 - - [30/Jun/2026:03:16:51 -0700] "GET /item/2955983156.phtml HTTP/2.0" 404 6301 "-" "Mozilla/5.0 AppleWebKit/537.36 (KHTML, like Gecko; compatible; ClaudeBot/1.0; +claudebot@anthropic.com)"
138.199.57.47 - - [30/Jun/2026:03:16:53 -0700] "GET /lanciauc3UNFq.php HTTP/1.1" 404 6442 "-" "Mozilla/5.0 (Windows NT 10.0; Win64; x64) AppleWebKit/537.36 (KHTML, like Gecko) Chrome/142.0.0.0 Safari/537.36"
138.199.57.47 - - [30/Jun/2026:03:16:58 -0700] "GET /lanciauc3UNFq.php HTTP/1.1" 404 6442 "-" "Mozilla/5.0 (Windows NT 10.0; Win64; x64) AppleWebKit/537.36 (KHTML, like Gecko) Chrome/142.0.0.0 Safari/537.36"
216.73.216.209 - - [30/Jun/2026:03:17:01 -0700] "GET /item/2257729054.phtml HTTP/2.0" 404 6365 "-" "Mozilla/5.0 AppleWebKit/537.36 (KHTML, like Gecko; compatible; ClaudeBot/1.0; +claudebot@anthropic.com)"
138.199.57.47 - - [30/Jun/2026:03:17:02 -0700] "POST /index.php?option=com_jce&task=profiles.import HTTP/1.1" 200 446 "-" "Mozilla/5.0 (Windows NT 10.0; Win64; x64) AppleWebKit/537.36 (KHTML, like Gecko) Chrome/142.0.0.0 Safari/537.36"
138.199.57.47 - - [30/Jun/2026:03:17:07 -0700] "GET /lanciauc3UNFq.pHP HTTP/1.1" 404 6442 "-" "Mozilla/5.0 (Windows NT 10.0; Win64; x64) AppleWebKit/537.36 (KHTML, like Gecko) Chrome/142.0.0.0 Safari/537.36"
66.249.74.109 - - [30/Jun/2026:03:17:06 -0700] "GET /index.php?item/3503381734.phtml HTTP/1.1" 200 82103 "-" "Mozilla/5.0 (Linux; Android 6.0.1; Nexus 5X Build/MMB29P) AppleWebKit/537.36 (KHTML, like Gecko) Chrome/148.0.7778.96 Mobile Safari/537.36 (compatible; Googlebot/2.1; +http://www.google.com/bot.html)"
138.199.57.47 - - [30/Jun/2026:03:17:11 -0700] "GET /lanciauc3UNFq.pHP HTTP/1.1" 404 6442 "-" "Mozilla/5.0 (Windows NT 10.0; Win64; x64) AppleWebKit/537.36 (KHTML, like Gecko) Chrome/142.0.0.0 Safari/537.36"
216.73.216.209 - - [30/Jun/2026:03:17:13 -0700] "GET /item/2706608863.phtml HTTP/2.0" 404 6301 "-" "Mozilla/5.0 AppleWebKit/537.36 (KHTML, like Gecko; compatible; ClaudeBot/1.0; +claudebot@anthropic.com)"
138.199.57.47 - - [30/Jun/2026:03:17:16 -0700] "GET /lanciauc3UNFq.pHP HTTP/1.1" 404 6442 "-" "Mozilla/5.0 (Windows NT 10.0; Win64; x64) AppleWebKit/537.36 (KHTML, like Gecko) Chrome/142.0.0.0 Safari/537.36"
138.199.57.47 - - [30/Jun/2026:03:17:20 -0700] "GET /lanciauc3UNFq.pHP HTTP/1.1" 404 6442 "-" "Mozilla/5.0 (Windows NT 10.0; Win64; x64) AppleWebKit/537.36 (KHTML, like Gecko) Chrome/142.0.0.0 Safari/537.36"
138.199.57.47 - - [30/Jun/2026:03:17:24 -0700] "GET /lanciauc3UNFq.pHP HTTP/1.1" 404 6442 "-" "Mozilla/5.0 (Windows NT 10.0; Win64; x64) AppleWebKit/537.36 (KHTML, like Gecko) Chrome/142.0.0.0 Safari/537.36"
216.73.216.209 - - [30/Jun/2026:03:17:25 -0700] "GET /item/1906736472.phtml HTTP/2.0" 404 6301 "-" "Mozilla/5.0 AppleWebKit/537.36 (KHTML, like Gecko; compatible; ClaudeBot/1.0; +claudebot@anthropic.com)"
138.199.57.47 - - [30/Jun/2026:03:17:30 -0700] "POST /index.php?option=com_jce&task=profiles.import HTTP/1.1" 200 446 "-" "Mozilla/5.0 (Windows NT 10.0; Win64; x64) AppleWebKit/537.36 (KHTML, like Gecko) Chrome/142.0.0.0 Safari/537.36"
216.73.216.209 - - [30/Jun/2026:03:17:33 -0700] "GET /item/2328428791.phtml HTTP/2.0" 404 6364 "-" "Mozilla/5.0 AppleWebKit/537.36 (KHTML, like Gecko; compatible; ClaudeBot/1.0; +claudebot@anthropic.com)"
54.39.203.58 - - [30/Jun/2026:03:17:36 -0700] "GET /item/1604682837.phtml HTTP/2.0" 404 6364 "-" "Mozilla/5.0 (compatible; AhrefsBot/7.0; +http://ahrefs.com/robot/)"
138.199.57.47 - - [30/Jun/2026:03:17:36 -0700] "GET /lanciauCBDfwL.php HTTP/1.1" 404 6442 "-" "Mozilla/5.0 (Windows NT 10.0; Win64; x64) AppleWebKit/537.36 (KHTML, like Gecko) Chrome/142.0.0.0 Safari/537.36"
138.199.57.47 - - [30/Jun/2026:03:17:41 -0700] "GET /lanciauCBDfwL.php HTTP/1.1" 404 6442 "-" "Mozilla/5.0 (Windows NT 10.0; Win64; x64) AppleWebKit/537.36 (KHTML, like Gecko) Chrome/142.0.0.0 Safari/537.36"
216.73.216.209 - - [30/Jun/2026:03:17:46 -0700] "GET /item/2333181118.phtml HTTP/2.0" 404 6364 "-" "Mozilla/5.0 AppleWebKit/537.36 (KHTML, like Gecko; compatible; ClaudeBot/1.0; +claudebot@anthropic.com)"
138.199.57.47 - - [30/Jun/2026:03:17:47 -0700] "GET /lanciauCBDfwL.php HTTP/1.1" 404 6442 "-" "Mozilla/5.0 (Windows NT 10.0; Win64; x64) AppleWebKit/537.36 (KHTML, like Gecko) Chrome/142.0.0.0 Safari/537.36"
138.199.57.47 - - [30/Jun/2026:03:17:52 -0700] "GET /lanciauCBDfwL.php HTTP/1.1" 404 6442 "-" "Mozilla/5.0 (Windows NT 10.0; Win64; x64) AppleWebKit/537.36 (KHTML, like Gecko) Chrome/142.0.0.0 Safari/537.36"
138.199.57.47 - - [30/Jun/2026:03:17:57 -0700] "GET /lanciauCBDfwL.php HTTP/1.1" 404 6442 "-" "Mozilla/5.0 (Windows NT 10.0; Win64; x64) AppleWebKit/537.36 (KHTML, like Gecko) Chrome/142.0.0.0 Safari/537.36"
216.73.216.209 - - [30/Jun/2026:03:17:58 -0700] "GET /item/1604399246.phtml HTTP/2.0" 404 6301 "-" "Mozilla/5.0 AppleWebKit/537.36 (KHTML, like Gecko; compatible; ClaudeBot/1.0; +claudebot@anthropic.com)"
138.199.57.47 - - [30/Jun/2026:03:18:02 -0700] "POST /index.php?option=com_jce&task=profiles.import HTTP/1.1" 200 446 "-" "Mozilla/5.0 (Windows NT 10.0; Win64; x64) AppleWebKit/537.36 (KHTML, like Gecko) Chrome/142.0.0.0 Safari/537.36"
138.199.57.47 - - [30/Jun/2026:03:18:07 -0700] "GET /lanciauCBDfwL.pHP HTTP/1.1" 404 6442 "-" "Mozilla/5.0 (Windows NT 10.0; Win64; x64) AppleWebKit/537.36 (KHTML, like Gecko) Chrome/142.0.0.0 Safari/537.36"
216.73.216.209 - - [30/Jun/2026:03:18:10 -0700] "GET /item/3724350062.phtml HTTP/2.0" 404 6301 "-" "Mozilla/5.0 AppleWebKit/537.36 (KHTML, like Gecko; compatible; ClaudeBot/1.0; +claudebot@anthropic.com)"
138.199.57.47 - - [30/Jun/2026:03:18:11 -0700] "GET /lanciauCBDfwL.pHP HTTP/1.1" 404 6442 "-" "Mozilla/5.0 (Windows NT 10.0; Win64; x64) AppleWebKit/537.36 (KHTML, like Gecko) Chrome/142.0.0.0 Safari/537.36"
138.199.57.47 - - [30/Jun/2026:03:18:15 -0700] "GET /lanciauCBDfwL.pHP HTTP/1.1" 404 6442 "-" "Mozilla/5.0 (Windows NT 10.0; Win64; x64) AppleWebKit/537.36 (KHTML, like Gecko) Chrome/142.0.0.0 Safari/537.36"
51.222.95.26 - - [30/Jun/2026:03:18:17 -0700] "GET /item/2027473642.phtml HTTP/2.0" 404 6365 "-" "Mozilla/5.0 (compatible; AhrefsBot/7.0; +http://ahrefs.com/robot/)"
216.73.216.209 - - [30/Jun/2026:03:18:17 -0700] "GET /item/2674740525.phtml HTTP/2.0" 404 6364 "-" "Mozilla/5.0 AppleWebKit/537.36 (KHTML, like Gecko; compatible; ClaudeBot/1.0; +claudebot@anthropic.com)"
138.199.57.47 - - [30/Jun/2026:03:18:18 -0700] "GET /lanciauCBDfwL.pHP HTTP/1.1" 404 6442 "-" "Mozilla/5.0 (Windows NT 10.0; Win64; x64) AppleWebKit/537.36 (KHTML, like Gecko) Chrome/142.0.0.0 Safari/537.36"
113.190.134.246 - - [30/Jun/2026:03:18:20 -0700] "GET /index.php?CATEGORY_CD=012_012009%2C012_012017&ListRoot=categoryOr&SHOW_LIST=1&categoryshop%2Foffice%2Fsitemap%2FPageManager.jsp%3FFRM=1 HTTP/1.1" 200 86570 "-" "Mozilla/5.0 (Macintosh; Intel Mac OS X 10_7_3) AppleWebKit/537.36 (KHTML, like Gecko, Mediapartners-Google) Chrome/89.0.4389.130 Safari/537.36"
138.199.57.47 - - [30/Jun/2026:03:18:22 -0700] "GET /lanciauCBDfwL.pHP HTTP/1.1" 404 6442 "-" "Mozilla/5.0 (Windows NT 10.0; Win64; x64) AppleWebKit/537.36 (KHTML, like Gecko) Chrome/142.0.0.0 Safari/537.36"
138.199.57.47 - - [30/Jun/2026:03:18:27 -0700] "POST /index.php?option=com_jce&task=profiles.import HTTP/1.1" 200 446 "-" "Mozilla/5.0 (Windows NT 10.0; Win64; x64) AppleWebKit/537.36 (KHTML, like Gecko) Chrome/142.0.0.0 Safari/537.36"
37.123.81.156 - - [30/Jun/2026:03:18:30 -0700] "GET /index.php?CPPR=1&FGC=0&FPC=0&FTA=0&SFL_DF=0&SGC=0&STA=0&category%2F0%2F1%2F016%2F016012%2F%3FSPC=0 HTTP/1.1" 200 16493 "-" "Mozilla/5.0 (Windows NT 10.0) AppleWebKit/537.36 (KHTML, like Gecko) Chrome/66.0.3359.2 Safari/537.36"
216.73.216.209 - - [30/Jun/2026:03:18:32 -0700] "GET /item/159376738.phtml HTTP/2.0" 404 6301 "-" "Mozilla/5.0 AppleWebKit/537.36 (KHTML, like Gecko; compatible; ClaudeBot/1.0; +claudebot@anthropic.com)"
138.199.57.47 - - [30/Jun/2026:03:18:32 -0700] "GET /lanciaueswY3M.php HTTP/1.1" 404 6442 "-" "Mozilla/5.0 (Windows NT 10.0; Win64; x64) AppleWebKit/537.36 (KHTML, like Gecko) Chrome/142.0.0.0 Safari/537.36"
138.199.57.47 - - [30/Jun/2026:03:18:36 -0700] "GET /lanciaueswY3M.php HTTP/1.1" 404 6442 "-" "Mozilla/5.0 (Windows NT 10.0; Win64; x64) AppleWebKit/537.36 (KHTML, like Gecko) Chrome/142.0.0.0 Safari/537.36"
138.199.57.47 - - [30/Jun/2026:03:18:44 -0700] "HEAD / HTTP/1.1" 200 4056 "-" "Python/3.13 aiohttp/3.14.1"
216.73.216.209 - - [30/Jun/2026:03:18:44 -0700] "GET /item/638509009.phtml HTTP/2.0" 404 6301 "-" "Mozilla/5.0 AppleWebKit/537.36 (KHTML, like Gecko; compatible; ClaudeBot/1.0; +claudebot@anthropic.com)"
138.199.57.47 - - [30/Jun/2026:03:18:49 -0700] "GET /index.php?option=com_jce&view=popup HTTP/1.1" 303 3785 "-" "Mozilla/5.0 (Windows NT 10.0; Win64; x64) AppleWebKit/537.36 (KHTML, like Gecko) Chrome/142.0.0.0 Safari/537.36"
138.199.57.47 - - [30/Jun/2026:03:18:54 -0700] "GET /index.php HTTP/1.1" 200 12780 "-" "Mozilla/5.0 (Windows NT 10.0; Win64; x64) AppleWebKit/537.36 (KHTML, like Gecko) Chrome/142.0.0.0 Safari/537.36"
216.73.216.209 - - [30/Jun/2026:03:18:56 -0700] "GET /item/3826703953.phtml HTTP/2.0" 404 6301 "-" "Mozilla/5.0 AppleWebKit/537.36 (KHTML, like Gecko; compatible; ClaudeBot/1.0; +claudebot@anthropic.com)"
51.222.95.30 - - [30/Jun/2026:03:18:59 -0700] "GET /item/3848487776.phtml HTTP/2.0" 404 6365 "-" "Mozilla/5.0 (compatible; AhrefsBot/7.0; +http://ahrefs.com/robot/)"
138.199.57.47 - - [30/Jun/2026:03:18:59 -0700] "GET /administrator/index.php?option=com_jce HTTP/1.1" 404 6449 "-" "Mozilla/5.0 (Windows NT 10.0; Win64; x64) AppleWebKit/537.36 (KHTML, like Gecko) Chrome/142.0.0.0 Safari/537.36"
138.199.57.47 - - [30/Jun/2026:03:19:06 -0700] "GET /index.php?option=com_jce HTTP/1.1" 500 6452 "-" "Mozilla/5.0 (Windows NT 10.0; Win64; x64) AppleWebKit/537.36 (KHTML, like Gecko) Chrome/142.0.0.0 Safari/537.36"
216.73.216.209 - - [30/Jun/2026:03:19:08 -0700] "GET /item/3278480047.phtml HTTP/2.0" 404 6301 "-" "Mozilla/5.0 AppleWebKit/537.36 (KHTML, like Gecko; compatible; ClaudeBot/1.0; +claudebot@anthropic.com)"
138.199.57.47 - - [30/Jun/2026:03:19:13 -0700] "GET / HTTP/1.1" 200 16154 "-" "Mozilla/5.0 (Windows NT 10.0; Win64; x64) AppleWebKit/537.36 (KHTML, like Gecko) Chrome/142.0.0.0 Safari/537.36"
216.73.216.209 - - [30/Jun/2026:03:19:15 -0700] "GET /item/3731865147.phtml HTTP/2.0" 404 6365 "-" "Mozilla/5.0 AppleWebKit/537.36 (KHTML, like Gecko; compatible; ClaudeBot/1.0; +claudebot@anthropic.com)"
138.199.57.47 - - [30/Jun/2026:03:19:19 -0700] "POST /index.php?option=com_jce&task=profiles.import HTTP/1.1" 200 446 "-" "Mozilla/5.0 (Windows NT 10.0; Win64; x64) AppleWebKit/537.36 (KHTML, like Gecko) Chrome/142.0.0.0 Safari/537.36"
138.199.57.47 - - [30/Jun/2026:03:19:25 -0700] "GET /lanciau5qqQdA.php HTTP/1.1" 404 6442 "-" "Mozilla/5.0 (Windows NT 10.0; Win64; x64) AppleWebKit/537.36 (KHTML, like Gecko) Chrome/142.0.0.0 Safari/537.36"
216.73.216.209 - - [30/Jun/2026:03:19:27 -0700] "GET /item/1934376151.phtml HTTP/2.0" 404 6301 "-" "Mozilla/5.0 AppleWebKit/537.36 (KHTML, like Gecko; compatible; ClaudeBot/1.0; +claudebot@anthropic.com)"
138.199.57.47 - - [30/Jun/2026:03:19:29 -0700] "GET /lanciau5qqQdA.php HTTP/1.1" 404 6442 "-" "Mozilla/5.0 (Windows NT 10.0; Win64; x64) AppleWebKit/537.36 (KHTML, like Gecko) Chrome/142.0.0.0 Safari/537.36"
54.39.203.150 - - [30/Jun/2026:03:19:30 -0700] "GET /item/3669849644.phtml HTTP/2.0" 404 6364 "-" "Mozilla/5.0 (compatible; AhrefsBot/7.0; +http://ahrefs.com/robot/)"
138.199.57.47 - - [30/Jun/2026:03:19:33 -0700] "GET /lanciau5qqQdA.php HTTP/1.1" 404 6442 "-" "Mozilla/5.0 (Windows NT 10.0; Win64; x64) AppleWebKit/537.36 (KHTML, like Gecko) Chrome/142.0.0.0 Safari/537.36"
138.199.57.47 - - [30/Jun/2026:03:19:37 -0700] "GET /lanciau5qqQdA.php HTTP/1.1" 404 6442 "-" "Mozilla/5.0 (Windows NT 10.0; Win64; x64) AppleWebKit/537.36 (KHTML, like Gecko) Chrome/142.0.0.0 Safari/537.36"
216.73.216.209 - - [30/Jun/2026:03:19:39 -0700] "GET /item/2908268384.phtml HTTP/2.0" 404 6301 "-" "Mozilla/5.0 AppleWebKit/537.36 (KHTML, like Gecko; compatible; ClaudeBot/1.0; +claudebot@anthropic.com)"
138.199.57.47 - - [30/Jun/2026:03:19:40 -0700] "GET /lanciau5qqQdA.php HTTP/1.1" 404 6442 "-" "Mozilla/5.0 (Windows NT 10.0; Win64; x64) AppleWebKit/537.36 (KHTML, like Gecko) Chrome/142.0.0.0 Safari/537.36"
138.199.57.47 - - [30/Jun/2026:03:19:44 -0700] "POST /index.php?option=com_jce&task=profiles.import HTTP/1.1" 200 446 "-" "Mozilla/5.0 (Windows NT 10.0; Win64; x64) AppleWebKit/537.36 (KHTML, like Gecko) Chrome/142.0.0.0 Safari/537.36"
216.73.216.209 - - [30/Jun/2026:03:19:47 -0700] "GET /item/3977561088.phtml HTTP/2.0" 404 6364 "-" "Mozilla/5.0 AppleWebKit/537.36 (KHTML, like Gecko; compatible; ClaudeBot/1.0; +claudebot@anthropic.com)"
138.199.57.47 - - [30/Jun/2026:03:19:48 -0700] "GET /lanciau5qqQdA.phtml HTTP/1.1" 404 6442 "-" "Mozilla/5.0 (Windows NT 10.0; Win64; x64) AppleWebKit/537.36 (KHTML, like Gecko) Chrome/142.0.0.0 Safari/537.36"
216.73.216.209 - - [30/Jun/2026:03:19:59 -0700] "GET /item/3202225922.phtml HTTP/2.0" 404 6301 "-" "Mozilla/5.0 AppleWebKit/537.36 (KHTML, like Gecko; compatible; ClaudeBot/1.0; +claudebot@anthropic.com)"
14.187.200.212 - - [30/Jun/2026:03:19:59 -0700] "GET /index.php?Condition=023&ListRoot=categoryRanking&categoryshop%2Foffice%2Fsitemap%2FPageManager.jsp%3FFRM=1 HTTP/1.1" 200 85973 "-" "Mozilla/5.0 (Macintosh; Intel Mac OS X 10_7_3) AppleWebKit/537.36 (KHTML, like Gecko, Mediapartners-Google) Chrome/87.0.4280.90 Safari/537.36"
142.44.228.109 - - [30/Jun/2026:03:20:01 -0700] "GET /item/956968839.phtml HTTP/2.0" 404 6365 "-" "Mozilla/5.0 (compatible; AhrefsBot/7.0; +http://ahrefs.com/robot/)"
216.73.216.209 - - [30/Jun/2026:03:20:11 -0700] "GET /item/3873250480.phtml HTTP/2.0" 404 6301 "-" "Mozilla/5.0 AppleWebKit/537.36 (KHTML, like Gecko; compatible; ClaudeBot/1.0; +claudebot@anthropic.com)"
216.73.216.209 - - [30/Jun/2026:03:20:18 -0700] "GET /item/3784804923.phtml HTTP/2.0" 404 6365 "-" "Mozilla/5.0 AppleWebKit/537.36 (KHTML, like Gecko; compatible; ClaudeBot/1.0; +claudebot@anthropic.com)"
216.73.216.209 - - [30/Jun/2026:03:20:30 -0700] "GET /item/1894303151.phtml HTTP/2.0" 404 6301 "-" "Mozilla/5.0 AppleWebKit/537.36 (KHTML, like Gecko; compatible; ClaudeBot/1.0; +claudebot@anthropic.com)"
51.222.168.121 - - [30/Jun/2026:03:20:31 -0700] "GET /item/3889507620.phtml HTTP/2.0" 404 6365 "-" "Mozilla/5.0 (compatible; AhrefsBot/7.0; +http://ahrefs.com/robot/)"
216.73.216.209 - - [30/Jun/2026:03:20:42 -0700] "GET /item/250228967.phtml HTTP/2.0" 404 6301 "-" "Mozilla/5.0 AppleWebKit/537.36 (KHTML, like Gecko; compatible; ClaudeBot/1.0; +claudebot@anthropic.com)"
138.199.57.47 - - [30/Jun/2026:03:20:47 -0700] "HEAD / HTTP/1.1" 200 4100 "-" "python-requests/2.32.5"
216.73.216.209 - - [30/Jun/2026:03:20:51 -0700] "GET /item/629273974.phtml HTTP/2.0" 404 6365 "-" "Mozilla/5.0 AppleWebKit/537.36 (KHTML, like Gecko; compatible; ClaudeBot/1.0; +claudebot@anthropic.com)"
138.199.57.47 - - [30/Jun/2026:03:20:52 -0700] "GET / HTTP/1.1" 200 12837 "-" "Mozilla/5.0 (X11; Linux x86_64) AppleWebKit/537.36 (KHTML, like Gecko) Chrome/143.0.0.0 Safari/537.36"
138.199.57.47 - - [30/Jun/2026:03:20:59 -0700] "GET /index.php HTTP/1.1" 200 12834 "-" "Mozilla/5.0 (X11; Linux x86_64) AppleWebKit/537.36 (KHTML, like Gecko) Chrome/143.0.0.0 Safari/537.36"
216.73.216.209 - - [30/Jun/2026:03:21:03 -0700] "GET /item/1225807501.phtml HTTP/2.0" 404 6301 "-" "Mozilla/5.0 AppleWebKit/537.36 (KHTML, like Gecko; compatible; ClaudeBot/1.0; +claudebot@anthropic.com)"
54.39.136.74 - - [30/Jun/2026:03:21:03 -0700] "GET /item/999364337.phtml HTTP/2.0" 404 6364 "-" "Mozilla/5.0 (compatible; AhrefsBot/7.0; +http://ahrefs.com/robot/)"
138.199.57.47 - - [30/Jun/2026:03:21:06 -0700] "GET /index.php?option=com_jce&view=popup HTTP/1.1" 303 468 "-" "Mozilla/5.0 (X11; Linux x86_64) AppleWebKit/537.36 (KHTML, like Gecko) Chrome/143.0.0.0 Safari/537.36"
138.199.57.47 - - [30/Jun/2026:03:21:12 -0700] "GET /index.php HTTP/1.1" 200 12836 "-" "Mozilla/5.0 (X11; Linux x86_64) AppleWebKit/537.36 (KHTML, like Gecko) Chrome/143.0.0.0 Safari/537.36"
216.73.216.209 - - [30/Jun/2026:03:21:15 -0700] "GET /item/2464015391.phtml HTTP/2.0" 404 6301 "-" "Mozilla/5.0 AppleWebKit/537.36 (KHTML, like Gecko; compatible; ClaudeBot/1.0; +claudebot@anthropic.com)"
138.199.57.47 - - [30/Jun/2026:03:21:19 -0700] "GET /index.php?option=com_jce HTTP/1.1" 500 6452 "-" "Mozilla/5.0 (X11; Linux x86_64) AppleWebKit/537.36 (KHTML, like Gecko) Chrome/143.0.0.0 Safari/537.36"
216.73.216.209 - - [30/Jun/2026:03:21:22 -0700] "GET /item/3414066615.phtml HTTP/2.0" 404 6364 "-" "Mozilla/5.0 AppleWebKit/537.36 (KHTML, like Gecko; compatible; ClaudeBot/1.0; +claudebot@anthropic.com)"
138.199.57.47 - - [30/Jun/2026:03:21:26 -0700] "GET /administrator/index.php HTTP/1.1" 404 9865 "-" "Mozilla/5.0 (X11; Linux x86_64) AppleWebKit/537.36 (KHTML, like Gecko) Chrome/143.0.0.0 Safari/537.36"
216.73.216.209 - - [30/Jun/2026:03:21:27 -0700] "GET /item/1397050801.phtml HTTP/2.0" 404 6301 "-" "Mozilla/5.0 AppleWebKit/537.36 (KHTML, like Gecko; compatible; ClaudeBot/1.0; +claudebot@anthropic.com)"
138.199.57.47 - - [30/Jun/2026:03:21:32 -0700] "GET /administrator/index.php?option=com_jce HTTP/1.1" 404 6504 "-" "Mozilla/5.0 (X11; Linux x86_64) AppleWebKit/537.36 (KHTML, like Gecko) Chrome/143.0.0.0 Safari/537.36"
15.235.27.240 - - [30/Jun/2026:03:21:33 -0700] "GET /item/124179565.phtml HTTP/2.0" 404 6364 "-" "Mozilla/5.0 (compatible; AhrefsBot/7.0; +http://ahrefs.com/robot/)"
138.199.57.47 - - [30/Jun/2026:03:21:38 -0700] "GET /index.php?option=com_jce&view=editor HTTP/1.1" 404 6528 "-" "Mozilla/5.0 (X11; Linux x86_64) AppleWebKit/537.36 (KHTML, like Gecko) Chrome/143.0.0.0 Safari/537.36"
216.73.216.209 - - [30/Jun/2026:03:21:39 -0700] "GET /item/2417977965.phtml HTTP/2.0" 404 6301 "-" "Mozilla/5.0 AppleWebKit/537.36 (KHTML, like Gecko; compatible; ClaudeBot/1.0; +claudebot@anthropic.com)"
138.199.57.47 - - [30/Jun/2026:03:21:44 -0700] "POST /index.php?option=com_jce&task=profiles.import HTTP/1.1" 200 466 "-" "Mozilla/5.0 (X11; Linux x86_64) AppleWebKit/537.36 (KHTML, like Gecko) Chrome/143.0.0.0 Safari/537.36"
138.199.57.47 - - [30/Jun/2026:03:21:50 -0700] "GET /lanciauOEIguy51.php HTTP/1.1" 404 6497 "-" "Mozilla/5.0 (X11; Linux x86_64) AppleWebKit/537.36 (KHTML, like Gecko) Chrome/143.0.0.0 Safari/537.36"
216.73.216.209 - - [30/Jun/2026:03:21:51 -0700] "GET /item/3682274860.phtml HTTP/2.0" 404 6301 "-" "Mozilla/5.0 AppleWebKit/537.36 (KHTML, like Gecko; compatible; ClaudeBot/1.0; +claudebot@anthropic.com)"
138.199.57.47 - - [30/Jun/2026:03:21:57 -0700] "GET /lanciauOEIguy51.php HTTP/1.1" 404 6497 "-" "Mozilla/5.0 (X11; Linux x86_64) AppleWebKit/537.36 (KHTML, like Gecko) Chrome/143.0.0.0 Safari/537.36"
216.73.216.209 - - [30/Jun/2026:03:21:58 -0700] "GET /item/681061248.phtml HTTP/2.0" 404 6365 "-" "Mozilla/5.0 AppleWebKit/537.36 (KHTML, like Gecko; compatible; ClaudeBot/1.0; +claudebot@anthropic.com)"
138.199.57.47 - - [30/Jun/2026:03:22:03 -0700] "GET /administrator/lanciauOEIguy51.php HTTP/1.1" 404 6504 "-" "Mozilla/5.0 (X11; Linux x86_64) AppleWebKit/537.36 (KHTML, like Gecko) Chrome/143.0.0.0 Safari/537.36"
54.39.0.229 - - [30/Jun/2026:03:22:04 -0700] "GET /item/321297291.phtml HTTP/2.0" 404 6365 "-" "Mozilla/5.0 (compatible; AhrefsBot/7.0; +http://ahrefs.com/robot/)"
138.199.57.47 - - [30/Jun/2026:03:22:10 -0700] "GET /lanciauOEIguy51.php HTTP/1.1" 404 6497 "-" "Mozilla/5.0 (X11; Linux x86_64) AppleWebKit/537.36 (KHTML, like Gecko) Chrome/143.0.0.0 Safari/537.36"
216.73.216.209 - - [30/Jun/2026:03:22:10 -0700] "GET /item/3458802875.phtml HTTP/2.0" 404 6301 "-" "Mozilla/5.0 AppleWebKit/537.36 (KHTML, like Gecko; compatible; ClaudeBot/1.0; +claudebot@anthropic.com)"
138.199.57.47 - - [30/Jun/2026:03:22:17 -0700] "GET /lanciauOEIguy51.php HTTP/1.1" 404 6497 "-" "Mozilla/5.0 (X11; Linux x86_64) AppleWebKit/537.36 (KHTML, like Gecko) Chrome/143.0.0.0 Safari/537.36"
216.73.216.209 - - [30/Jun/2026:03:22:22 -0700] "GET /item/2932805578.phtml HTTP/2.0" 404 6301 "-" "Mozilla/5.0 AppleWebKit/537.36 (KHTML, like Gecko; compatible; ClaudeBot/1.0; +claudebot@anthropic.com)"
138.199.57.47 - - [30/Jun/2026:03:22:24 -0700] "GET /lanciauOEIguy51.php HTTP/1.1" 404 6497 "-" "Mozilla/5.0 (X11; Linux x86_64) AppleWebKit/537.36 (KHTML, like Gecko) Chrome/143.0.0.0 Safari/537.36"
216.73.216.209 - - [30/Jun/2026:03:22:29 -0700] "GET /item/2843142275.phtml HTTP/2.0" 404 6365 "-" "Mozilla/5.0 AppleWebKit/537.36 (KHTML, like Gecko; compatible; ClaudeBot/1.0; +claudebot@anthropic.com)"
138.199.57.47 - - [30/Jun/2026:03:22:32 -0700] "GET /images/lanciauOEIguy51.php HTTP/1.1" 404 6504 "-" "Mozilla/5.0 (X11; Linux x86_64) AppleWebKit/537.36 (KHTML, like Gecko) Chrome/143.0.0.0 Safari/537.36"
15.235.27.212 - - [30/Jun/2026:03:22:38 -0700] "GET /item/1102698583.phtml HTTP/2.0" 404 6364 "-" "Mozilla/5.0 (compatible; AhrefsBot/7.0; +http://ahrefs.com/robot/)"
138.199.57.47 - - [30/Jun/2026:03:22:38 -0700] "GET /lanciauOEIguy51.php HTTP/1.1" 404 6497 "-" "Mozilla/5.0 (X11; Linux x86_64) AppleWebKit/537.36 (KHTML, like Gecko) Chrome/143.0.0.0 Safari/537.36"
216.73.216.209 - - [30/Jun/2026:03:22:39 -0700] "GET /item/2265420295.phtml HTTP/2.0" 404 6364 "-" "Mozilla/5.0 AppleWebKit/537.36 (KHTML, like Gecko; compatible; ClaudeBot/1.0; +claudebot@anthropic.com)"
138.199.57.47 - - [30/Jun/2026:03:22:45 -0700] "GET /media/lanciauOEIguy51.php HTTP/1.1" 404 6504 "-" "Mozilla/5.0 (X11; Linux x86_64) AppleWebKit/537.36 (KHTML, like Gecko) Chrome/143.0.0.0 Safari/537.36"
138.199.57.47 - - [30/Jun/2026:03:22:52 -0700] "GET /lanciauOEIguy51.php HTTP/1.1" 404 6497 "-" "Mozilla/5.0 (X11; Linux x86_64) AppleWebKit/537.36 (KHTML, like Gecko) Chrome/143.0.0.0 Safari/537.36"
