216.73.216.209 - - [30/Jun/2026:14:54:01 -0700] "GET /item/2302679922.phtml HTTP/2.0" 500 0 "-" "Mozilla/5.0 AppleWebKit/537.36 (KHTML, like Gecko; compatible; ClaudeBot/1.0; +claudebot@anthropic.com)"
216.73.216.209 - - [30/Jun/2026:14:54:25 -0700] "GET /item/2006816707.phtml HTTP/2.0" 500 0 "-" "Mozilla/5.0 AppleWebKit/537.36 (KHTML, like Gecko; compatible; ClaudeBot/1.0; +claudebot@anthropic.com)"
216.73.216.209 - - [30/Jun/2026:14:54:31 -0700] "GET /item/1599733631.phtml HTTP/2.0" 500 0 "-" "Mozilla/5.0 AppleWebKit/537.36 (KHTML, like Gecko; compatible; ClaudeBot/1.0; +claudebot@anthropic.com)"
216.73.216.209 - - [30/Jun/2026:14:54:49 -0700] "GET /item/3527507192.phtml HTTP/2.0" 500 0 "-" "Mozilla/5.0 AppleWebKit/537.36 (KHTML, like Gecko; compatible; ClaudeBot/1.0; +claudebot@anthropic.com)"
216.73.216.209 - - [30/Jun/2026:14:55:01 -0700] "GET /item/2316562186.phtml HTTP/2.0" 500 0 "-" "Mozilla/5.0 AppleWebKit/537.36 (KHTML, like Gecko; compatible; ClaudeBot/1.0; +claudebot@anthropic.com)"
20.78.146.3 - - [30/Jun/2026:14:55:21 -0700] "GET /inputs.php HTTP/1.1" 301 3856 "-" "Mozilla/5.0 (Windows NT 10.0; Win64; x64) AppleWebKit/537.36 (KHTML, like Gecko) Chrome/120.0.0.0 Safari/537.36"
20.78.146.3 - - [30/Jun/2026:14:55:21 -0700] "GET /baxa1.php HTTP/1.1" 301 530 "-" "Mozilla/5.0 (Windows NT 10.0; Win64; x64) AppleWebKit/537.36 (KHTML, like Gecko) Chrome/120.0.0.0 Safari/537.36"
20.78.146.3 - - [30/Jun/2026:14:55:21 -0700] "GET /aa.php HTTP/1.1" 301 524 "-" "Mozilla/5.0 (Windows NT 10.0; Win64; x64) AppleWebKit/537.36 (KHTML, like Gecko) Chrome/120.0.0.0 Safari/537.36"
20.78.146.3 - - [30/Jun/2026:14:55:22 -0700] "GET /wikindex.php HTTP/1.1" 301 536 "-" "Mozilla/5.0 (Windows NT 10.0; Win64; x64) AppleWebKit/537.36 (KHTML, like Gecko) Chrome/120.0.0.0 Safari/537.36"
20.78.146.3 - - [30/Jun/2026:14:55:22 -0700] "GET /wp-2019.php HTTP/1.1" 301 534 "-" "Mozilla/5.0 (Windows NT 10.0; Win64; x64) AppleWebKit/537.36 (KHTML, like Gecko) Chrome/120.0.0.0 Safari/537.36"
20.78.146.3 - - [30/Jun/2026:14:55:22 -0700] "GET /doc.php HTTP/1.1" 301 526 "-" "Mozilla/5.0 (Windows NT 10.0; Win64; x64) AppleWebKit/537.36 (KHTML, like Gecko) Chrome/120.0.0.0 Safari/537.36"
20.78.146.3 - - [30/Jun/2026:14:55:22 -0700] "GET /wp-commentin.php HTTP/1.1" 301 544 "-" "Mozilla/5.0 (Windows NT 10.0; Win64; x64) AppleWebKit/537.36 (KHTML, like Gecko) Chrome/120.0.0.0 Safari/537.36"
20.78.146.3 - - [30/Jun/2026:14:55:22 -0700] "GET /ioxi-o.php HTTP/1.1" 301 532 "-" "Mozilla/5.0 (Windows NT 10.0; Win64; x64) AppleWebKit/537.36 (KHTML, like Gecko) Chrome/120.0.0.0 Safari/537.36"
20.78.146.3 - - [30/Jun/2026:14:55:22 -0700] "GET /xleetshell.php HTTP/1.1" 301 540 "-" "Mozilla/5.0 (Windows NT 10.0; Win64; x64) AppleWebKit/537.36 (KHTML, like Gecko) Chrome/120.0.0.0 Safari/537.36"
20.78.146.3 - - [30/Jun/2026:14:55:23 -0700] "GET /options.php HTTP/1.1" 301 534 "-" "Mozilla/5.0 (Windows NT 10.0; Win64; x64) AppleWebKit/537.36 (KHTML, like Gecko) Chrome/120.0.0.0 Safari/537.36"
20.78.146.3 - - [30/Jun/2026:14:55:23 -0700] "GET /xl.php HTTP/1.1" 301 524 "-" "Mozilla/5.0 (Windows NT 10.0; Win64; x64) AppleWebKit/537.36 (KHTML, like Gecko) Chrome/120.0.0.0 Safari/537.36"
20.78.146.3 - - [30/Jun/2026:14:55:23 -0700] "GET /makeasmtp.php HTTP/1.1" 301 538 "-" "Mozilla/5.0 (Windows NT 10.0; Win64; x64) AppleWebKit/537.36 (KHTML, like Gecko) Chrome/120.0.0.0 Safari/537.36"
20.78.146.3 - - [30/Jun/2026:14:55:23 -0700] "GET /chosen HTTP/1.1" 301 524 "-" "Mozilla/5.0 (Windows NT 10.0; Win64; x64) AppleWebKit/537.36 (KHTML, like Gecko) Chrome/120.0.0.0 Safari/537.36"
20.78.146.3 - - [30/Jun/2026:14:55:23 -0700] "GET /ge.php HTTP/1.1" 301 524 "-" "Mozilla/5.0 (Windows NT 10.0; Win64; x64) AppleWebKit/537.36 (KHTML, like Gecko) Chrome/120.0.0.0 Safari/537.36"
20.78.146.3 - - [30/Jun/2026:14:55:23 -0700] "GET /xx.php HTTP/1.1" 301 524 "-" "Mozilla/5.0 (Windows NT 10.0; Win64; x64) AppleWebKit/537.36 (KHTML, like Gecko) Chrome/120.0.0.0 Safari/537.36"
20.78.146.3 - - [30/Jun/2026:14:55:24 -0700] "GET /worksec.php HTTP/1.1" 301 534 "-" "Mozilla/5.0 (Windows NT 10.0; Win64; x64) AppleWebKit/537.36 (KHTML, like Gecko) Chrome/120.0.0.0 Safari/537.36"
20.78.146.3 - - [30/Jun/2026:14:55:24 -0700] "GET /wp-trackback.php HTTP/1.1" 301 544 "-" "Mozilla/5.0 (Windows NT 10.0; Win64; x64) AppleWebKit/537.36 (KHTML, like Gecko) Chrome/120.0.0.0 Safari/537.36"
20.78.146.3 - - [30/Jun/2026:14:55:24 -0700] "GET /defaults.php HTTP/1.1" 301 536 "-" "Mozilla/5.0 (Windows NT 10.0; Win64; x64) AppleWebKit/537.36 (KHTML, like Gecko) Chrome/120.0.0.0 Safari/537.36"
20.78.146.3 - - [30/Jun/2026:14:55:24 -0700] "GET /log.php HTTP/1.1" 301 526 "-" "Mozilla/5.0 (Windows NT 10.0; Win64; x64) AppleWebKit/537.36 (KHTML, like Gecko) Chrome/120.0.0.0 Safari/537.36"
20.78.146.3 - - [30/Jun/2026:14:55:24 -0700] "GET /wp-cron.php HTTP/1.1" 301 534 "-" "Mozilla/5.0 (Windows NT 10.0; Win64; x64) AppleWebKit/537.36 (KHTML, like Gecko) Chrome/120.0.0.0 Safari/537.36"
20.78.146.3 - - [30/Jun/2026:14:55:24 -0700] "GET /comfunctions.php HTTP/1.1" 301 544 "-" "Mozilla/5.0 (Windows NT 10.0; Win64; x64) AppleWebKit/537.36 (KHTML, like Gecko) Chrome/120.0.0.0 Safari/537.36"
20.78.146.3 - - [30/Jun/2026:14:55:24 -0700] "GET /ini.php HTTP/1.1" 301 526 "-" "Mozilla/5.0 (Windows NT 10.0; Win64; x64) AppleWebKit/537.36 (KHTML, like Gecko) Chrome/120.0.0.0 Safari/537.36"
20.78.146.3 - - [30/Jun/2026:14:55:25 -0700] "GET /custom-plugin.php HTTP/1.1" 301 546 "-" "Mozilla/5.0 (Windows NT 10.0; Win64; x64) AppleWebKit/537.36 (KHTML, like Gecko) Chrome/120.0.0.0 Safari/537.36"
20.78.146.3 - - [30/Jun/2026:14:55:25 -0700] "GET /moderation.php HTTP/1.1" 301 540 "-" "Mozilla/5.0 (Windows NT 10.0; Win64; x64) AppleWebKit/537.36 (KHTML, like Gecko) Chrome/120.0.0.0 Safari/537.36"
20.78.146.3 - - [30/Jun/2026:14:55:25 -0700] "GET /mar.php HTTP/1.1" 301 526 "-" "Mozilla/5.0 (Windows NT 10.0; Win64; x64) AppleWebKit/537.36 (KHTML, like Gecko) Chrome/120.0.0.0 Safari/537.36"
20.78.146.3 - - [30/Jun/2026:14:55:25 -0700] "GET /about.php HTTP/1.1" 301 530 "-" "Mozilla/5.0 (Windows NT 10.0; Win64; x64) AppleWebKit/537.36 (KHTML, like Gecko) Chrome/120.0.0.0 Safari/537.36"
20.78.146.3 - - [30/Jun/2026:14:55:25 -0700] "GET /login.php HTTP/1.1" 301 530 "-" "Mozilla/5.0 (Windows NT 10.0; Win64; x64) AppleWebKit/537.36 (KHTML, like Gecko) Chrome/120.0.0.0 Safari/537.36"
20.78.146.3 - - [30/Jun/2026:14:55:25 -0700] "GET /default.php HTTP/1.1" 301 534 "-" "Mozilla/5.0 (Windows NT 10.0; Win64; x64) AppleWebKit/537.36 (KHTML, like Gecko) Chrome/120.0.0.0 Safari/537.36"
20.78.146.3 - - [30/Jun/2026:14:55:26 -0700] "GET /mini.php HTTP/1.1" 301 528 "-" "Mozilla/5.0 (Windows NT 10.0; Win64; x64) AppleWebKit/537.36 (KHTML, like Gecko) Chrome/120.0.0.0 Safari/537.36"
20.78.146.3 - - [30/Jun/2026:14:55:26 -0700] "GET /1.php HTTP/1.1" 301 522 "-" "Mozilla/5.0 (Windows NT 10.0; Win64; x64) AppleWebKit/537.36 (KHTML, like Gecko) Chrome/120.0.0.0 Safari/537.36"
20.78.146.3 - - [30/Jun/2026:14:55:26 -0700] "GET /click.php HTTP/1.1" 301 530 "-" "Mozilla/5.0 (Windows NT 10.0; Win64; x64) AppleWebKit/537.36 (KHTML, like Gecko) Chrome/120.0.0.0 Safari/537.36"
20.78.146.3 - - [30/Jun/2026:14:55:26 -0700] "GET /wp-admin.php HTTP/1.1" 301 536 "-" "Mozilla/5.0 (Windows NT 10.0; Win64; x64) AppleWebKit/537.36 (KHTML, like Gecko) Chrome/120.0.0.0 Safari/537.36"
20.78.146.3 - - [30/Jun/2026:14:55:26 -0700] "GET /epinyins.php HTTP/1.1" 301 536 "-" "Mozilla/5.0 (Windows NT 10.0; Win64; x64) AppleWebKit/537.36 (KHTML, like Gecko) Chrome/120.0.0.0 Safari/537.36"
20.78.146.3 - - [30/Jun/2026:14:55:26 -0700] "GET /wso.php HTTP/1.1" 301 526 "-" "Mozilla/5.0 (Windows NT 10.0; Win64; x64) AppleWebKit/537.36 (KHTML, like Gecko) Chrome/120.0.0.0 Safari/537.36"
20.78.146.3 - - [30/Jun/2026:14:55:26 -0700] "GET /item.php HTTP/1.1" 301 528 "-" "Mozilla/5.0 (Windows NT 10.0; Win64; x64) AppleWebKit/537.36 (KHTML, like Gecko) Chrome/120.0.0.0 Safari/537.36"
20.78.146.3 - - [30/Jun/2026:14:55:27 -0700] "GET /bb.php HTTP/1.1" 301 524 "-" "Mozilla/5.0 (Windows NT 10.0; Win64; x64) AppleWebKit/537.36 (KHTML, like Gecko) Chrome/120.0.0.0 Safari/537.36"
20.78.146.3 - - [30/Jun/2026:14:55:27 -0700] "GET /as.php HTTP/1.1" 301 524 "-" "Mozilla/5.0 (Windows NT 10.0; Win64; x64) AppleWebKit/537.36 (KHTML, like Gecko) Chrome/120.0.0.0 Safari/537.36"
20.78.146.3 - - [30/Jun/2026:14:55:27 -0700] "GET /404.php HTTP/1.1" 301 526 "-" "Mozilla/5.0 (Windows NT 10.0; Win64; x64) AppleWebKit/537.36 (KHTML, like Gecko) Chrome/120.0.0.0 Safari/537.36"
20.78.146.3 - - [30/Jun/2026:14:55:27 -0700] "GET /edit.php HTTP/1.1" 301 528 "-" "Mozilla/5.0 (Windows NT 10.0; Win64; x64) AppleWebKit/537.36 (KHTML, like Gecko) Chrome/120.0.0.0 Safari/537.36"
20.78.146.3 - - [30/Jun/2026:14:55:27 -0700] "GET /ws.php HTTP/1.1" 301 524 "-" "Mozilla/5.0 (Windows NT 10.0; Win64; x64) AppleWebKit/537.36 (KHTML, like Gecko) Chrome/120.0.0.0 Safari/537.36"
20.78.146.3 - - [30/Jun/2026:14:55:27 -0700] "GET /wso112233.php HTTP/1.1" 301 538 "-" "Mozilla/5.0 (Windows NT 10.0; Win64; x64) AppleWebKit/537.36 (KHTML, like Gecko) Chrome/120.0.0.0 Safari/537.36"
20.78.146.3 - - [30/Jun/2026:14:55:28 -0700] "GET /wp-config-sample.php HTTP/1.1" 301 552 "-" "Mozilla/5.0 (Windows NT 10.0; Win64; x64) AppleWebKit/537.36 (KHTML, like Gecko) Chrome/120.0.0.0 Safari/537.36"
20.78.146.3 - - [30/Jun/2026:14:55:28 -0700] "GET /moon.php HTTP/1.1" 301 528 "-" "Mozilla/5.0 (Windows NT 10.0; Win64; x64) AppleWebKit/537.36 (KHTML, like Gecko) Chrome/120.0.0.0 Safari/537.36"
20.78.146.3 - - [30/Jun/2026:14:55:28 -0700] "GET /db.php HTTP/1.1" 301 524 "-" "Mozilla/5.0 (Windows NT 10.0; Win64; x64) AppleWebKit/537.36 (KHTML, like Gecko) Chrome/120.0.0.0 Safari/537.36"
20.78.146.3 - - [30/Jun/2026:14:55:28 -0700] "GET /classwithtostring.php HTTP/1.1" 301 554 "-" "Mozilla/5.0 (Windows NT 10.0; Win64; x64) AppleWebKit/537.36 (KHTML, like Gecko) Chrome/120.0.0.0 Safari/537.36"
20.78.146.3 - - [30/Jun/2026:14:55:28 -0700] "GET /wp-login.php HTTP/1.1" 301 536 "-" "Mozilla/5.0 (Windows NT 10.0; Win64; x64) AppleWebKit/537.36 (KHTML, like Gecko) Chrome/120.0.0.0 Safari/537.36"
20.78.146.3 - - [30/Jun/2026:14:55:28 -0700] "GET /ok.php HTTP/1.1" 301 524 "-" "Mozilla/5.0 (Windows NT 10.0; Win64; x64) AppleWebKit/537.36 (KHTML, like Gecko) Chrome/120.0.0.0 Safari/537.36"
20.78.146.3 - - [30/Jun/2026:14:55:28 -0700] "GET /randkeyword.PhP7 HTTP/1.1" 301 544 "-" "Mozilla/5.0 (Windows NT 10.0; Win64; x64) AppleWebKit/537.36 (KHTML, like Gecko) Chrome/120.0.0.0 Safari/537.36"
20.78.146.3 - - [30/Jun/2026:14:55:29 -0700] "GET /lv.php HTTP/1.1" 301 524 "-" "Mozilla/5.0 (Windows NT 10.0; Win64; x64) AppleWebKit/537.36 (KHTML, like Gecko) Chrome/120.0.0.0 Safari/537.36"
20.78.146.3 - - [30/Jun/2026:14:55:29 -0700] "GET /test.php HTTP/1.1" 301 528 "-" "Mozilla/5.0 (Windows NT 10.0; Win64; x64) AppleWebKit/537.36 (KHTML, like Gecko) Chrome/120.0.0.0 Safari/537.36"
20.78.146.3 - - [30/Jun/2026:14:55:29 -0700] "GET /admin.php HTTP/1.1" 301 530 "-" "Mozilla/5.0 (Windows NT 10.0; Win64; x64) AppleWebKit/537.36 (KHTML, like Gecko) Chrome/120.0.0.0 Safari/537.36"
20.78.146.3 - - [30/Jun/2026:14:55:29 -0700] "GET /ova-tools.php HTTP/1.1" 301 538 "-" "Mozilla/5.0 (Windows NT 10.0; Win64; x64) AppleWebKit/537.36 (KHTML, like Gecko) Chrome/120.0.0.0 Safari/537.36"
20.78.146.3 - - [30/Jun/2026:14:55:29 -0700] "GET /wp-configs.php HTTP/1.1" 301 540 "-" "Mozilla/5.0 (Windows NT 10.0; Win64; x64) AppleWebKit/537.36 (KHTML, like Gecko) Chrome/120.0.0.0 Safari/537.36"
20.78.146.3 - - [30/Jun/2026:14:55:29 -0700] "GET /themes.php HTTP/1.1" 301 532 "-" "Mozilla/5.0 (Windows NT 10.0; Win64; x64) AppleWebKit/537.36 (KHTML, like Gecko) Chrome/120.0.0.0 Safari/537.36"
20.78.146.3 - - [30/Jun/2026:14:55:30 -0700] "GET /user.php HTTP/1.1" 301 528 "-" "Mozilla/5.0 (Windows NT 10.0; Win64; x64) AppleWebKit/537.36 (KHTML, like Gecko) Chrome/120.0.0.0 Safari/537.36"
20.78.146.3 - - [30/Jun/2026:14:55:30 -0700] "GET /index.php HTTP/1.1" 301 530 "-" "Mozilla/5.0 (Windows NT 10.0; Win64; x64) AppleWebKit/537.36 (KHTML, like Gecko) Chrome/120.0.0.0 Safari/537.36"
20.78.146.3 - - [30/Jun/2026:14:55:30 -0700] "GET /bak.php HTTP/1.1" 301 526 "-" "Mozilla/5.0 (Windows NT 10.0; Win64; x64) AppleWebKit/537.36 (KHTML, like Gecko) Chrome/120.0.0.0 Safari/537.36"
20.78.146.3 - - [30/Jun/2026:14:55:30 -0700] "GET /system_log.php HTTP/1.1" 301 540 "-" "Mozilla/5.0 (Windows NT 10.0; Win64; x64) AppleWebKit/537.36 (KHTML, like Gecko) Chrome/120.0.0.0 Safari/537.36"
20.78.146.3 - - [30/Jun/2026:14:55:30 -0700] "GET /wp-mail.php HTTP/1.1" 301 534 "-" "Mozilla/5.0 (Windows NT 10.0; Win64; x64) AppleWebKit/537.36 (KHTML, like Gecko) Chrome/120.0.0.0 Safari/537.36"
20.78.146.3 - - [30/Jun/2026:14:55:30 -0700] "GET /files.php HTTP/1.1" 301 530 "-" "Mozilla/5.0 (Windows NT 10.0; Win64; x64) AppleWebKit/537.36 (KHTML, like Gecko) Chrome/120.0.0.0 Safari/537.36"
20.78.146.3 - - [30/Jun/2026:14:55:30 -0700] "GET /k.php HTTP/1.1" 301 522 "-" "Mozilla/5.0 (Windows NT 10.0; Win64; x64) AppleWebKit/537.36 (KHTML, like Gecko) Chrome/120.0.0.0 Safari/537.36"
20.78.146.3 - - [30/Jun/2026:14:55:31 -0700] "GET /filemanager.php HTTP/1.1" 301 542 "-" "Mozilla/5.0 (Windows NT 10.0; Win64; x64) AppleWebKit/537.36 (KHTML, like Gecko) Chrome/120.0.0.0 Safari/537.36"
20.78.146.3 - - [30/Jun/2026:14:55:31 -0700] "GET /xmlrpc.php HTTP/1.1" 301 532 "-" "Mozilla/5.0 (Windows NT 10.0; Win64; x64) AppleWebKit/537.36 (KHTML, like Gecko) Chrome/120.0.0.0 Safari/537.36"
20.78.146.3 - - [30/Jun/2026:14:55:31 -0700] "GET /wp-back.php HTTP/1.1" 301 534 "-" "Mozilla/5.0 (Windows NT 10.0; Win64; x64) AppleWebKit/537.36 (KHTML, like Gecko) Chrome/120.0.0.0 Safari/537.36"
20.78.146.3 - - [30/Jun/2026:14:55:31 -0700] "GET /new.php HTTP/1.1" 301 526 "-" "Mozilla/5.0 (Windows NT 10.0; Win64; x64) AppleWebKit/537.36 (KHTML, like Gecko) Chrome/120.0.0.0 Safari/537.36"
20.78.146.3 - - [30/Jun/2026:14:55:31 -0700] "GET /radio.php HTTP/1.1" 301 530 "-" "Mozilla/5.0 (Windows NT 10.0; Win64; x64) AppleWebKit/537.36 (KHTML, like Gecko) Chrome/120.0.0.0 Safari/537.36"
20.78.146.3 - - [30/Jun/2026:14:55:31 -0700] "GET /ty.php HTTP/1.1" 301 524 "-" "Mozilla/5.0 (Windows NT 10.0; Win64; x64) AppleWebKit/537.36 (KHTML, like Gecko) Chrome/120.0.0.0 Safari/537.36"
20.78.146.3 - - [30/Jun/2026:14:55:31 -0700] "GET /baxa1.phP8 HTTP/1.1" 301 532 "-" "Mozilla/5.0 (Windows NT 10.0; Win64; x64) AppleWebKit/537.36 (KHTML, like Gecko) Chrome/120.0.0.0 Safari/537.36"
20.78.146.3 - - [30/Jun/2026:14:55:32 -0700] "GET /x.php HTTP/1.1" 301 522 "-" "Mozilla/5.0 (Windows NT 10.0; Win64; x64) AppleWebKit/537.36 (KHTML, like Gecko) Chrome/120.0.0.0 Safari/537.36"
20.78.146.3 - - [30/Jun/2026:14:55:32 -0700] "GET /link.php HTTP/1.1" 301 528 "-" "Mozilla/5.0 (Windows NT 10.0; Win64; x64) AppleWebKit/537.36 (KHTML, like Gecko) Chrome/120.0.0.0 Safari/537.36"
20.78.146.3 - - [30/Jun/2026:14:55:32 -0700] "GET /mail.php HTTP/1.1" 301 528 "-" "Mozilla/5.0 (Windows NT 10.0; Win64; x64) AppleWebKit/537.36 (KHTML, like Gecko) Chrome/120.0.0.0 Safari/537.36"
20.78.146.3 - - [30/Jun/2026:14:55:32 -0700] "GET /wp-load.php HTTP/1.1" 301 534 "-" "Mozilla/5.0 (Windows NT 10.0; Win64; x64) AppleWebKit/537.36 (KHTML, like Gecko) Chrome/120.0.0.0 Safari/537.36"
20.78.146.3 - - [30/Jun/2026:14:55:32 -0700] "GET /shell.php HTTP/1.1" 301 530 "-" "Mozilla/5.0 (Windows NT 10.0; Win64; x64) AppleWebKit/537.36 (KHTML, like Gecko) Chrome/120.0.0.0 Safari/537.36"
20.78.146.3 - - [30/Jun/2026:14:55:32 -0700] "GET /cong.php HTTP/1.1" 301 528 "-" "Mozilla/5.0 (Windows NT 10.0; Win64; x64) AppleWebKit/537.36 (KHTML, like Gecko) Chrome/120.0.0.0 Safari/537.36"
20.78.146.3 - - [30/Jun/2026:14:55:32 -0700] "GET /tools.php HTTP/1.1" 301 530 "-" "Mozilla/5.0 (Windows NT 10.0; Win64; x64) AppleWebKit/537.36 (KHTML, like Gecko) Chrome/120.0.0.0 Safari/537.36"
216.73.216.209 - - [30/Jun/2026:14:55:26 -0700] "GET /item/2600360029.phtml HTTP/2.0" 404 6365 "-" "Mozilla/5.0 AppleWebKit/537.36 (KHTML, like Gecko; compatible; ClaudeBot/1.0; +claudebot@anthropic.com)"
216.73.216.209 - - [30/Jun/2026:14:55:51 -0700] "GET /item/3114004999.phtml HTTP/2.0" 500 0 "-" "Mozilla/5.0 AppleWebKit/537.36 (KHTML, like Gecko; compatible; ClaudeBot/1.0; +claudebot@anthropic.com)"
216.73.216.209 - - [30/Jun/2026:14:55:59 -0700] "GET /item/2622042064.phtml HTTP/2.0" 500 0 "-" "Mozilla/5.0 AppleWebKit/537.36 (KHTML, like Gecko; compatible; ClaudeBot/1.0; +claudebot@anthropic.com)"
38.52.143.45 - - [30/Jun/2026:14:56:08 -0700] "GET /index.php?CPPR=1&FGC=0&FPC=0&FTA=0&SFL_DF=0&SGC=0&STA=0&category%2F0%2F1%2F020%2F020005%2F%3FSPC=0 HTTP/1.1" 200 16493 "-" "Mozilla/5.0 (Windows NT 10.0; WOW64) AppleWebKit/537.36 (KHTML, like Gecko) Chrome/97.0.4692.71 Safari/537.36"
216.73.216.209 - - [30/Jun/2026:14:56:23 -0700] "GET /item/2648982251.phtml HTTP/2.0" 500 0 "-" "Mozilla/5.0 AppleWebKit/537.36 (KHTML, like Gecko; compatible; ClaudeBot/1.0; +claudebot@anthropic.com)"
102.152.0.28 - - [30/Jun/2026:14:56:28 -0700] "GET /index.php?CPPR=1&FGC=0&FPC=0&FTA=0&SFL_DF=0&SGC=0&STA=0&category%2F0%2F1%2F020%2F020005%2F%3FSPC=0 HTTP/1.1" 200 16500 "-" "Mozilla/5.0 (Macintosh; Intel Mac OS X 10_12_6) AppleWebKit/537.36 (KHTML, like Gecko) Brave Chrome/86.0.4240.75 Safari/537.36"
216.73.216.209 - - [30/Jun/2026:14:56:32 -0700] "GET /item/1190947245.phtml HTTP/2.0" 500 0 "-" "Mozilla/5.0 AppleWebKit/537.36 (KHTML, like Gecko; compatible; ClaudeBot/1.0; +claudebot@anthropic.com)"
216.73.216.209 - - [30/Jun/2026:14:56:56 -0700] "GET /item/3252721773.phtml HTTP/2.0" 500 0 "-" "Mozilla/5.0 AppleWebKit/537.36 (KHTML, like Gecko; compatible; ClaudeBot/1.0; +claudebot@anthropic.com)"
216.73.216.209 - - [30/Jun/2026:14:57:04 -0700] "GET /item/1974012559.phtml HTTP/2.0" 500 0 "-" "Mozilla/5.0 AppleWebKit/537.36 (KHTML, like Gecko; compatible; ClaudeBot/1.0; +claudebot@anthropic.com)"
216.73.216.209 - - [30/Jun/2026:14:57:29 -0700] "GET /item/2558128054.phtml HTTP/2.0" 500 0 "-" "Mozilla/5.0 AppleWebKit/537.36 (KHTML, like Gecko; compatible; ClaudeBot/1.0; +claudebot@anthropic.com)"
216.73.216.209 - - [30/Jun/2026:14:57:37 -0700] "GET /item/3128060207.phtml HTTP/2.0" 500 0 "-" "Mozilla/5.0 AppleWebKit/537.36 (KHTML, like Gecko; compatible; ClaudeBot/1.0; +claudebot@anthropic.com)"
92.255.209.234 - - [30/Jun/2026:14:57:53 -0700] "POST /d278e922259f.php HTTP/1.1" 200 3629 "-" "Mozilla/5.0 (Windows NT 6.3; Win64; x64; rv:48.0) Gecko/20100101 Firefox/48.0"
92.255.209.234 - - [30/Jun/2026:14:57:53 -0700] "GET /adman.221.txt HTTP/1.1" 200 328 "https://www.musicpassiondjs.gr/d278e922259f.php" "Mozilla/5.0 (Windows NT 6.3; Win64; x64; rv:48.0) Gecko/20100101 Firefox/48.0"
92.255.209.234 - - [30/Jun/2026:14:57:54 -0700] "POST /d278e922259f.php HTTP/1.1" 418 720 "https://www.musicpassiondjs.gr/adman.221.txt" "Mozilla/5.0 (Windows NT 6.3; Win64; x64; rv:48.0) Gecko/20100101 Firefox/48.0"
92.255.209.234 - - [30/Jun/2026:14:57:55 -0700] "POST /d278e922259f.php HTTP/1.1" 418 720 "https://www.musicpassiondjs.gr/d278e922259f.php" "Mozilla/5.0 (Windows NT 6.3; Win64; x64; rv:48.0) Gecko/20100101 Firefox/48.0"
92.255.209.234 - - [30/Jun/2026:14:57:55 -0700] "POST /d278e922259f.php HTTP/1.1" 418 720 "https://www.musicpassiondjs.gr/d278e922259f.php" "Mozilla/5.0 (Windows NT 6.3; Win64; x64; rv:48.0) Gecko/20100101 Firefox/48.0"
3.217.128.115 - - [30/Jun/2026:14:57:56 -0700] "GET / HTTP/1.1" 429 3808 "-" "Mozilla/5.0 (X11; Linux x86_64; rv:138.0) Gecko/20100101 Firefox/138.0"
216.73.216.209 - - [30/Jun/2026:14:58:01 -0700] "GET /item/1287720428.phtml HTTP/2.0" 404 6364 "-" "Mozilla/5.0 AppleWebKit/537.36 (KHTML, like Gecko; compatible; ClaudeBot/1.0; +claudebot@anthropic.com)"
216.73.216.209 - - [30/Jun/2026:14:58:25 -0700] "GET /item/42338937.phtml HTTP/2.0" 404 6301 "-" "Mozilla/5.0 AppleWebKit/537.36 (KHTML, like Gecko; compatible; ClaudeBot/1.0; +claudebot@anthropic.com)"
92.255.209.234 - - [30/Jun/2026:14:58:35 -0700] "POST /d278e922259f.php HTTP/1.1" 418 4058 "https://www.musicpassiondjs.gr/d278e922259f.php" "Mozilla/5.0 (Windows NT 6.3; Win64; x64; rv:48.0) Gecko/20100101 Firefox/48.0"
92.255.209.234 - - [30/Jun/2026:14:58:37 -0700] "POST /d278e922259f.php HTTP/1.1" 418 720 "https://www.musicpassiondjs.gr/d278e922259f.php" "Mozilla/5.0 (Windows NT 6.3; Win64; x64; rv:48.0) Gecko/20100101 Firefox/48.0"
216.73.216.209 - - [30/Jun/2026:14:58:35 -0700] "GET /item/1022922116.phtml HTTP/2.0" 404 6365 "-" "Mozilla/5.0 AppleWebKit/537.36 (KHTML, like Gecko; compatible; ClaudeBot/1.0; +claudebot@anthropic.com)"
216.73.216.209 - - [30/Jun/2026:14:58:39 -0700] "GET /item/3459369591.phtml HTTP/2.0" 404 6365 "-" "Mozilla/5.0 AppleWebKit/537.36 (KHTML, like Gecko; compatible; ClaudeBot/1.0; +claudebot@anthropic.com)"
216.73.216.209 - - [30/Jun/2026:14:59:03 -0700] "GET /item/3364796101.phtml HTTP/2.0" 404 6301 "-" "Mozilla/5.0 AppleWebKit/537.36 (KHTML, like Gecko; compatible; ClaudeBot/1.0; +claudebot@anthropic.com)"
216.73.216.209 - - [30/Jun/2026:14:59:10 -0700] "GET /item/3877193901.phtml HTTP/2.0" 404 6365 "-" "Mozilla/5.0 AppleWebKit/537.36 (KHTML, like Gecko; compatible; ClaudeBot/1.0; +claudebot@anthropic.com)"
216.73.216.209 - - [30/Jun/2026:14:59:34 -0700] "GET /item/1592369118.phtml HTTP/2.0" 500 0 "-" "Mozilla/5.0 AppleWebKit/537.36 (KHTML, like Gecko; compatible; ClaudeBot/1.0; +claudebot@anthropic.com)"
216.73.216.209 - - [30/Jun/2026:14:59:41 -0700] "GET /item/2569676036.phtml HTTP/2.0" 500 0 "-" "Mozilla/5.0 AppleWebKit/537.36 (KHTML, like Gecko; compatible; ClaudeBot/1.0; +claudebot@anthropic.com)"
196.74.120.47 - - [30/Jun/2026:14:59:57 -0700] "GET /index.php?CPPR=1&FGC=0&FPC=0&FTA=0&SFL_DF=0&SGC=0&STA=0&category%2F0%2F1%2F026%2F026004%2F%3FSPC=0 HTTP/1.1" 200 16495 "-" "Mozilla/5.0 (Windows NT 6.1; WOW64) AppleWebKit/537.36 (KHTML, like Gecko) Chrome/36.0.1985.67 Safari/537.36"
216.73.216.209 - - [30/Jun/2026:15:00:05 -0700] "GET /item/1970549158.phtml HTTP/2.0" 500 0 "-" "Mozilla/5.0 AppleWebKit/537.36 (KHTML, like Gecko; compatible; ClaudeBot/1.0; +claudebot@anthropic.com)"
216.73.216.209 - - [30/Jun/2026:15:00:14 -0700] "GET /item/3078533608.phtml HTTP/2.0" 500 0 "-" "Mozilla/5.0 AppleWebKit/537.36 (KHTML, like Gecko; compatible; ClaudeBot/1.0; +claudebot@anthropic.com)"
197.132.8.121 - - [30/Jun/2026:15:00:21 -0700] "GET /index.php?CPPR=1&FGC=0&FPC=0&FTA=0&SFL_DF=0&SGC=0&STA=0&category%2F0%2F1%2F026%2F026004%2F%3FSPC=0 HTTP/1.1" 200 16495 "-" "Mozilla/5.0 (Macintosh; Intel Mac OS X 10_14_6) AppleWebKit/537.36 (KHTML, like Gecko) Brave Chrome/77.0.3865.90 Safari/537.36"
216.73.216.209 - - [30/Jun/2026:15:00:38 -0700] "GET /item/2377310637.phtml HTTP/2.0" 404 6364 "-" "Mozilla/5.0 AppleWebKit/537.36 (KHTML, like Gecko; compatible; ClaudeBot/1.0; +claudebot@anthropic.com)"
216.73.216.209 - - [30/Jun/2026:15:00:47 -0700] "GET /item/865384940.phtml HTTP/2.0" 404 6364 "-" "Mozilla/5.0 AppleWebKit/537.36 (KHTML, like Gecko; compatible; ClaudeBot/1.0; +claudebot@anthropic.com)"
216.73.216.209 - - [30/Jun/2026:15:00:51 -0700] "GET /item/2377147098.phtml HTTP/2.0" 404 6365 "-" "Mozilla/5.0 AppleWebKit/537.36 (KHTML, like Gecko; compatible; ClaudeBot/1.0; +claudebot@anthropic.com)"
216.73.216.209 - - [30/Jun/2026:15:01:02 -0700] "GET /item/2714703329.phtml HTTP/2.0" 404 6301 "-" "Mozilla/5.0 AppleWebKit/537.36 (KHTML, like Gecko; compatible; ClaudeBot/1.0; +claudebot@anthropic.com)"
216.73.216.209 - - [30/Jun/2026:15:01:26 -0700] "GET /item/4218689588.phtml HTTP/2.0" 404 6301 "-" "Mozilla/5.0 AppleWebKit/537.36 (KHTML, like Gecko; compatible; ClaudeBot/1.0; +claudebot@anthropic.com)"
216.73.216.209 - - [30/Jun/2026:15:01:33 -0700] "GET /item/1719695999.phtml HTTP/2.0" 404 6364 "-" "Mozilla/5.0 AppleWebKit/537.36 (KHTML, like Gecko; compatible; ClaudeBot/1.0; +claudebot@anthropic.com)"
216.73.216.209 - - [30/Jun/2026:15:01:37 -0700] "GET /item/3142633771.phtml HTTP/2.0" 404 6364 "-" "Mozilla/5.0 AppleWebKit/537.36 (KHTML, like Gecko; compatible; ClaudeBot/1.0; +claudebot@anthropic.com)"
216.73.216.209 - - [30/Jun/2026:15:01:56 -0700] "GET /item/137206776.phtml HTTP/2.0" 500 0 "-" "Mozilla/5.0 AppleWebKit/537.36 (KHTML, like Gecko; compatible; ClaudeBot/1.0; +claudebot@anthropic.com)"
216.73.216.209 - - [30/Jun/2026:15:02:20 -0700] "GET /item/4252558075.phtml HTTP/2.0" 500 0 "-" "Mozilla/5.0 AppleWebKit/537.36 (KHTML, like Gecko; compatible; ClaudeBot/1.0; +claudebot@anthropic.com)"
216.73.216.209 - - [30/Jun/2026:15:02:44 -0700] "GET /item/283920641.phtml HTTP/2.0" 500 0 "-" "Mozilla/5.0 AppleWebKit/537.36 (KHTML, like Gecko; compatible; ClaudeBot/1.0; +claudebot@anthropic.com)"
216.73.216.209 - - [30/Jun/2026:15:03:08 -0700] "GET /item/373482196.phtml HTTP/2.0" 500 0 "-" "Mozilla/5.0 AppleWebKit/537.36 (KHTML, like Gecko; compatible; ClaudeBot/1.0; +claudebot@anthropic.com)"
216.73.216.209 - - [30/Jun/2026:15:03:18 -0700] "GET /item/774981716.phtml HTTP/2.0" 500 0 "-" "Mozilla/5.0 AppleWebKit/537.36 (KHTML, like Gecko; compatible; ClaudeBot/1.0; +claudebot@anthropic.com)"
216.73.216.209 - - [30/Jun/2026:15:03:42 -0700] "GET /item/2210682203.phtml HTTP/2.0" 500 0 "-" "Mozilla/5.0 AppleWebKit/537.36 (KHTML, like Gecko; compatible; ClaudeBot/1.0; +claudebot@anthropic.com)"
216.73.216.209 - - [30/Jun/2026:15:04:06 -0700] "GET /item/1321034041.phtml HTTP/2.0" 500 0 "-" "Mozilla/5.0 AppleWebKit/537.36 (KHTML, like Gecko; compatible; ClaudeBot/1.0; +claudebot@anthropic.com)"
216.73.216.209 - - [30/Jun/2026:15:04:13 -0700] "GET /item/3487932421.phtml HTTP/2.0" 500 0 "-" "Mozilla/5.0 AppleWebKit/537.36 (KHTML, like Gecko; compatible; ClaudeBot/1.0; +claudebot@anthropic.com)"
216.73.216.209 - - [30/Jun/2026:15:04:37 -0700] "GET /item/1130665368.phtml HTTP/2.0" 500 0 "-" "Mozilla/5.0 AppleWebKit/537.36 (KHTML, like Gecko; compatible; ClaudeBot/1.0; +claudebot@anthropic.com)"
216.73.216.209 - - [30/Jun/2026:15:04:43 -0700] "GET /item/3211104011.phtml HTTP/2.0" 500 0 "-" "Mozilla/5.0 AppleWebKit/537.36 (KHTML, like Gecko; compatible; ClaudeBot/1.0; +claudebot@anthropic.com)"
216.73.216.209 - - [30/Jun/2026:15:04:55 -0700] "GET /item/3827916036.phtml HTTP/2.0" 500 0 "-" "Mozilla/5.0 AppleWebKit/537.36 (KHTML, like Gecko; compatible; ClaudeBot/1.0; +claudebot@anthropic.com)"
14.191.60.29 - - [30/Jun/2026:15:05:12 -0700] "GET /index.php?grp%2FK0025%2F26075%2F HTTP/1.1" 200 16451 "-" "Mozilla/5.0 (Windows NT 6.1) AppleWebKit/537.36 (KHTML, like Gecko) Brave Chrome/78.0.3904.108 Safari/537.36"
216.73.216.209 - - [30/Jun/2026:15:05:19 -0700] "GET /item/1729301913.phtml HTTP/2.0" 500 0 "-" "Mozilla/5.0 AppleWebKit/537.36 (KHTML, like Gecko; compatible; ClaudeBot/1.0; +claudebot@anthropic.com)"
216.73.216.209 - - [30/Jun/2026:15:05:29 -0700] "GET /item/695740224.phtml HTTP/2.0" 500 0 "-" "Mozilla/5.0 AppleWebKit/537.36 (KHTML, like Gecko; compatible; ClaudeBot/1.0; +claudebot@anthropic.com)"
168.205.101.105 - - [30/Jun/2026:15:05:31 -0700] "GET /index.php?grp%2FK0025%2F26075%2F HTTP/1.1" 200 16446 "-" "Mozilla/5.0 (Windows NT 10.0; WOW64) AppleWebKit/537.36 (KHTML, like Gecko) Chrome/75.0.3770.100 Safari/537.36"
46.246.88.142 - - [30/Jun/2026:15:05:41 -0700] "POST /d278e922259f.php HTTP/1.1" 200 3629 "-" "Mozilla/5.0 (Macintosh; Intel Mac OS X 10.11; rv:50.0) Gecko/20100101 Firefox/50.0"
105.74.4.127 - - [30/Jun/2026:15:05:37 -0700] "GET /index.php?CPPR=1&FGC=0&FPC=0&FTA=0&SFL_DF=0&SGC=0&STA=0&category%2F0%2F1%2F025%2F025010%2F%3FSPC=0 HTTP/1.1" 200 16499 "-" "Mozilla/5.0 (Macintosh; Intel Mac OS X 10_15_6) AppleWebKit/537.36 (KHTML, like Gecko) Brave Chrome/83.0.4103.106 Safari/537.36"
216.73.216.209 - - [30/Jun/2026:15:05:40 -0700] "GET /item/3885770513.phtml HTTP/2.0" 404 6364 "-" "Mozilla/5.0 AppleWebKit/537.36 (KHTML, like Gecko; compatible; ClaudeBot/1.0; +claudebot@anthropic.com)"
45.187.198.76 - - [30/Jun/2026:15:05:52 -0700] "GET /index.php?CPPR=1&FGC=0&FPC=0&FTA=0&SFL_DF=0&SGC=0&STA=0&category%2F0%2F1%2F025%2F025010%2F%3FSPC=0 HTTP/1.1" 200 16497 "-" "Mozilla/5.0 (Macintosh; Intel Mac OS X 10_15_2) AppleWebKit/537.36 (KHTML, like Gecko) Chrome/89.0.4389.114 Safari/537.36"
216.73.216.209 - - [30/Jun/2026:15:05:53 -0700] "GET /item/1119856726.phtml HTTP/2.0" 500 0 "-" "Mozilla/5.0 AppleWebKit/537.36 (KHTML, like Gecko; compatible; ClaudeBot/1.0; +claudebot@anthropic.com)"
216.73.216.209 - - [30/Jun/2026:15:06:08 -0700] "GET /item/2864792277.phtml HTTP/2.0" 500 0 "-" "Mozilla/5.0 AppleWebKit/537.36 (KHTML, like Gecko; compatible; ClaudeBot/1.0; +claudebot@anthropic.com)"
216.73.216.209 - - [30/Jun/2026:15:06:21 -0700] "GET /item/3963992101.phtml HTTP/2.0" 500 0 "-" "Mozilla/5.0 AppleWebKit/537.36 (KHTML, like Gecko; compatible; ClaudeBot/1.0; +claudebot@anthropic.com)"
46.246.88.142 - - [30/Jun/2026:15:06:36 -0700] "GET /adman.930.txt HTTP/1.1" 200 3699 "https://www.musicpassiondjs.gr/d278e922259f.php" "Mozilla/5.0 (Macintosh; Intel Mac OS X 10.11; rv:50.0) Gecko/20100101 Firefox/50.0"
46.246.88.142 - - [30/Jun/2026:15:06:36 -0700] "POST /d278e922259f.php HTTP/1.1" 418 720 "https://www.musicpassiondjs.gr/adman.930.txt" "Mozilla/5.0 (Macintosh; Intel Mac OS X 10.11; rv:50.0) Gecko/20100101 Firefox/50.0"
46.246.88.142 - - [30/Jun/2026:15:06:37 -0700] "POST /d278e922259f.php HTTP/1.1" 418 720 "https://www.musicpassiondjs.gr/d278e922259f.php" "Mozilla/5.0 (Macintosh; Intel Mac OS X 10.11; rv:50.0) Gecko/20100101 Firefox/50.0"
46.246.88.142 - - [30/Jun/2026:15:06:38 -0700] "POST /d278e922259f.php HTTP/1.1" 418 720 "https://www.musicpassiondjs.gr/d278e922259f.php" "Mozilla/5.0 (Macintosh; Intel Mac OS X 10.11; rv:50.0) Gecko/20100101 Firefox/50.0"
46.246.88.142 - - [30/Jun/2026:15:06:38 -0700] "POST /d278e922259f.php HTTP/1.1" 418 720 "https://www.musicpassiondjs.gr/d278e922259f.php" "Mozilla/5.0 (Macintosh; Intel Mac OS X 10.11; rv:50.0) Gecko/20100101 Firefox/50.0"
216.73.216.209 - - [30/Jun/2026:15:06:28 -0700] "GET /item/331522959.phtml HTTP/2.0" 500 0 "-" "Mozilla/5.0 AppleWebKit/537.36 (KHTML, like Gecko; compatible; ClaudeBot/1.0; +claudebot@anthropic.com)"
46.246.88.142 - - [30/Jun/2026:15:06:39 -0700] "POST /d278e922259f.php HTTP/1.1" 418 720 "https://www.musicpassiondjs.gr/d278e922259f.php" "Mozilla/5.0 (Macintosh; Intel Mac OS X 10.11; rv:50.0) Gecko/20100101 Firefox/50.0"
216.73.216.209 - - [30/Jun/2026:15:06:49 -0700] "GET /item/3415243772.phtml HTTP/2.0" 500 0 "-" "Mozilla/5.0 AppleWebKit/537.36 (KHTML, like Gecko; compatible; ClaudeBot/1.0; +claudebot@anthropic.com)"
216.73.216.209 - - [30/Jun/2026:15:07:05 -0700] "GET /item/1259386307.phtml HTTP/2.0" 500 0 "-" "Mozilla/5.0 AppleWebKit/537.36 (KHTML, like Gecko; compatible; ClaudeBot/1.0; +claudebot@anthropic.com)"
216.73.216.209 - - [30/Jun/2026:15:07:23 -0700] "GET /item/2229555955.phtml HTTP/2.0" 404 6365 "-" "Mozilla/5.0 AppleWebKit/537.36 (KHTML, like Gecko; compatible; ClaudeBot/1.0; +claudebot@anthropic.com)"
216.73.216.209 - - [30/Jun/2026:15:07:40 -0700] "GET /item/1995268725.phtml HTTP/2.0" 404 6364 "-" "Mozilla/5.0 AppleWebKit/537.36 (KHTML, like Gecko; compatible; ClaudeBot/1.0; +claudebot@anthropic.com)"
216.73.216.209 - - [30/Jun/2026:15:07:50 -0700] "GET /item/2929163650.phtml HTTP/2.0" 404 6364 "-" "Mozilla/5.0 AppleWebKit/537.36 (KHTML, like Gecko; compatible; ClaudeBot/1.0; +claudebot@anthropic.com)"
216.73.216.209 - - [30/Jun/2026:15:08:04 -0700] "GET /item/3583641270.phtml HTTP/2.0" 404 6365 "-" "Mozilla/5.0 AppleWebKit/537.36 (KHTML, like Gecko; compatible; ClaudeBot/1.0; +claudebot@anthropic.com)"
216.73.216.209 - - [30/Jun/2026:15:08:20 -0700] "GET /item/2771633648.phtml HTTP/2.0" 500 0 "-" "Mozilla/5.0 AppleWebKit/537.36 (KHTML, like Gecko; compatible; ClaudeBot/1.0; +claudebot@anthropic.com)"
216.73.216.209 - - [30/Jun/2026:15:08:47 -0700] "GET /item/1022518923.phtml HTTP/2.0" 404 6301 "-" "Mozilla/5.0 AppleWebKit/537.36 (KHTML, like Gecko; compatible; ClaudeBot/1.0; +claudebot@anthropic.com)"
216.73.216.209 - - [30/Jun/2026:15:09:10 -0700] "GET /item/3993058660.phtml HTTP/2.0" 500 0 "-" "Mozilla/5.0 AppleWebKit/537.36 (KHTML, like Gecko; compatible; ClaudeBot/1.0; +claudebot@anthropic.com)"
216.73.216.209 - - [30/Jun/2026:15:09:23 -0700] "GET /item/1647556904.phtml HTTP/2.0" 500 0 "-" "Mozilla/5.0 AppleWebKit/537.36 (KHTML, like Gecko; compatible; ClaudeBot/1.0; +claudebot@anthropic.com)"
216.73.216.209 - - [30/Jun/2026:15:09:44 -0700] "GET /item/1470703456.phtml HTTP/2.0" 404 6364 "-" "Mozilla/5.0 AppleWebKit/537.36 (KHTML, like Gecko; compatible; ClaudeBot/1.0; +claudebot@anthropic.com)"
216.73.216.209 - - [30/Jun/2026:15:09:52 -0700] "GET /item/2982911542.phtml HTTP/2.0" 404 6364 "-" "Mozilla/5.0 AppleWebKit/537.36 (KHTML, like Gecko; compatible; ClaudeBot/1.0; +claudebot@anthropic.com)"
216.73.216.209 - - [30/Jun/2026:15:10:07 -0700] "GET /item/3759282651.phtml HTTP/2.0" 500 0 "-" "Mozilla/5.0 AppleWebKit/537.36 (KHTML, like Gecko; compatible; ClaudeBot/1.0; +claudebot@anthropic.com)"
216.73.216.209 - - [30/Jun/2026:15:10:16 -0700] "GET /item/3123307880.phtml HTTP/2.0" 500 0 "-" "Mozilla/5.0 AppleWebKit/537.36 (KHTML, like Gecko; compatible; ClaudeBot/1.0; +claudebot@anthropic.com)"
179.5.89.55 - - [30/Jun/2026:15:10:29 -0700] "GET /index.php?ListRoot=inkToner&categoryshop%2Foffice%2Fsitemap%2FPageManager.jsp%3FFRM=1 HTTP/1.1" 200 16493 "-" "Mozilla/5.0 (Windows NT 6.1; WOW64) AppleWebKit/537.36 (KHTML, like Gecko) Chrome/94.0.4606.81 Safari/537.36"
197.95.26.169 - - [30/Jun/2026:15:10:31 -0700] "GET /index.php?item%2F4121423575.phtml HTTP/1.1" 200 16443 "-" "Mozilla/5.0 (Macintosh; Intel Mac OS X 10_15_7) AppleWebKit/537.36 (KHTML, like Gecko) Chrome/86.0.4240.198 Safari/537.36"
216.73.216.209 - - [30/Jun/2026:15:10:40 -0700] "GET /item/2786426534.phtml HTTP/2.0" 500 0 "-" "Mozilla/5.0 AppleWebKit/537.36 (KHTML, like Gecko; compatible; ClaudeBot/1.0; +claudebot@anthropic.com)"
45.191.80.106 - - [30/Jun/2026:15:10:43 -0700] "GET /index.php?ListRoot=inkToner&categoryshop%2Foffice%2Fsitemap%2FPageManager.jsp%3FFRM=1 HTTP/1.1" 200 16494 "-" "Mozilla/5.0 (Macintosh; Intel Mac OS X 10_15_1) AppleWebKit/537.36 (KHTML, like Gecko) Chrome/80.0.3987.122 Safari/537.36"
186.120.228.245 - - [30/Jun/2026:15:10:47 -0700] "GET /index.php?item%2F4121423575.phtml HTTP/1.1" 200 16443 "-" "Mozilla/5.0 (Windows NT 10.0; WOW64) AppleWebKit/537.36 (KHTML, like Gecko) Chrome/84.0.4147.89 Safari/537.36"
216.73.216.209 - - [30/Jun/2026:15:10:51 -0700] "GET /item/879919777.phtml HTTP/2.0" 500 0 "-" "Mozilla/5.0 AppleWebKit/537.36 (KHTML, like Gecko; compatible; ClaudeBot/1.0; +claudebot@anthropic.com)"
216.73.216.209 - - [30/Jun/2026:15:11:00 -0700] "GET /item/1548925044.phtml HTTP/2.0" 404 6365 "-" "Mozilla/5.0 AppleWebKit/537.36 (KHTML, like Gecko; compatible; ClaudeBot/1.0; +claudebot@anthropic.com)"
216.73.216.209 - - [30/Jun/2026:15:11:24 -0700] "GET /item/488208952.phtml HTTP/2.0" 404 6364 "-" "Mozilla/5.0 AppleWebKit/537.36 (KHTML, like Gecko; compatible; ClaudeBot/1.0; +claudebot@anthropic.com)"
216.73.216.209 - - [30/Jun/2026:15:11:46 -0700] "GET /item/211020902.phtml HTTP/2.0" 404 6365 "-" "Mozilla/5.0 AppleWebKit/537.36 (KHTML, like Gecko; compatible; ClaudeBot/1.0; +claudebot@anthropic.com)"
216.73.216.209 - - [30/Jun/2026:15:11:55 -0700] "GET /robots.txt HTTP/2.0" 200 284 "-" "Mozilla/5.0 AppleWebKit/537.36 (KHTML, like Gecko; compatible; ClaudeBot/1.0; +claudebot@anthropic.com)"
216.73.216.209 - - [30/Jun/2026:15:11:55 -0700] "GET /item/688563699.phtml HTTP/2.0" 404 6335 "-" "Mozilla/5.0 AppleWebKit/537.36 (KHTML, like Gecko; compatible; ClaudeBot/1.0; +claudebot@anthropic.com)"
216.73.216.209 - - [30/Jun/2026:15:12:04 -0700] "GET /item/2583382977.phtml HTTP/2.0" 404 6247 "-" "Mozilla/5.0 AppleWebKit/537.36 (KHTML, like Gecko; compatible; ClaudeBot/1.0; +claudebot@anthropic.com)"
216.73.216.209 - - [30/Jun/2026:15:12:21 -0700] "GET /item/3022329485.phtml HTTP/2.0" 404 6364 "-" "Mozilla/5.0 AppleWebKit/537.36 (KHTML, like Gecko; compatible; ClaudeBot/1.0; +claudebot@anthropic.com)"
216.73.216.209 - - [30/Jun/2026:15:12:29 -0700] "GET /item/1611313852.phtml HTTP/2.0" 404 6247 "-" "Mozilla/5.0 AppleWebKit/537.36 (KHTML, like Gecko; compatible; ClaudeBot/1.0; +claudebot@anthropic.com)"
216.73.216.209 - - [30/Jun/2026:15:12:38 -0700] "GET /item/3647545352.phtml HTTP/2.0" 404 6247 "-" "Mozilla/5.0 AppleWebKit/537.36 (KHTML, like Gecko; compatible; ClaudeBot/1.0; +claudebot@anthropic.com)"
216.73.216.209 - - [30/Jun/2026:15:12:47 -0700] "GET /item/3924120915.phtml HTTP/2.0" 404 6247 "-" "Mozilla/5.0 AppleWebKit/537.36 (KHTML, like Gecko; compatible; ClaudeBot/1.0; +claudebot@anthropic.com)"
216.73.216.209 - - [30/Jun/2026:15:12:56 -0700] "GET /item/2694440781.phtml HTTP/2.0" 404 6247 "-" "Mozilla/5.0 AppleWebKit/537.36 (KHTML, like Gecko; compatible; ClaudeBot/1.0; +claudebot@anthropic.com)"
45.5.51.58 - - [30/Jun/2026:15:12:56 -0700] "GET /index.php?item%2F2688118757.phtml HTTP/1.1" 200 16453 "-" "Mozilla/5.0 (Macintosh; Intel Mac OS X 10_11_6) AppleWebKit/537.36 (KHTML, like Gecko) Brave Chrome/86.0.4240.198 Safari/537.36"
216.73.216.209 - - [30/Jun/2026:15:13:05 -0700] "GET /item/2885984847.phtml HTTP/2.0" 404 6247 "-" "Mozilla/5.0 AppleWebKit/537.36 (KHTML, like Gecko; compatible; ClaudeBot/1.0; +claudebot@anthropic.com)"
216.73.216.209 - - [30/Jun/2026:15:13:11 -0700] "GET /item/1552388445.phtml HTTP/2.0" 404 6247 "-" "Mozilla/5.0 AppleWebKit/537.36 (KHTML, like Gecko; compatible; ClaudeBot/1.0; +claudebot@anthropic.com)"
216.73.216.209 - - [30/Jun/2026:15:13:23 -0700] "GET /item/660947104.phtml HTTP/2.0" 404 6301 "-" "Mozilla/5.0 AppleWebKit/537.36 (KHTML, like Gecko; compatible; ClaudeBot/1.0; +claudebot@anthropic.com)"
216.73.216.209 - - [30/Jun/2026:15:13:27 -0700] "GET /item/2353833835.phtml HTTP/2.0" 404 6364 "-" "Mozilla/5.0 AppleWebKit/537.36 (KHTML, like Gecko; compatible; ClaudeBot/1.0; +claudebot@anthropic.com)"
15.235.27.49 - - [30/Jun/2026:15:13:29 -0700] "GET /item/512841357.phtml HTTP/2.0" 404 6365 "-" "Mozilla/5.0 (compatible; AhrefsBot/7.0; +http://ahrefs.com/robot/)"
216.73.216.209 - - [30/Jun/2026:15:13:36 -0700] "GET /item/847117796.phtml HTTP/2.0" 404 6365 "-" "Mozilla/5.0 AppleWebKit/537.36 (KHTML, like Gecko; compatible; ClaudeBot/1.0; +claudebot@anthropic.com)"
216.73.216.209 - - [30/Jun/2026:15:13:48 -0700] "GET /item/3034522834.phtml HTTP/2.0" 404 6301 "-" "Mozilla/5.0 AppleWebKit/537.36 (KHTML, like Gecko; compatible; ClaudeBot/1.0; +claudebot@anthropic.com)"
216.73.216.209 - - [30/Jun/2026:15:14:00 -0700] "GET /item/3679850646.phtml HTTP/2.0" 404 6301 "-" "Mozilla/5.0 AppleWebKit/537.36 (KHTML, like Gecko; compatible; ClaudeBot/1.0; +claudebot@anthropic.com)"
216.73.216.209 - - [30/Jun/2026:15:14:09 -0700] "GET /item/1841707003.phtml HTTP/2.0" 404 6364 "-" "Mozilla/5.0 AppleWebKit/537.36 (KHTML, like Gecko; compatible; ClaudeBot/1.0; +claudebot@anthropic.com)"
216.73.216.209 - - [30/Jun/2026:15:14:22 -0700] "GET /item/4054628460.phtml HTTP/2.0" 404 6364 "-" "Mozilla/5.0 AppleWebKit/537.36 (KHTML, like Gecko; compatible; ClaudeBot/1.0; +claudebot@anthropic.com)"
15.235.98.110 - - [30/Jun/2026:15:14:23 -0700] "GET /item/1764017740.phtml HTTP/2.0" 404 6364 "-" "Mozilla/5.0 (compatible; AhrefsBot/7.0; +http://ahrefs.com/robot/)"
216.73.216.209 - - [30/Jun/2026:15:14:34 -0700] "GET /item/3292884249.phtml HTTP/2.0" 404 6301 "-" "Mozilla/5.0 AppleWebKit/537.36 (KHTML, like Gecko; compatible; ClaudeBot/1.0; +claudebot@anthropic.com)"
216.73.216.209 - - [30/Jun/2026:15:14:46 -0700] "GET /item/3440638915.phtml HTTP/2.0" 404 6301 "-" "Mozilla/5.0 AppleWebKit/537.36 (KHTML, like Gecko; compatible; ClaudeBot/1.0; +claudebot@anthropic.com)"
216.73.216.209 - - [30/Jun/2026:15:14:58 -0700] "GET /item/2230768054.phtml HTTP/2.0" 404 6301 "-" "Mozilla/5.0 AppleWebKit/537.36 (KHTML, like Gecko; compatible; ClaudeBot/1.0; +claudebot@anthropic.com)"
123.16.84.184 - - [30/Jun/2026:15:15:09 -0700] "GET /index.php?item%2F243559811.phtml HTTP/1.1" 200 16443 "-" "Mozilla/5.0 (Macintosh; Intel Mac OS X 10_15_3) AppleWebKit/537.36 (KHTML, like Gecko) Brave Chrome/80.0.3987.149 Safari/537.36"
216.73.216.209 - - [30/Jun/2026:15:15:10 -0700] "GET /item/2085038311.phtml HTTP/2.0" 404 6301 "-" "Mozilla/5.0 AppleWebKit/537.36 (KHTML, like Gecko; compatible; ClaudeBot/1.0; +claudebot@anthropic.com)"
216.73.216.209 - - [30/Jun/2026:15:15:22 -0700] "GET /item/2392241477.phtml HTTP/2.0" 500 0 "-" "Mozilla/5.0 AppleWebKit/537.36 (KHTML, like Gecko; compatible; ClaudeBot/1.0; +claudebot@anthropic.com)"
15.235.96.122 - - [30/Jun/2026:15:15:28 -0700] "GET /item/1369694713.phtml HTTP/2.0" 404 6365 "-" "Mozilla/5.0 (compatible; AhrefsBot/7.0; +http://ahrefs.com/robot/)"
216.73.216.209 - - [30/Jun/2026:15:15:30 -0700] "GET /item/2612071534.phtml HTTP/2.0" 500 0 "-" "Mozilla/5.0 AppleWebKit/537.36 (KHTML, like Gecko; compatible; ClaudeBot/1.0; +claudebot@anthropic.com)"
216.73.216.209 - - [30/Jun/2026:15:15:42 -0700] "GET /item/2688777832.phtml HTTP/2.0" 500 0 "-" "Mozilla/5.0 AppleWebKit/537.36 (KHTML, like Gecko; compatible; ClaudeBot/1.0; +claudebot@anthropic.com)"
109.107.178.102 - - [30/Jun/2026:15:15:55 -0700] "GET /d278e922259f.php HTTP/1.1" 200 3618 "-" "Mozilla/5.0 (Windows NT 10.0; Trident/7.0; rv:11.0) like Gecko"
109.107.178.102 - - [30/Jun/2026:15:15:56 -0700] "POST /d278e922259f.php HTTP/1.1" 200 248 "https://www.musicpassiondjs.gr/d278e922259f.php" "Mozilla/5.0 (Windows NT 10.0; Trident/7.0; rv:11.0) like Gecko"
216.73.216.209 - - [30/Jun/2026:15:16:01 -0700] "GET /item/2040457967.phtml HTTP/2.0" 500 0 "-" "Mozilla/5.0 AppleWebKit/537.36 (KHTML, like Gecko; compatible; ClaudeBot/1.0; +claudebot@anthropic.com)"
216.73.216.209 - - [30/Jun/2026:15:16:16 -0700] "GET /item/138494072.phtml HTTP/2.0" 500 0 "-" "Mozilla/5.0 AppleWebKit/537.36 (KHTML, like Gecko; compatible; ClaudeBot/1.0; +claudebot@anthropic.com)"
216.73.216.209 - - [30/Jun/2026:15:16:28 -0700] "GET /item/3948478316.phtml HTTP/2.0" 500 0 "-" "Mozilla/5.0 AppleWebKit/537.36 (KHTML, like Gecko; compatible; ClaudeBot/1.0; +claudebot@anthropic.com)"
167.114.139.176 - - [30/Jun/2026:15:16:35 -0700] "GET /item/999200814.phtml HTTP/2.0" 404 6364 "-" "Mozilla/5.0 (compatible; AhrefsBot/7.0; +http://ahrefs.com/robot/)"
216.73.216.209 - - [30/Jun/2026:15:16:47 -0700] "GET /item/1783796146.phtml HTTP/2.0" 500 0 "-" "Mozilla/5.0 AppleWebKit/537.36 (KHTML, like Gecko; compatible; ClaudeBot/1.0; +claudebot@anthropic.com)"
216.73.216.209 - - [30/Jun/2026:15:16:59 -0700] "GET /item/1880647484.phtml HTTP/2.0" 500 0 "-" "Mozilla/5.0 AppleWebKit/537.36 (KHTML, like Gecko; compatible; ClaudeBot/1.0; +claudebot@anthropic.com)"
46.246.88.142 - - [30/Jun/2026:15:17:16 -0700] "GET /d278e922259f.php HTTP/1.1" 200 3618 "-" "Mozilla/5.0 (Macintosh; Intel Mac OS X 10.11; rv:47.0) Gecko/20100101 Firefox/47.0"
181.209.233.154 - - [30/Jun/2026:15:17:02 -0700] "GET /index.php?service%2Fwrapping-packaging HTTP/1.1" 200 16455 "-" "Mozilla/5.0 (Macintosh; Intel Mac OS X 11_2_3) AppleWebKit/537.36 (KHTML, like Gecko) Brave Chrome/88.0.4324.96 Safari/537.36"
46.246.88.142 - - [30/Jun/2026:15:17:20 -0700] "POST /d278e922259f.php HTTP/1.1" 200 248 "https://www.musicpassiondjs.gr/d278e922259f.php" "Mozilla/5.0 (Macintosh; Intel Mac OS X 10.11; rv:47.0) Gecko/20100101 Firefox/47.0"
216.73.216.209 - - [30/Jun/2026:15:17:19 -0700] "GET /item/4145823253.phtml HTTP/2.0" 500 0 "-" "Mozilla/5.0 AppleWebKit/537.36 (KHTML, like Gecko; compatible; ClaudeBot/1.0; +claudebot@anthropic.com)"
216.73.216.209 - - [30/Jun/2026:15:17:31 -0700] "GET /item/992224036.phtml HTTP/2.0" 500 0 "-" "Mozilla/5.0 AppleWebKit/537.36 (KHTML, like Gecko; compatible; ClaudeBot/1.0; +claudebot@anthropic.com)"
54.39.210.142 - - [30/Jun/2026:15:17:31 -0700] "GET /item/1415908311.phtml HTTP/2.0" 404 6364 "-" "Mozilla/5.0 (compatible; AhrefsBot/7.0; +http://ahrefs.com/robot/)"
216.73.216.209 - - [30/Jun/2026:15:17:43 -0700] "GET /item/3244755934.phtml HTTP/2.0" 500 0 "-" "Mozilla/5.0 AppleWebKit/537.36 (KHTML, like Gecko; compatible; ClaudeBot/1.0; +claudebot@anthropic.com)"
216.73.216.209 - - [30/Jun/2026:15:17:50 -0700] "GET /item/3196984128.phtml HTTP/2.0" 500 0 "-" "Mozilla/5.0 AppleWebKit/537.36 (KHTML, like Gecko; compatible; ClaudeBot/1.0; +claudebot@anthropic.com)"
92.255.209.234 - - [30/Jun/2026:15:18:04 -0700] "GET /d278e922259f.php HTTP/1.1" 200 3618 "-" "Mozilla/5.0 (X11; Ubuntu; Linux i686 on x86_64; rv:45.0) Gecko/20100101 Firefox/45.0"
92.255.209.234 - - [30/Jun/2026:15:18:04 -0700] "POST /d278e922259f.php HTTP/1.1" 200 248 "https://www.musicpassiondjs.gr/d278e922259f.php" "Mozilla/5.0 (X11; Ubuntu; Linux i686 on x86_64; rv:45.0) Gecko/20100101 Firefox/45.0"
123.25.21.236 - - [30/Jun/2026:15:17:52 -0700] "GET /index.php?CPPR=1&FGC=0&FPC=0&FTA=0&SFL_DF=0&SGC=0&STA=0&category%2F0%2F1%2F023%2F023008%2F%3FSPC=0 HTTP/1.1" 200 16499 "-" "Mozilla/5.0 (Macintosh; Intel Mac OS X 10_11_6) AppleWebKit/537.36 (KHTML, like Gecko) Chrome/97.0.4692.99 Safari/537.36"
216.73.216.209 - - [30/Jun/2026:15:17:56 -0700] "GET /item/3402852668.phtml HTTP/2.0" 500 0 "-" "Mozilla/5.0 AppleWebKit/537.36 (KHTML, like Gecko; compatible; ClaudeBot/1.0; +claudebot@anthropic.com)"
216.73.216.209 - - [30/Jun/2026:15:18:08 -0700] "GET /item/3288199976.phtml HTTP/2.0" 500 0 "-" "Mozilla/5.0 AppleWebKit/537.36 (KHTML, like Gecko; compatible; ClaudeBot/1.0; +claudebot@anthropic.com)"
123.16.156.155 - - [30/Jun/2026:15:18:15 -0700] "GET /index.php?CPPR=1&FGC=0&FPC=0&FTA=0&SFL_DF=0&SGC=0&STA=0&category%2F0%2F1%2F023%2F023008%2F%3FSPC=0 HTTP/1.1" 200 16498 "-" "Mozilla/5.0 (Windows NT 10.0; Win64; x64) AppleWebKit/537.36 (KHTML, like Gecko) Chrome/89.0.4389.116 Safari/537.36"
216.73.216.209 - - [30/Jun/2026:15:18:28 -0700] "GET /item/2086671565.phtml HTTP/2.0" 500 0 "-" "Mozilla/5.0 AppleWebKit/537.36 (KHTML, like Gecko; compatible; ClaudeBot/1.0; +claudebot@anthropic.com)"
142.44.228.7 - - [30/Jun/2026:15:18:37 -0700] "GET /item/980288319.phtml HTTP/2.0" 404 6364 "-" "Mozilla/5.0 (compatible; AhrefsBot/7.0; +http://ahrefs.com/robot/)"
190.62.87.70 - - [30/Jun/2026:15:18:38 -0700] "GET /index.php?CPPR=1&FGC=0&FPC=0&FTA=0&SFL_DF=0&SGC=0&STA=0&category%2F0%2F1%2F024%2F024011%2F%3FSPC=0 HTTP/1.1" 200 16495 "-" "Mozilla/5.0 (Macintosh; Intel Mac OS X 10_11_6) AppleWebKit/537.36 (KHTML, like Gecko) Brave Chrome/81.0.4044.113 Safari/537.36"
216.73.216.209 - - [30/Jun/2026:15:18:48 -0700] "GET /item/800907213.phtml HTTP/2.0" 500 0 "-" "Mozilla/5.0 AppleWebKit/537.36 (KHTML, like Gecko; compatible; ClaudeBot/1.0; +claudebot@anthropic.com)"
5.62.145.180 - - [30/Jun/2026:15:18:57 -0700] "GET /index.php?CPPR=1&FGC=0&FPC=0&FTA=0&SFL_DF=0&SGC=0&STA=0&category%2F0%2F1%2F024%2F024011%2F%3FSPC=0 HTTP/1.1" 200 16501 "-" "Mozilla/5.0 (Macintosh; Intel Mac OS X 10_11_6) AppleWebKit/537.36 (KHTML, like Gecko) Chrome/86.0.4240.111 Safari/537.36"
216.73.216.209 - - [30/Jun/2026:15:19:00 -0700] "GET /item/2513386324.phtml HTTP/2.0" 500 0 "-" "Mozilla/5.0 AppleWebKit/537.36 (KHTML, like Gecko; compatible; ClaudeBot/1.0; +claudebot@anthropic.com)"
216.73.216.209 - - [30/Jun/2026:15:19:12 -0700] "GET /item/2924015813.phtml HTTP/2.0" 500 0 "-" "Mozilla/5.0 AppleWebKit/537.36 (KHTML, like Gecko; compatible; ClaudeBot/1.0; +claudebot@anthropic.com)"
54.39.203.84 - - [30/Jun/2026:15:19:32 -0700] "GET /item/4116532482.phtml HTTP/2.0" 404 6365 "-" "Mozilla/5.0 (compatible; AhrefsBot/7.0; +http://ahrefs.com/robot/)"
216.73.216.209 - - [30/Jun/2026:15:19:32 -0700] "GET /item/1318609843.phtml HTTP/2.0" 500 0 "-" "Mozilla/5.0 AppleWebKit/537.36 (KHTML, like Gecko; compatible; ClaudeBot/1.0; +claudebot@anthropic.com)"
216.73.216.209 - - [30/Jun/2026:15:19:44 -0700] "GET /item/1198156280.phtml HTTP/2.0" 500 0 "-" "Mozilla/5.0 AppleWebKit/537.36 (KHTML, like Gecko; compatible; ClaudeBot/1.0; +claudebot@anthropic.com)"
216.73.216.209 - - [30/Jun/2026:15:20:04 -0700] "GET /item/1634713811.phtml HTTP/2.0" 500 0 "-" "Mozilla/5.0 AppleWebKit/537.36 (KHTML, like Gecko; compatible; ClaudeBot/1.0; +claudebot@anthropic.com)"
216.73.216.209 - - [30/Jun/2026:15:20:16 -0700] "GET /item/1108942612.phtml HTTP/2.0" 500 0 "-" "Mozilla/5.0 AppleWebKit/537.36 (KHTML, like Gecko; compatible; ClaudeBot/1.0; +claudebot@anthropic.com)"
216.73.216.209 - - [30/Jun/2026:15:20:30 -0700] "GET /item/3594200669.phtml HTTP/2.0" 500 0 "-" "Mozilla/5.0 AppleWebKit/537.36 (KHTML, like Gecko; compatible; ClaudeBot/1.0; +claudebot@anthropic.com)"
51.222.95.145 - - [30/Jun/2026:15:20:32 -0700] "GET /item/4131626861.phtml HTTP/2.0" 404 6364 "-" "Mozilla/5.0 (compatible; AhrefsBot/7.0; +http://ahrefs.com/robot/)"
216.73.216.209 - - [30/Jun/2026:15:20:42 -0700] "GET /item/3693758950.phtml HTTP/2.0" 500 0 "-" "Mozilla/5.0 AppleWebKit/537.36 (KHTML, like Gecko; compatible; ClaudeBot/1.0; +claudebot@anthropic.com)"
216.73.216.209 - - [30/Jun/2026:15:21:05 -0700] "GET /item/3380188322.phtml HTTP/2.0" 500 0 "-" "Mozilla/5.0 AppleWebKit/537.36 (KHTML, like Gecko; compatible; ClaudeBot/1.0; +claudebot@anthropic.com)"
142.44.233.55 - - [30/Jun/2026:15:21:15 -0700] "GET /item/3018544741.phtml HTTP/2.0" 404 6364 "-" "Mozilla/5.0 (compatible; AhrefsBot/7.0; +http://ahrefs.com/robot/)"
216.73.216.209 - - [30/Jun/2026:15:21:17 -0700] "GET /item/2621681148.phtml HTTP/2.0" 500 0 "-" "Mozilla/5.0 AppleWebKit/537.36 (KHTML, like Gecko; compatible; ClaudeBot/1.0; +claudebot@anthropic.com)"
216.73.216.209 - - [30/Jun/2026:15:21:37 -0700] "GET /item/3131523576.phtml HTTP/2.0" 500 0 "-" "Mozilla/5.0 AppleWebKit/537.36 (KHTML, like Gecko; compatible; ClaudeBot/1.0; +claudebot@anthropic.com)"
216.73.216.209 - - [30/Jun/2026:15:21:49 -0700] "GET /item/3566980077.phtml HTTP/2.0" 500 0 "-" "Mozilla/5.0 AppleWebKit/537.36 (KHTML, like Gecko; compatible; ClaudeBot/1.0; +claudebot@anthropic.com)"
54.39.89.212 - - [30/Jun/2026:15:22:00 -0700] "GET /item/928501045.phtml HTTP/2.0" 404 6365 "-" "Mozilla/5.0 (compatible; AhrefsBot/7.0; +http://ahrefs.com/robot/)"
216.73.216.209 - - [30/Jun/2026:15:22:01 -0700] "GET /item/3355450012.phtml HTTP/2.0" 500 0 "-" "Mozilla/5.0 AppleWebKit/537.36 (KHTML, like Gecko; compatible; ClaudeBot/1.0; +claudebot@anthropic.com)"
