216.73.216.209 - - [30/Jun/2026:01:03:52 -0700] "GET /item/2349106671.phtml HTTP/2.0" 404 6301 "-" "Mozilla/5.0 AppleWebKit/537.36 (KHTML, like Gecko; compatible; ClaudeBot/1.0; +claudebot@anthropic.com)"
216.73.216.209 - - [30/Jun/2026:01:04:04 -0700] "GET /item/553715973.phtml HTTP/2.0" 404 6301 "-" "Mozilla/5.0 AppleWebKit/537.36 (KHTML, like Gecko; compatible; ClaudeBot/1.0; +claudebot@anthropic.com)"
216.73.216.209 - - [30/Jun/2026:01:04:10 -0700] "GET /item/3354237897.phtml HTTP/2.0" 404 6364 "-" "Mozilla/5.0 AppleWebKit/537.36 (KHTML, like Gecko; compatible; ClaudeBot/1.0; +claudebot@anthropic.com)"
216.73.216.209 - - [30/Jun/2026:01:04:22 -0700] "GET /item/1835951787.phtml HTTP/2.0" 404 6301 "-" "Mozilla/5.0 AppleWebKit/537.36 (KHTML, like Gecko; compatible; ClaudeBot/1.0; +claudebot@anthropic.com)"
216.73.216.209 - - [30/Jun/2026:01:04:34 -0700] "GET /item/1904390865.phtml HTTP/2.0" 404 6364 "-" "Mozilla/5.0 AppleWebKit/537.36 (KHTML, like Gecko; compatible; ClaudeBot/1.0; +claudebot@anthropic.com)"
187.188.94.152 - - [30/Jun/2026:01:04:45 -0700] "GET /index.php?CPPR=1&FGC=0&FPC=0&FTA=0&SFL_DF=0&SGC=0&STA=0&category%2F0%2F1%2F023%2F023001%2F%3FSPC=0 HTTP/1.1" 200 16493 "-" "Mozilla/5.0 (Macintosh; Intel Mac OS X 10_11_6) AppleWebKit/537.36 (KHTML, like Gecko) Brave Chrome/84.0.4147.135 Safari/537.36"
216.73.216.209 - - [30/Jun/2026:01:04:47 -0700] "GET /item/202032598.phtml HTTP/2.0" 404 6301 "-" "Mozilla/5.0 AppleWebKit/537.36 (KHTML, like Gecko; compatible; ClaudeBot/1.0; +claudebot@anthropic.com)"
216.73.216.209 - - [30/Jun/2026:01:04:58 -0700] "GET /item/2033069497.phtml HTTP/2.0" 404 6364 "-" "Mozilla/5.0 AppleWebKit/537.36 (KHTML, like Gecko; compatible; ClaudeBot/1.0; +claudebot@anthropic.com)"
216.73.216.209 - - [30/Jun/2026:01:05:10 -0700] "GET /item/3329524515.phtml HTTP/2.0" 404 6301 "-" "Mozilla/5.0 AppleWebKit/537.36 (KHTML, like Gecko; compatible; ClaudeBot/1.0; +claudebot@anthropic.com)"
216.73.216.209 - - [30/Jun/2026:01:05:22 -0700] "GET /item/1002535978.phtml HTTP/2.0" 404 6365 "-" "Mozilla/5.0 AppleWebKit/537.36 (KHTML, like Gecko; compatible; ClaudeBot/1.0; +claudebot@anthropic.com)"
216.73.216.209 - - [30/Jun/2026:01:05:34 -0700] "GET /item/2834153971.phtml HTTP/2.0" 404 6301 "-" "Mozilla/5.0 AppleWebKit/537.36 (KHTML, like Gecko; compatible; ClaudeBot/1.0; +claudebot@anthropic.com)"
216.73.216.209 - - [30/Jun/2026:01:05:46 -0700] "GET /item/2748919381.phtml HTTP/2.0" 404 6364 "-" "Mozilla/5.0 AppleWebKit/537.36 (KHTML, like Gecko; compatible; ClaudeBot/1.0; +claudebot@anthropic.com)"
216.73.216.209 - - [30/Jun/2026:01:05:58 -0700] "GET /item/3276134408.phtml HTTP/2.0" 404 6301 "-" "Mozilla/5.0 AppleWebKit/537.36 (KHTML, like Gecko; compatible; ClaudeBot/1.0; +claudebot@anthropic.com)"
38.25.84.219 - - [30/Jun/2026:01:06:10 -0700] "GET /index.php?CPPR=1&FGC=0&FPC=0&FTA=0&SFL_DF=0&SGC=0&STA=0&category%2F0%2F1%2F002%2F002017%2F%3FSPC=0 HTTP/1.1" 200 16496 "-" "Mozilla/5.0 (Windows NT 10.0; WOW64) AppleWebKit/537.36 (KHTML, like Gecko) Chrome/80.0.3987.106 Safari/537.36"
216.73.216.209 - - [30/Jun/2026:01:06:10 -0700] "GET /item/2533404296.phtml HTTP/2.0" 404 6365 "-" "Mozilla/5.0 AppleWebKit/537.36 (KHTML, like Gecko; compatible; ClaudeBot/1.0; +claudebot@anthropic.com)"
216.73.216.209 - - [30/Jun/2026:01:06:22 -0700] "GET /item/129775420.phtml HTTP/2.0" 404 6301 "-" "Mozilla/5.0 AppleWebKit/537.36 (KHTML, like Gecko; compatible; ClaudeBot/1.0; +claudebot@anthropic.com)"
216.73.216.209 - - [30/Jun/2026:01:06:35 -0700] "GET /item/1735181391.phtml HTTP/2.0" 404 6364 "-" "Mozilla/5.0 AppleWebKit/537.36 (KHTML, like Gecko; compatible; ClaudeBot/1.0; +claudebot@anthropic.com)"
216.73.216.209 - - [30/Jun/2026:01:06:50 -0700] "GET /item/2121678593.phtml HTTP/2.0" 404 6365 "-" "Mozilla/5.0 AppleWebKit/537.36 (KHTML, like Gecko; compatible; ClaudeBot/1.0; +claudebot@anthropic.com)"
216.73.216.209 - - [30/Jun/2026:01:07:02 -0700] "GET /item/2004601703.phtml HTTP/2.0" 404 6301 "-" "Mozilla/5.0 AppleWebKit/537.36 (KHTML, like Gecko; compatible; ClaudeBot/1.0; +claudebot@anthropic.com)"
79.139.246.38 - - [30/Jun/2026:01:07:18 -0700] "POST /d278e922259f.php HTTP/1.1" 200 3628 "-" "Mozilla/5.0 (Windows NT 10.0; Win64; x64) AppleWebKit/537.36 (KHTML, like Gecko) Chrome/55.0.2908.71 Safari/537.36"
79.139.246.38 - - [30/Jun/2026:01:07:18 -0700] "POST /d278e922259f.php HTTP/1.1" 200 248 "https://www.musicpassiondjs.gr/d278e922259f.php" "Mozilla/5.0 (Windows NT 10.0; Win64; x64) AppleWebKit/537.36 (KHTML, like Gecko) Chrome/55.0.2908.71 Safari/537.36"
79.139.246.38 - - [30/Jun/2026:01:07:18 -0700] "GET /b1d821ad18index.php HTTP/1.1" 200 8494 "https://www.musicpassiondjs.gr/d278e922259f.php" "Mozilla/5.0 (Windows NT 10.0; Win64; x64) AppleWebKit/537.36 (KHTML, like Gecko) Chrome/55.0.2908.71 Safari/537.36"
79.139.246.38 - - [30/Jun/2026:01:07:19 -0700] "GET /b1d821ad18index.php HTTP/1.1" 200 8494 "https://www.musicpassiondjs.gr/b1d821ad18index.php" "Mozilla/5.0 (Windows NT 10.0; Win64; x64) AppleWebKit/537.36 (KHTML, like Gecko) Chrome/55.0.2908.71 Safari/537.36"
216.73.216.209 - - [30/Jun/2026:01:07:15 -0700] "GET /item/3464379534.phtml HTTP/2.0" 404 6364 "-" "Mozilla/5.0 AppleWebKit/537.36 (KHTML, like Gecko; compatible; ClaudeBot/1.0; +claudebot@anthropic.com)"
79.139.246.38 - - [30/Jun/2026:01:07:20 -0700] "GET /b1d821ad18index.php HTTP/1.1" 200 8494 "https://www.musicpassiondjs.gr/b1d821ad18index.php" "Mozilla/5.0 (Windows NT 10.0; Win64; x64) AppleWebKit/537.36 (KHTML, like Gecko) Chrome/55.0.2908.71 Safari/537.36"
216.73.216.209 - - [30/Jun/2026:01:07:27 -0700] "GET /item/1224159229.phtml HTTP/2.0" 404 6301 "-" "Mozilla/5.0 AppleWebKit/537.36 (KHTML, like Gecko; compatible; ClaudeBot/1.0; +claudebot@anthropic.com)"
216.73.216.209 - - [30/Jun/2026:01:07:38 -0700] "GET /item/3870226570.phtml HTTP/2.0" 404 6364 "-" "Mozilla/5.0 AppleWebKit/537.36 (KHTML, like Gecko; compatible; ClaudeBot/1.0; +claudebot@anthropic.com)"
216.73.216.209 - - [30/Jun/2026:01:07:50 -0700] "GET /item/1385632652.phtml HTTP/2.0" 404 6301 "-" "Mozilla/5.0 AppleWebKit/537.36 (KHTML, like Gecko; compatible; ClaudeBot/1.0; +claudebot@anthropic.com)"
216.73.216.209 - - [30/Jun/2026:01:08:00 -0700] "GET /item/1997425194.phtml HTTP/2.0" 404 6365 "-" "Mozilla/5.0 AppleWebKit/537.36 (KHTML, like Gecko; compatible; ClaudeBot/1.0; +claudebot@anthropic.com)"
216.73.216.209 - - [30/Jun/2026:01:08:12 -0700] "GET /sitemap.xml HTTP/2.0" 200 7081 "-" "Mozilla/5.0 AppleWebKit/537.36 (KHTML, like Gecko; compatible; ClaudeBot/1.0; +claudebot@anthropic.com)"
216.73.216.209 - - [30/Jun/2026:01:08:24 -0700] "GET /item/3855069872.phtml HTTP/2.0" 404 6365 "-" "Mozilla/5.0 AppleWebKit/537.36 (KHTML, like Gecko; compatible; ClaudeBot/1.0; +claudebot@anthropic.com)"
216.73.216.209 - - [30/Jun/2026:01:08:33 -0700] "GET /item/3589914916.phtml HTTP/2.0" 404 6365 "-" "Mozilla/5.0 AppleWebKit/537.36 (KHTML, like Gecko; compatible; ClaudeBot/1.0; +claudebot@anthropic.com)"
216.73.216.209 - - [30/Jun/2026:01:08:45 -0700] "GET /item/1022019253.phtml HTTP/2.0" 404 6301 "-" "Mozilla/5.0 AppleWebKit/537.36 (KHTML, like Gecko; compatible; ClaudeBot/1.0; +claudebot@anthropic.com)"
216.73.216.209 - - [30/Jun/2026:01:08:59 -0700] "GET /item/1551332594.phtml HTTP/2.0" 404 6365 "-" "Mozilla/5.0 AppleWebKit/537.36 (KHTML, like Gecko; compatible; ClaudeBot/1.0; +claudebot@anthropic.com)"
54.39.0.15 - - [30/Jun/2026:01:09:19 -0700] "GET /item/2119459411.phtml HTTP/2.0" 404 6365 "-" "Mozilla/5.0 (compatible; AhrefsBot/7.0; +http://ahrefs.com/robot/)"
216.73.216.209 - - [30/Jun/2026:01:09:19 -0700] "GET /item/304378088.phtml HTTP/2.0" 404 6365 "-" "Mozilla/5.0 AppleWebKit/537.36 (KHTML, like Gecko; compatible; ClaudeBot/1.0; +claudebot@anthropic.com)"
216.73.216.209 - - [30/Jun/2026:01:09:31 -0700] "GET /item/1672253622.phtml HTTP/2.0" 404 6365 "-" "Mozilla/5.0 AppleWebKit/537.36 (KHTML, like Gecko; compatible; ClaudeBot/1.0; +claudebot@anthropic.com)"
216.73.216.209 - - [30/Jun/2026:01:09:41 -0700] "GET /item/1247252819.phtml HTTP/2.0" 404 6364 "-" "Mozilla/5.0 AppleWebKit/537.36 (KHTML, like Gecko; compatible; ClaudeBot/1.0; +claudebot@anthropic.com)"
216.73.216.209 - - [30/Jun/2026:01:09:53 -0700] "GET /item/774380390.phtml HTTP/2.0" 404 6301 "-" "Mozilla/5.0 AppleWebKit/537.36 (KHTML, like Gecko; compatible; ClaudeBot/1.0; +claudebot@anthropic.com)"
216.73.216.209 - - [30/Jun/2026:01:10:06 -0700] "GET /item/2153860016.phtml HTTP/2.0" 404 6365 "-" "Mozilla/5.0 AppleWebKit/537.36 (KHTML, like Gecko; compatible; ClaudeBot/1.0; +claudebot@anthropic.com)"
51.222.95.192 - - [30/Jun/2026:01:10:07 -0700] "GET /item/4039641076.phtml HTTP/2.0" 404 6365 "-" "Mozilla/5.0 (compatible; AhrefsBot/7.0; +http://ahrefs.com/robot/)"
216.73.216.209 - - [30/Jun/2026:01:10:12 -0700] "GET /item/900027707.phtml HTTP/2.0" 404 6365 "-" "Mozilla/5.0 AppleWebKit/537.36 (KHTML, like Gecko; compatible; ClaudeBot/1.0; +claudebot@anthropic.com)"
66.249.74.109 - - [30/Jun/2026:01:10:20 -0700] "GET /index.php?item/458842151.phtml HTTP/1.1" 200 87901 "-" "Mozilla/5.0 (Linux; Android 6.0.1; Nexus 5X Build/MMB29P) AppleWebKit/537.36 (KHTML, like Gecko) Chrome/148.0.7778.96 Mobile Safari/537.36 (compatible; Googlebot/2.1; +http://www.google.com/bot.html)"
216.73.216.209 - - [30/Jun/2026:01:10:46 -0700] "GET /item/4263124355.phtml HTTP/2.0" 404 6364 "-" "Mozilla/5.0 AppleWebKit/537.36 (KHTML, like Gecko; compatible; ClaudeBot/1.0; +claudebot@anthropic.com)"
103.29.124.32 - - [30/Jun/2026:01:10:46 -0700] "GET /index.php/gallery-2/videos/tel:2117152761 HTTP/1.1" 404 9943 "-" "Mozilla/5.0 (Windows NT 10.0; Win64; x64) AppleWebKit/537.36 (KHTML, like Gecko) Brave Chrome/87.0.4280.141 Safari/537.36"
216.73.216.209 - - [30/Jun/2026:01:10:57 -0700] "GET /item/3045160194.phtml HTTP/2.0" 404 6301 "-" "Mozilla/5.0 AppleWebKit/537.36 (KHTML, like Gecko; compatible; ClaudeBot/1.0; +claudebot@anthropic.com)"
148.113.128.83 - - [30/Jun/2026:01:11:01 -0700] "GET /item/3893098525.phtml HTTP/2.0" 404 6364 "-" "Mozilla/5.0 (compatible; AhrefsBot/7.0; +http://ahrefs.com/robot/)"
216.73.216.209 - - [30/Jun/2026:01:11:09 -0700] "GET /item/3156352003.phtml HTTP/2.0" 404 6301 "-" "Mozilla/5.0 AppleWebKit/537.36 (KHTML, like Gecko; compatible; ClaudeBot/1.0; +claudebot@anthropic.com)"
216.73.216.209 - - [30/Jun/2026:01:11:18 -0700] "GET /item/2129291275.phtml HTTP/2.0" 404 6365 "-" "Mozilla/5.0 AppleWebKit/537.36 (KHTML, like Gecko; compatible; ClaudeBot/1.0; +claudebot@anthropic.com)"
186.7.85.37 - - [30/Jun/2026:01:11:22 -0700] "GET /index.php?CPPR=1&FGC=0&FPC=0&FTA=0&SFL_DF=0&SGC=0&STA=0&category%2F0%2F1%2F023%2F023014%2F%3FSPC=0 HTTP/1.1" 200 16495 "-" "Mozilla/5.0 (Windows NT 6.1) AppleWebKit/537.36 (KHTML, like Gecko) Chrome/84.0.4147.125 Safari/537.36"
216.73.216.209 - - [30/Jun/2026:01:11:32 -0700] "GET /item/3225026850.phtml HTTP/2.0" 404 6364 "-" "Mozilla/5.0 AppleWebKit/537.36 (KHTML, like Gecko; compatible; ClaudeBot/1.0; +claudebot@anthropic.com)"
216.73.216.209 - - [30/Jun/2026:01:11:40 -0700] "GET /item/3287546926.phtml HTTP/2.0" 404 6364 "-" "Mozilla/5.0 AppleWebKit/537.36 (KHTML, like Gecko; compatible; ClaudeBot/1.0; +claudebot@anthropic.com)"
54.39.136.195 - - [30/Jun/2026:01:11:51 -0700] "GET /item/688760626.phtml HTTP/2.0" 404 6364 "-" "Mozilla/5.0 (compatible; AhrefsBot/7.0; +http://ahrefs.com/robot/)"
216.73.216.209 - - [30/Jun/2026:01:11:52 -0700] "GET /item/446993898.phtml HTTP/2.0" 404 6301 "-" "Mozilla/5.0 AppleWebKit/537.36 (KHTML, like Gecko; compatible; ClaudeBot/1.0; +claudebot@anthropic.com)"
216.73.216.209 - - [30/Jun/2026:01:12:04 -0700] "GET /item/475688919.phtml HTTP/2.0" 404 6301 "-" "Mozilla/5.0 AppleWebKit/537.36 (KHTML, like Gecko; compatible; ClaudeBot/1.0; +claudebot@anthropic.com)"
216.73.216.209 - - [30/Jun/2026:01:12:11 -0700] "GET /item/3821235995.phtml HTTP/2.0" 404 6365 "-" "Mozilla/5.0 AppleWebKit/537.36 (KHTML, like Gecko; compatible; ClaudeBot/1.0; +claudebot@anthropic.com)"
216.73.216.209 - - [30/Jun/2026:01:12:23 -0700] "GET /item/978045212.phtml HTTP/2.0" 404 6301 "-" "Mozilla/5.0 AppleWebKit/537.36 (KHTML, like Gecko; compatible; ClaudeBot/1.0; +claudebot@anthropic.com)"
216.73.216.209 - - [30/Jun/2026:01:12:35 -0700] "GET /item/1787568329.phtml HTTP/2.0" 404 6301 "-" "Mozilla/5.0 AppleWebKit/537.36 (KHTML, like Gecko; compatible; ClaudeBot/1.0; +claudebot@anthropic.com)"
216.73.216.209 - - [30/Jun/2026:01:12:46 -0700] "GET /item/2097533153.phtml HTTP/2.0" 404 6365 "-" "Mozilla/5.0 AppleWebKit/537.36 (KHTML, like Gecko; compatible; ClaudeBot/1.0; +claudebot@anthropic.com)"
216.73.216.209 - - [30/Jun/2026:01:12:58 -0700] "GET /item/3429468935.phtml HTTP/2.0" 404 6301 "-" "Mozilla/5.0 AppleWebKit/537.36 (KHTML, like Gecko; compatible; ClaudeBot/1.0; +claudebot@anthropic.com)"
51.222.168.214 - - [30/Jun/2026:01:13:03 -0700] "GET /item/1385837668.phtml HTTP/2.0" 404 6364 "-" "Mozilla/5.0 (compatible; AhrefsBot/7.0; +http://ahrefs.com/robot/)"
216.73.216.209 - - [30/Jun/2026:01:13:10 -0700] "GET /item/3483679764.phtml HTTP/2.0" 404 6301 "-" "Mozilla/5.0 AppleWebKit/537.36 (KHTML, like Gecko; compatible; ClaudeBot/1.0; +claudebot@anthropic.com)"
216.73.216.209 - - [30/Jun/2026:01:13:18 -0700] "GET /item/2432817974.phtml HTTP/2.0" 404 6364 "-" "Mozilla/5.0 AppleWebKit/537.36 (KHTML, like Gecko; compatible; ClaudeBot/1.0; +claudebot@anthropic.com)"
216.73.216.209 - - [30/Jun/2026:01:13:30 -0700] "GET /item/3237538746.phtml HTTP/2.0" 404 6301 "-" "Mozilla/5.0 AppleWebKit/537.36 (KHTML, like Gecko; compatible; ClaudeBot/1.0; +claudebot@anthropic.com)"
216.73.216.209 - - [30/Jun/2026:01:13:42 -0700] "GET /item/177573586.phtml HTTP/2.0" 404 6301 "-" "Mozilla/5.0 AppleWebKit/537.36 (KHTML, like Gecko; compatible; ClaudeBot/1.0; +claudebot@anthropic.com)"
216.73.216.209 - - [30/Jun/2026:01:13:51 -0700] "GET /item/4169926487.phtml HTTP/2.0" 404 6364 "-" "Mozilla/5.0 AppleWebKit/537.36 (KHTML, like Gecko; compatible; ClaudeBot/1.0; +claudebot@anthropic.com)"
216.73.216.209 - - [30/Jun/2026:01:14:02 -0700] "GET /item/2651753974.phtml HTTP/2.0" 404 6301 "-" "Mozilla/5.0 AppleWebKit/537.36 (KHTML, like Gecko; compatible; ClaudeBot/1.0; +claudebot@anthropic.com)"
216.73.216.209 - - [30/Jun/2026:01:14:14 -0700] "GET /item/3949914627.phtml HTTP/2.0" 404 6301 "-" "Mozilla/5.0 AppleWebKit/537.36 (KHTML, like Gecko; compatible; ClaudeBot/1.0; +claudebot@anthropic.com)"
148.113.128.230 - - [30/Jun/2026:01:14:20 -0700] "GET /item/534178050.phtml HTTP/2.0" 404 6365 "-" "Mozilla/5.0 (compatible; AhrefsBot/7.0; +http://ahrefs.com/robot/)"
216.73.216.209 - - [30/Jun/2026:01:14:20 -0700] "GET /item/3320830735.phtml HTTP/2.0" 404 6364 "-" "Mozilla/5.0 AppleWebKit/537.36 (KHTML, like Gecko; compatible; ClaudeBot/1.0; +claudebot@anthropic.com)"
216.73.216.209 - - [30/Jun/2026:01:14:33 -0700] "GET /item/2512733258.phtml HTTP/2.0" 404 6301 "-" "Mozilla/5.0 AppleWebKit/537.36 (KHTML, like Gecko; compatible; ClaudeBot/1.0; +claudebot@anthropic.com)"
216.73.216.209 - - [30/Jun/2026:01:14:44 -0700] "GET /item/2052399885.phtml HTTP/2.0" 404 6301 "-" "Mozilla/5.0 AppleWebKit/537.36 (KHTML, like Gecko; compatible; ClaudeBot/1.0; +claudebot@anthropic.com)"
216.73.216.209 - - [30/Jun/2026:01:14:53 -0700] "GET /item/1300438200.phtml HTTP/2.0" 404 6364 "-" "Mozilla/5.0 AppleWebKit/537.36 (KHTML, like Gecko; compatible; ClaudeBot/1.0; +claudebot@anthropic.com)"
113.188.82.55 - - [30/Jun/2026:01:15:02 -0700] "GET / HTTP/1.1" 200 16426 "-" "Mozilla/5.0 (Windows NT 6.1) AppleWebKit/537.36 (KHTML, like Gecko) Chrome/97.0.4692.99 Safari/537.36"
216.73.216.209 - - [30/Jun/2026:01:15:05 -0700] "GET /item/404598432.phtml HTTP/2.0" 404 6301 "-" "Mozilla/5.0 AppleWebKit/537.36 (KHTML, like Gecko; compatible; ClaudeBot/1.0; +claudebot@anthropic.com)"
54.39.203.179 - - [30/Jun/2026:01:15:12 -0700] "GET /item/3505952007.phtml HTTP/2.0" 404 6364 "-" "Mozilla/5.0 (compatible; AhrefsBot/7.0; +http://ahrefs.com/robot/)"
216.73.216.209 - - [30/Jun/2026:01:15:17 -0700] "GET /item/1248078373.phtml HTTP/2.0" 404 6301 "-" "Mozilla/5.0 AppleWebKit/537.36 (KHTML, like Gecko; compatible; ClaudeBot/1.0; +claudebot@anthropic.com)"
216.73.216.209 - - [30/Jun/2026:01:15:25 -0700] "GET /item/3697127534.phtml HTTP/2.0" 404 6365 "-" "Mozilla/5.0 AppleWebKit/537.36 (KHTML, like Gecko; compatible; ClaudeBot/1.0; +claudebot@anthropic.com)"
216.73.216.209 - - [30/Jun/2026:01:15:31 -0700] "GET /item/2410151083.phtml HTTP/2.0" 404 6364 "-" "Mozilla/5.0 AppleWebKit/537.36 (KHTML, like Gecko; compatible; ClaudeBot/1.0; +claudebot@anthropic.com)"
216.73.216.209 - - [30/Jun/2026:01:15:43 -0700] "GET /item/298984894.phtml HTTP/2.0" 404 6301 "-" "Mozilla/5.0 AppleWebKit/537.36 (KHTML, like Gecko; compatible; ClaudeBot/1.0; +claudebot@anthropic.com)"
152.42.175.8 - - [30/Jun/2026:01:15:46 -0700] "GET /license.txt HTTP/1.1" 429 3661 "-" "python-requests/2.27.1"
152.42.175.8 - - [30/Jun/2026:01:15:50 -0700] "GET /license.txt HTTP/1.1" 429 3661 "-" "python-requests/2.27.1"
216.73.216.209 - - [30/Jun/2026:01:15:55 -0700] "GET /item/2931587832.phtml HTTP/2.0" 404 6301 "-" "Mozilla/5.0 AppleWebKit/537.36 (KHTML, like Gecko; compatible; ClaudeBot/1.0; +claudebot@anthropic.com)"
54.39.89.70 - - [30/Jun/2026:01:16:00 -0700] "GET /item/1659707132.phtml HTTP/2.0" 404 6365 "-" "Mozilla/5.0 (compatible; AhrefsBot/7.0; +http://ahrefs.com/robot/)"
216.73.216.209 - - [30/Jun/2026:01:16:01 -0700] "GET /item/1640771424.phtml HTTP/2.0" 404 6363 "-" "Mozilla/5.0 AppleWebKit/537.36 (KHTML, like Gecko; compatible; ClaudeBot/1.0; +claudebot@anthropic.com)"
79.106.127.223 - - [30/Jun/2026:01:16:06 -0700] "GET /index.php?item%2F3860102150.phtml HTTP/1.1" 200 16450 "-" "Mozilla/5.0 (Macintosh; Intel Mac OS X 10_13_6) AppleWebKit/537.36 (KHTML, like Gecko) Chrome/89.0.4389.114 Safari/537.36"
216.73.216.209 - - [30/Jun/2026:01:16:13 -0700] "GET /item/3218708572.phtml HTTP/2.0" 404 6301 "-" "Mozilla/5.0 AppleWebKit/537.36 (KHTML, like Gecko; compatible; ClaudeBot/1.0; +claudebot@anthropic.com)"
216.73.216.209 - - [30/Jun/2026:01:16:26 -0700] "GET /item/2342084458.phtml HTTP/2.0" 404 6301 "-" "Mozilla/5.0 AppleWebKit/537.36 (KHTML, like Gecko; compatible; ClaudeBot/1.0; +claudebot@anthropic.com)"
216.73.216.209 - - [30/Jun/2026:01:16:37 -0700] "GET /item/2983720448.phtml HTTP/2.0" 404 6301 "-" "Mozilla/5.0 AppleWebKit/537.36 (KHTML, like Gecko; compatible; ClaudeBot/1.0; +claudebot@anthropic.com)"
216.73.216.209 - - [30/Jun/2026:01:16:49 -0700] "GET /item/1253879276.phtml HTTP/2.0" 404 6301 "-" "Mozilla/5.0 AppleWebKit/537.36 (KHTML, like Gecko; compatible; ClaudeBot/1.0; +claudebot@anthropic.com)"
142.44.225.203 - - [30/Jun/2026:01:17:00 -0700] "GET /item/1005165208.phtml HTTP/2.0" 404 6365 "-" "Mozilla/5.0 (compatible; AhrefsBot/7.0; +http://ahrefs.com/robot/)"
216.73.216.209 - - [30/Jun/2026:01:17:01 -0700] "GET /item/2656506301.phtml HTTP/2.0" 404 6301 "-" "Mozilla/5.0 AppleWebKit/537.36 (KHTML, like Gecko; compatible; ClaudeBot/1.0; +claudebot@anthropic.com)"
216.73.216.209 - - [30/Jun/2026:01:17:08 -0700] "GET /item/1276773410.phtml HTTP/2.0" 404 6365 "-" "Mozilla/5.0 AppleWebKit/537.36 (KHTML, like Gecko; compatible; ClaudeBot/1.0; +claudebot@anthropic.com)"
216.73.216.209 - - [30/Jun/2026:01:17:20 -0700] "GET /item/1665902683.phtml HTTP/2.0" 404 6301 "-" "Mozilla/5.0 AppleWebKit/537.36 (KHTML, like Gecko; compatible; ClaudeBot/1.0; +claudebot@anthropic.com)"
216.73.216.209 - - [30/Jun/2026:01:17:32 -0700] "GET /item/2058200756.phtml HTTP/2.0" 404 6301 "-" "Mozilla/5.0 AppleWebKit/537.36 (KHTML, like Gecko; compatible; ClaudeBot/1.0; +claudebot@anthropic.com)"
216.73.216.209 - - [30/Jun/2026:01:17:39 -0700] "GET /item/1667114782.phtml HTTP/2.0" 404 6364 "-" "Mozilla/5.0 AppleWebKit/537.36 (KHTML, like Gecko; compatible; ClaudeBot/1.0; +claudebot@anthropic.com)"
216.73.216.209 - - [30/Jun/2026:01:17:51 -0700] "GET /item/3436695494.phtml HTTP/2.0" 404 6301 "-" "Mozilla/5.0 AppleWebKit/537.36 (KHTML, like Gecko; compatible; ClaudeBot/1.0; +claudebot@anthropic.com)"
15.235.98.66 - - [30/Jun/2026:01:17:55 -0700] "GET /item/4280593610.phtml HTTP/2.0" 404 6364 "-" "Mozilla/5.0 (compatible; AhrefsBot/7.0; +http://ahrefs.com/robot/)"
216.73.216.209 - - [30/Jun/2026:01:18:03 -0700] "GET /item/3283310917.phtml HTTP/2.0" 404 6301 "-" "Mozilla/5.0 AppleWebKit/537.36 (KHTML, like Gecko; compatible; ClaudeBot/1.0; +claudebot@anthropic.com)"
216.73.216.209 - - [30/Jun/2026:01:18:09 -0700] "GET /item/2977319849.phtml HTTP/2.0" 404 6364 "-" "Mozilla/5.0 AppleWebKit/537.36 (KHTML, like Gecko; compatible; ClaudeBot/1.0; +claudebot@anthropic.com)"
216.73.216.209 - - [30/Jun/2026:01:18:22 -0700] "GET /item/2077276774.phtml HTTP/2.0" 404 6301 "-" "Mozilla/5.0 AppleWebKit/537.36 (KHTML, like Gecko; compatible; ClaudeBot/1.0; +claudebot@anthropic.com)"
216.73.216.209 - - [30/Jun/2026:01:18:34 -0700] "GET /item/1316144982.phtml HTTP/2.0" 404 6301 "-" "Mozilla/5.0 AppleWebKit/537.36 (KHTML, like Gecko; compatible; ClaudeBot/1.0; +claudebot@anthropic.com)"
216.73.216.209 - - [30/Jun/2026:01:18:43 -0700] "GET /item/1495227813.phtml HTTP/2.0" 404 6364 "-" "Mozilla/5.0 AppleWebKit/537.36 (KHTML, like Gecko; compatible; ClaudeBot/1.0; +claudebot@anthropic.com)"
167.114.139.209 - - [30/Jun/2026:01:18:45 -0700] "GET /item/2145548431.phtml HTTP/2.0" 404 6365 "-" "Mozilla/5.0 (compatible; AhrefsBot/7.0; +http://ahrefs.com/robot/)"
216.73.216.209 - - [30/Jun/2026:01:18:55 -0700] "GET /item/3000026926.phtml HTTP/2.0" 404 6301 "-" "Mozilla/5.0 AppleWebKit/537.36 (KHTML, like Gecko; compatible; ClaudeBot/1.0; +claudebot@anthropic.com)"
216.73.216.209 - - [30/Jun/2026:01:19:07 -0700] "GET /item/3105386110.phtml HTTP/2.0" 404 6301 "-" "Mozilla/5.0 AppleWebKit/537.36 (KHTML, like Gecko; compatible; ClaudeBot/1.0; +claudebot@anthropic.com)"
216.73.216.209 - - [30/Jun/2026:01:19:14 -0700] "GET /item/4090492800.phtml HTTP/2.0" 404 6364 "-" "Mozilla/5.0 AppleWebKit/537.36 (KHTML, like Gecko; compatible; ClaudeBot/1.0; +claudebot@anthropic.com)"
216.73.216.209 - - [30/Jun/2026:01:19:26 -0700] "GET /item/1911403851.phtml HTTP/2.0" 404 6301 "-" "Mozilla/5.0 AppleWebKit/537.36 (KHTML, like Gecko; compatible; ClaudeBot/1.0; +claudebot@anthropic.com)"
216.73.216.209 - - [30/Jun/2026:01:19:38 -0700] "GET /item/2760513702.phtml HTTP/2.0" 404 6301 "-" "Mozilla/5.0 AppleWebKit/537.36 (KHTML, like Gecko; compatible; ClaudeBot/1.0; +claudebot@anthropic.com)"
40.160.26.3 - - [30/Jun/2026:01:19:39 -0700] "GET / HTTP/2.0" 200 12644 "-" "Mozilla/5.0 (iPhone; CPU iPhone OS 18_7 like Mac OS X) AppleWebKit/605.1.15 (KHTML, like Gecko) Version/26.5 Mobile/15E148 Safari/604.1"
216.73.216.209 - - [30/Jun/2026:01:19:45 -0700] "GET /item/182712426.phtml HTTP/2.0" 404 6364 "-" "Mozilla/5.0 AppleWebKit/537.36 (KHTML, like Gecko; compatible; ClaudeBot/1.0; +claudebot@anthropic.com)"
54.39.0.159 - - [30/Jun/2026:01:19:45 -0700] "GET /item/3097978460.phtml HTTP/2.0" 404 6364 "-" "Mozilla/5.0 (compatible; AhrefsBot/7.0; +http://ahrefs.com/robot/)"
216.73.216.209 - - [30/Jun/2026:01:19:58 -0700] "GET /item/1444211243.phtml HTTP/2.0" 404 6364 "-" "Mozilla/5.0 AppleWebKit/537.36 (KHTML, like Gecko; compatible; ClaudeBot/1.0; +claudebot@anthropic.com)"
216.73.216.209 - - [30/Jun/2026:01:20:10 -0700] "GET /item/3802159961.phtml HTTP/2.0" 404 6301 "-" "Mozilla/5.0 AppleWebKit/537.36 (KHTML, like Gecko; compatible; ClaudeBot/1.0; +claudebot@anthropic.com)"
216.73.216.209 - - [30/Jun/2026:01:20:22 -0700] "GET /item/554378004.phtml HTTP/2.0" 404 6301 "-" "Mozilla/5.0 AppleWebKit/537.36 (KHTML, like Gecko; compatible; ClaudeBot/1.0; +claudebot@anthropic.com)"
142.44.233.22 - - [30/Jun/2026:01:20:28 -0700] "GET /item/2730211934.phtml HTTP/2.0" 404 6365 "-" "Mozilla/5.0 (compatible; AhrefsBot/7.0; +http://ahrefs.com/robot/)"
216.73.216.209 - - [30/Jun/2026:01:20:28 -0700] "GET /item/381595394.phtml HTTP/2.0" 404 6365 "-" "Mozilla/5.0 AppleWebKit/537.36 (KHTML, like Gecko; compatible; ClaudeBot/1.0; +claudebot@anthropic.com)"
66.249.74.96 - - [30/Jun/2026:01:20:29 -0700] "GET /index.php?item/3290944309.phtml HTTP/1.1" 200 80534 "-" "Mozilla/5.0 (Linux; Android 6.0.1; Nexus 5X Build/MMB29P) AppleWebKit/537.36 (KHTML, like Gecko) Chrome/148.0.7778.96 Mobile Safari/537.36 (compatible; Googlebot/2.1; +http://www.google.com/bot.html)"
191.177.138.29 - - [30/Jun/2026:01:20:30 -0700] "GET /index.php?item%2F1832840353.phtml HTTP/1.1" 200 16448 "-" "Mozilla/5.0 (Macintosh; Intel Mac OS X 10_15_7) AppleWebKit/537.36 (KHTML, like Gecko) Chrome/102.0.0.0 Safari/537.36"
216.73.216.209 - - [30/Jun/2026:01:20:40 -0700] "GET /item/1471012676.phtml HTTP/2.0" 404 6301 "-" "Mozilla/5.0 AppleWebKit/537.36 (KHTML, like Gecko; compatible; ClaudeBot/1.0; +claudebot@anthropic.com)"
216.73.216.209 - - [30/Jun/2026:01:20:52 -0700] "GET /item/3789057580.phtml HTTP/2.0" 404 6301 "-" "Mozilla/5.0 AppleWebKit/537.36 (KHTML, like Gecko; compatible; ClaudeBot/1.0; +claudebot@anthropic.com)"
216.73.216.209 - - [30/Jun/2026:01:21:05 -0700] "GET /robots.txt HTTP/2.0" 200 284 "http://www.musicpassiondjs.gr/robots.txt" "Mozilla/5.0 AppleWebKit/537.36 (KHTML, like Gecko; compatible; ClaudeBot/1.0; +claudebot@anthropic.com)"
216.73.216.209 - - [30/Jun/2026:01:21:04 -0700] "GET /item/2886106121.phtml HTTP/2.0" 404 6301 "-" "Mozilla/5.0 AppleWebKit/537.36 (KHTML, like Gecko; compatible; ClaudeBot/1.0; +claudebot@anthropic.com)"
54.39.203.135 - - [30/Jun/2026:01:21:05 -0700] "GET /item/152647359.phtml HTTP/2.0" 404 6364 "-" "Mozilla/5.0 (compatible; AhrefsBot/7.0; +http://ahrefs.com/robot/)"
216.73.216.209 - - [30/Jun/2026:01:21:16 -0700] "GET /item/336939221.phtml HTTP/2.0" 404 6301 "-" "Mozilla/5.0 AppleWebKit/537.36 (KHTML, like Gecko; compatible; ClaudeBot/1.0; +claudebot@anthropic.com)"
103.130.112.240 - - [30/Jun/2026:01:21:20 -0700] "GET /index.php?item%2F3809136257.phtml HTTP/1.1" 200 16457 "-" "Mozilla/5.0 (Windows NT 6.1) AppleWebKit/537.36 (KHTML, like Gecko) Chrome/27.0.1453.93 Safari/537.36"
216.73.216.209 - - [30/Jun/2026:01:21:28 -0700] "GET /item/216159774.phtml HTTP/2.0" 404 6301 "-" "Mozilla/5.0 AppleWebKit/537.36 (KHTML, like Gecko; compatible; ClaudeBot/1.0; +claudebot@anthropic.com)"
66.249.74.96 - - [30/Jun/2026:01:21:32 -0700] "GET /index.php?item/1149187261.phtml HTTP/1.1" 200 80653 "-" "Mozilla/5.0 (Linux; Android 6.0.1; Nexus 5X Build/MMB29P) AppleWebKit/537.36 (KHTML, like Gecko) Chrome/148.0.7778.96 Mobile Safari/537.36 (compatible; Googlebot/2.1; +http://www.google.com/bot.html)"
216.73.216.209 - - [30/Jun/2026:01:21:35 -0700] "GET /item/4024045688.phtml HTTP/2.0" 404 6365 "-" "Mozilla/5.0 AppleWebKit/537.36 (KHTML, like Gecko; compatible; ClaudeBot/1.0; +claudebot@anthropic.com)"
54.39.0.53 - - [30/Jun/2026:01:21:41 -0700] "GET /item/1118841554.phtml HTTP/2.0" 404 6365 "-" "Mozilla/5.0 (compatible; AhrefsBot/7.0; +http://ahrefs.com/robot/)"
216.73.216.209 - - [30/Jun/2026:01:21:52 -0700] "GET /item/3299157895.phtml HTTP/2.0" 404 6364 "-" "Mozilla/5.0 AppleWebKit/537.36 (KHTML, like Gecko; compatible; ClaudeBot/1.0; +claudebot@anthropic.com)"
51.161.37.11 - - [30/Jun/2026:01:22:14 -0700] "GET /item/1637599751.phtml HTTP/2.0" 404 6364 "-" "Mozilla/5.0 (compatible; AhrefsBot/7.0; +http://ahrefs.com/robot/)"
142.44.233.68 - - [30/Jun/2026:01:22:46 -0700] "GET /item/4110731595.phtml HTTP/2.0" 404 6364 "-" "Mozilla/5.0 (compatible; AhrefsBot/7.0; +http://ahrefs.com/robot/)"
185.112.105.133 - - [30/Jun/2026:01:22:48 -0700] "GET /index.php?CPPR=1&FGC=0&FPC=0&FTA=0&SFL_DF=0&SGC=0&STA=0&category%2F0%2F1%2F025%2F025033%2F%3FSPC=0 HTTP/1.1" 200 16494 "-" "Mozilla/5.0 (Windows NT 6.3; WOW64) AppleWebKit/537.36 (KHTML, like Gecko) Chrome/41.0.2225.0 Safari/537.36"
216.73.216.209 - - [30/Jun/2026:01:22:55 -0700] "GET /item/582113664.phtml HTTP/2.0" 404 6365 "-" "Mozilla/5.0 AppleWebKit/537.36 (KHTML, like Gecko; compatible; ClaudeBot/1.0; +claudebot@anthropic.com)"
80.81.144.118 - - [30/Jun/2026:01:23:07 -0700] "GET /index.php?CPPR=1&FGC=0&FPC=0&FTA=0&SFL_DF=0&SGC=0&STA=0&category%2F0%2F1%2F025%2F025033%2F%3FSPC=0 HTTP/1.1" 200 16502 "-" "Mozilla/5.0 (Macintosh; Intel Mac OS X 10_14_6) AppleWebKit/537.36 (KHTML, like Gecko) Brave Chrome/81.0.4044.113 Safari/537.36"
216.73.216.209 - - [30/Jun/2026:01:23:12 -0700] "GET /item/3875965138.phtml HTTP/2.0" 404 6364 "-" "Mozilla/5.0 AppleWebKit/537.36 (KHTML, like Gecko; compatible; ClaudeBot/1.0; +claudebot@anthropic.com)"
216.73.216.209 - - [30/Jun/2026:01:23:24 -0700] "GET /item/3153082809.phtml HTTP/2.0" 404 6301 "-" "Mozilla/5.0 AppleWebKit/537.36 (KHTML, like Gecko; compatible; ClaudeBot/1.0; +claudebot@anthropic.com)"
66.249.74.109 - - [30/Jun/2026:01:23:26 -0700] "GET /index.php?item/1597198738.phtml HTTP/1.1" 200 81588 "-" "Mozilla/5.0 (Linux; Android 6.0.1; Nexus 5X Build/MMB29P) AppleWebKit/537.36 (KHTML, like Gecko) Chrome/148.0.7778.96 Mobile Safari/537.36 (compatible; Googlebot/2.1; +http://www.google.com/bot.html)"
216.73.216.209 - - [30/Jun/2026:01:23:38 -0700] "GET /item/2321623733.phtml HTTP/2.0" 404 6364 "-" "Mozilla/5.0 AppleWebKit/537.36 (KHTML, like Gecko; compatible; ClaudeBot/1.0; +claudebot@anthropic.com)"
216.73.216.209 - - [30/Jun/2026:01:24:15 -0700] "GET /item/3586278635.phtml HTTP/2.0" 404 6364 "-" "Mozilla/5.0 AppleWebKit/537.36 (KHTML, like Gecko; compatible; ClaudeBot/1.0; +claudebot@anthropic.com)"
216.73.216.209 - - [30/Jun/2026:01:24:25 -0700] "GET /item/2391338614.phtml HTTP/2.0" 404 6364 "-" "Mozilla/5.0 AppleWebKit/537.36 (KHTML, like Gecko; compatible; ClaudeBot/1.0; +claudebot@anthropic.com)"
216.73.216.209 - - [30/Jun/2026:01:24:39 -0700] "GET /item/328368794.phtml HTTP/2.0" 404 6365 "-" "Mozilla/5.0 AppleWebKit/537.36 (KHTML, like Gecko; compatible; ClaudeBot/1.0; +claudebot@anthropic.com)"
216.73.216.209 - - [30/Jun/2026:01:24:51 -0700] "GET /item/4027800100.phtml HTTP/2.0" 404 6301 "-" "Mozilla/5.0 AppleWebKit/537.36 (KHTML, like Gecko; compatible; ClaudeBot/1.0; +claudebot@anthropic.com)"
216.73.216.209 - - [30/Jun/2026:01:25:03 -0700] "GET /item/165519749.phtml HTTP/2.0" 404 6301 "-" "Mozilla/5.0 AppleWebKit/537.36 (KHTML, like Gecko; compatible; ClaudeBot/1.0; +claudebot@anthropic.com)"
46.246.88.142 - - [30/Jun/2026:01:25:10 -0700] "POST /d278e922259f.php HTTP/1.1" 200 3628 "-" "Mozilla/5.0 (Windows NT 5.1; Win64; x64; rv:49.0) Gecko/20100101 Firefox/49.0"
46.246.88.142 - - [30/Jun/2026:01:25:12 -0700] "POST /d278e922259f.php HTTP/1.1" 200 248 "https://www.musicpassiondjs.gr/d278e922259f.php" "Mozilla/5.0 (Windows NT 5.1; Win64; x64; rv:49.0) Gecko/20100101 Firefox/49.0"
46.246.88.142 - - [30/Jun/2026:01:25:12 -0700] "GET /b1d821ad18index.php HTTP/1.1" 200 8493 "https://www.musicpassiondjs.gr/d278e922259f.php" "Mozilla/5.0 (Windows NT 5.1; Win64; x64; rv:49.0) Gecko/20100101 Firefox/49.0"
216.73.216.209 - - [30/Jun/2026:01:25:15 -0700] "GET /item/3561401730.phtml HTTP/2.0" 404 6301 "-" "Mozilla/5.0 AppleWebKit/537.36 (KHTML, like Gecko; compatible; ClaudeBot/1.0; +claudebot@anthropic.com)"
46.246.88.142 - - [30/Jun/2026:01:25:19 -0700] "GET /b1d821ad18index.php HTTP/1.1" 200 11865 "https://www.musicpassiondjs.gr/b1d821ad18index.php" "Mozilla/5.0 (Windows NT 5.1; Win64; x64; rv:49.0) Gecko/20100101 Firefox/49.0"
46.246.88.142 - - [30/Jun/2026:01:25:20 -0700] "GET /b1d821ad18index.php HTTP/1.1" 200 8493 "https://www.musicpassiondjs.gr/b1d821ad18index.php" "Mozilla/5.0 (Windows NT 5.1; Win64; x64; rv:49.0) Gecko/20100101 Firefox/49.0"
216.73.216.209 - - [30/Jun/2026:01:25:27 -0700] "GET /item/560006299.phtml HTTP/2.0" 404 6364 "-" "Mozilla/5.0 AppleWebKit/537.36 (KHTML, like Gecko; compatible; ClaudeBot/1.0; +claudebot@anthropic.com)"
216.73.216.209 - - [30/Jun/2026:01:25:51 -0700] "GET /item/3032648704.phtml HTTP/2.0" 404 6364 "-" "Mozilla/5.0 AppleWebKit/537.36 (KHTML, like Gecko; compatible; ClaudeBot/1.0; +claudebot@anthropic.com)"
216.73.216.209 - - [30/Jun/2026:01:26:20 -0700] "GET /item/2496861321.phtml HTTP/2.0" 404 6365 "-" "Mozilla/5.0 AppleWebKit/537.36 (KHTML, like Gecko; compatible; ClaudeBot/1.0; +claudebot@anthropic.com)"
216.73.216.209 - - [30/Jun/2026:01:26:34 -0700] "GET /item/1475765003.phtml HTTP/2.0" 404 6364 "-" "Mozilla/5.0 AppleWebKit/537.36 (KHTML, like Gecko; compatible; ClaudeBot/1.0; +claudebot@anthropic.com)"
187.19.88.45 - - [30/Jun/2026:01:26:42 -0700] "GET /index.php?CPPR=1&FGC=0&FPC=0&FTA=0&SFL_DF=0&SGC=0&STA=0&category%2F0%2F1%2F005%2F005035%2F%3FSPC=0 HTTP/1.1" 200 16493 "-" "Mozilla/5.0 (Windows NT 6.2; Win64; x64) AppleWebKit/537.36 (KHTML, like Gecko) Chrome/87.0.4280.88 Safari/537.36"
177.7.20.30 - - [30/Jun/2026:01:26:46 -0700] "GET /index.php?CPPR=1&FGC=0&FPC=0&FTA=0&SFL_DF=0&SGC=0&STA=0&category%2F0%2F1%2F025%2F025018%2F%3FSPC=0 HTTP/1.1" 200 16496 "-" "Mozilla/5.0 (Windows NT 6.2; Win64; x64) AppleWebKit/537.36 (KHTML, like Gecko) Chrome/32.0.1667.0 Safari/537.36"
216.73.216.209 - - [30/Jun/2026:01:27:51 -0700] "GET /item/2842642637.phtml HTTP/2.0" 404 6365 "-" "Mozilla/5.0 AppleWebKit/537.36 (KHTML, like Gecko; compatible; ClaudeBot/1.0; +claudebot@anthropic.com)"
103.198.133.118 - - [30/Jun/2026:01:28:28 -0700] "GET /index.php?CPPR=1&FGC=0&FPC=0&FTA=0&SFL_DF=0&SGC=0&STA=0&category%2F0%2F1%2F005%2F005012%2F%3FSPC=0 HTTP/1.1" 200 16495 "-" "Mozilla/5.0 (Windows NT 10.0; Win64; x64) AppleWebKit/537.36 (KHTML, like Gecko) Brave Chrome/86.0.4240.99 Safari/537.36"
216.73.216.209 - - [30/Jun/2026:01:28:30 -0700] "GET /item/1597430649.phtml HTTP/2.0" 404 6365 "-" "Mozilla/5.0 AppleWebKit/537.36 (KHTML, like Gecko; compatible; ClaudeBot/1.0; +claudebot@anthropic.com)"
216.73.216.209 - - [30/Jun/2026:01:29:27 -0700] "GET /item/3055081969.phtml HTTP/2.0" 404 6365 "-" "Mozilla/5.0 AppleWebKit/537.36 (KHTML, like Gecko; compatible; ClaudeBot/1.0; +claudebot@anthropic.com)"
216.73.216.209 - - [30/Jun/2026:01:31:25 -0700] "GET /item/2299352861.phtml HTTP/2.0" 404 6364 "-" "Mozilla/5.0 AppleWebKit/537.36 (KHTML, like Gecko; compatible; ClaudeBot/1.0; +claudebot@anthropic.com)"
216.73.216.209 - - [30/Jun/2026:01:31:33 -0700] "GET /item/2394974927.phtml HTTP/2.0" 404 6247 "-" "Mozilla/5.0 AppleWebKit/537.36 (KHTML, like Gecko; compatible; ClaudeBot/1.0; +claudebot@anthropic.com)"
103.29.124.13 - - [30/Jun/2026:01:31:52 -0700] "GET /index.php?CPPR=1&FGC=0&FPC=0&FTA=0&SFL_DF=0&SGC=0&STA=0&category%2F0%2F1%2F002%2F002014%2F%3FSPC=0 HTTP/1.1" 200 16499 "-" "Mozilla/5.0 (Macintosh; Intel Mac OS X 10_10_5) AppleWebKit/537.36 (KHTML, like Gecko) Chrome/87.0.4280.88 Safari/537.36"
216.73.216.209 - - [30/Jun/2026:01:31:55 -0700] "GET /item/4177539549.phtml HTTP/2.0" 404 6365 "-" "Mozilla/5.0 AppleWebKit/537.36 (KHTML, like Gecko; compatible; ClaudeBot/1.0; +claudebot@anthropic.com)"
216.73.216.209 - - [30/Jun/2026:01:32:03 -0700] "GET /item/306061318.phtml HTTP/2.0" 404 6247 "-" "Mozilla/5.0 AppleWebKit/537.36 (KHTML, like Gecko; compatible; ClaudeBot/1.0; +claudebot@anthropic.com)"
103.94.255.190 - - [30/Jun/2026:01:32:26 -0700] "GET /index.php?CATEGORY_CD=012_012012&ListRoot=categoryOr&SHOW_LIST=1&categoryshop%2Foffice%2Fsitemap%2FPageManager.jsp%3FFRM=1 HTTP/1.1" 200 16528 "-" "Mozilla/5.0 (Windows NT 10.0; Win64; x64) AppleWebKit/537.36 (KHTML, like Gecko) Chrome/96.0.4664.45 Safari/537.36"
216.73.216.209 - - [30/Jun/2026:01:32:58 -0700] "GET /item/512472802.phtml HTTP/2.0" 404 6364 "-" "Mozilla/5.0 AppleWebKit/537.36 (KHTML, like Gecko; compatible; ClaudeBot/1.0; +claudebot@anthropic.com)"
216.73.216.209 - - [30/Jun/2026:01:33:00 -0700] "GET /item/2287487522.phtml HTTP/2.0" 404 6247 "-" "Mozilla/5.0 AppleWebKit/537.36 (KHTML, like Gecko; compatible; ClaudeBot/1.0; +claudebot@anthropic.com)"
216.73.216.209 - - [30/Jun/2026:01:33:06 -0700] "GET /item/716627353.phtml HTTP/2.0" 404 6247 "-" "Mozilla/5.0 AppleWebKit/537.36 (KHTML, like Gecko; compatible; ClaudeBot/1.0; +claudebot@anthropic.com)"
216.73.216.209 - - [30/Jun/2026:01:33:12 -0700] "GET /item/397983649.phtml HTTP/2.0" 404 6247 "-" "Mozilla/5.0 AppleWebKit/537.36 (KHTML, like Gecko; compatible; ClaudeBot/1.0; +claudebot@anthropic.com)"
216.73.216.209 - - [30/Jun/2026:01:33:18 -0700] "GET /item/3580214167.phtml HTTP/2.0" 404 6247 "-" "Mozilla/5.0 AppleWebKit/537.36 (KHTML, like Gecko; compatible; ClaudeBot/1.0; +claudebot@anthropic.com)"
216.73.216.209 - - [30/Jun/2026:01:33:24 -0700] "GET /item/1925286115.phtml HTTP/2.0" 404 6247 "-" "Mozilla/5.0 AppleWebKit/537.36 (KHTML, like Gecko; compatible; ClaudeBot/1.0; +claudebot@anthropic.com)"
216.73.216.209 - - [30/Jun/2026:01:33:28 -0700] "GET /item/4209684198.phtml HTTP/2.0" 404 6365 "-" "Mozilla/5.0 AppleWebKit/537.36 (KHTML, like Gecko; compatible; ClaudeBot/1.0; +claudebot@anthropic.com)"
216.73.216.209 - - [30/Jun/2026:01:33:38 -0700] "GET /item/3398186209.phtml HTTP/2.0" 404 6365 "-" "Mozilla/5.0 AppleWebKit/537.36 (KHTML, like Gecko; compatible; ClaudeBot/1.0; +claudebot@anthropic.com)"
216.73.216.209 - - [30/Jun/2026:01:33:43 -0700] "GET /item/1369875820.phtml HTTP/2.0" 404 6248 "-" "Mozilla/5.0 AppleWebKit/537.36 (KHTML, like Gecko; compatible; ClaudeBot/1.0; +claudebot@anthropic.com)"
216.73.216.209 - - [30/Jun/2026:01:33:49 -0700] "GET /item/3020283273.phtml HTTP/2.0" 404 6248 "-" "Mozilla/5.0 AppleWebKit/537.36 (KHTML, like Gecko; compatible; ClaudeBot/1.0; +claudebot@anthropic.com)"
216.73.216.209 - - [30/Jun/2026:01:33:55 -0700] "GET /item/2977705972.phtml HTTP/2.0" 404 6248 "-" "Mozilla/5.0 AppleWebKit/537.36 (KHTML, like Gecko; compatible; ClaudeBot/1.0; +claudebot@anthropic.com)"
216.73.216.209 - - [30/Jun/2026:01:34:01 -0700] "GET /item/4257455237.phtml HTTP/2.0" 404 6247 "-" "Mozilla/5.0 AppleWebKit/537.36 (KHTML, like Gecko; compatible; ClaudeBot/1.0; +claudebot@anthropic.com)"
216.73.216.209 - - [30/Jun/2026:01:34:07 -0700] "GET /item/3573587304.phtml HTTP/2.0" 404 6247 "-" "Mozilla/5.0 AppleWebKit/537.36 (KHTML, like Gecko; compatible; ClaudeBot/1.0; +claudebot@anthropic.com)"
216.73.216.209 - - [30/Jun/2026:01:34:13 -0700] "GET /item/202582244.phtml HTTP/2.0" 404 6247 "-" "Mozilla/5.0 AppleWebKit/537.36 (KHTML, like Gecko; compatible; ClaudeBot/1.0; +claudebot@anthropic.com)"
216.73.216.209 - - [30/Jun/2026:01:34:26 -0700] "GET /item/3934462983.phtml HTTP/2.0" 404 6301 "-" "Mozilla/5.0 AppleWebKit/537.36 (KHTML, like Gecko; compatible; ClaudeBot/1.0; +claudebot@anthropic.com)"
216.73.216.209 - - [30/Jun/2026:01:34:37 -0700] "GET /item/961902257.phtml HTTP/2.0" 404 6366 "-" "Mozilla/5.0 AppleWebKit/537.36 (KHTML, like Gecko; compatible; ClaudeBot/1.0; +claudebot@anthropic.com)"
175.107.237.244 - - [30/Jun/2026:01:34:49 -0700] "GET /index.php/contact HTTP/1.1" 200 13011 "-" "Mozilla/5.0 (Macintosh; Intel Mac OS X 10_11_6) AppleWebKit/537.36 (KHTML, like Gecko) Chrome/80.0.3987.132 Safari/537.36"
216.73.216.209 - - [30/Jun/2026:01:35:02 -0700] "GET /item/350336926.phtml HTTP/2.0" 404 6365 "-" "Mozilla/5.0 AppleWebKit/537.36 (KHTML, like Gecko; compatible; ClaudeBot/1.0; +claudebot@anthropic.com)"
216.73.216.209 - - [30/Jun/2026:01:35:28 -0700] "GET /item/1187688934.phtml HTTP/2.0" 404 6301 "-" "Mozilla/5.0 AppleWebKit/537.36 (KHTML, like Gecko; compatible; ClaudeBot/1.0; +claudebot@anthropic.com)"
216.73.216.209 - - [30/Jun/2026:01:35:33 -0700] "GET /item/201024803.phtml HTTP/2.0" 404 6366 "-" "Mozilla/5.0 AppleWebKit/537.36 (KHTML, like Gecko; compatible; ClaudeBot/1.0; +claudebot@anthropic.com)"
216.73.216.209 - - [30/Jun/2026:01:35:44 -0700] "GET /item/1922295565.phtml HTTP/2.0" 404 6366 "-" "Mozilla/5.0 AppleWebKit/537.36 (KHTML, like Gecko; compatible; ClaudeBot/1.0; +claudebot@anthropic.com)"
216.73.216.209 - - [30/Jun/2026:01:36:00 -0700] "GET /item/1532561342.phtml HTTP/2.0" 404 6364 "-" "Mozilla/5.0 AppleWebKit/537.36 (KHTML, like Gecko; compatible; ClaudeBot/1.0; +claudebot@anthropic.com)"
216.73.216.209 - - [30/Jun/2026:01:36:23 -0700] "GET /item/3454345856.phtml HTTP/2.0" 404 6301 "-" "Mozilla/5.0 AppleWebKit/537.36 (KHTML, like Gecko; compatible; ClaudeBot/1.0; +claudebot@anthropic.com)"
114.119.136.100 - - [30/Jun/2026:01:36:26 -0700] "GET /item/3113360492.phtml HTTP/1.1" 404 9903 "https://www.musicpassiondjs.gr/sitemap.xml" "Mozilla/5.0 (Linux; Android 7.0;) AppleWebKit/537.36 (HTML, like Gecko) Mobile Safari/537.36 (compatible; PetalBot;+https://webmaster.petalsearch.com/site/petalbot)"
189.33.67.148 - - [30/Jun/2026:01:36:28 -0700] "GET /index.php?rCH=2 HTTP/1.1" 301 4218 "-" "Mozilla/5.0 (Macintosh; Intel Mac OS X 10_11_0) AppleWebKit/537.36 (KHTML, like Gecko) Chrome/67.0.3396.3 Safari/537.36"
189.33.67.148 - - [30/Jun/2026:01:36:35 -0700] "GET /index.php HTTP/1.1" 200 11328 "-" "Mozilla/5.0 (Macintosh; Intel Mac OS X 10_11_0) AppleWebKit/537.36 (KHTML, like Gecko) Chrome/67.0.3396.3 Safari/537.36"
216.73.216.209 - - [30/Jun/2026:01:36:44 -0700] "GET /item/2125604928.phtml HTTP/2.0" 404 6365 "-" "Mozilla/5.0 AppleWebKit/537.36 (KHTML, like Gecko; compatible; ClaudeBot/1.0; +claudebot@anthropic.com)"
66.249.74.109 - - [30/Jun/2026:01:36:45 -0700] "GET /index.php?item/3266690751.phtml HTTP/1.1" 200 81614 "-" "Mozilla/5.0 (Linux; Android 6.0.1; Nexus 5X Build/MMB29P) AppleWebKit/537.36 (KHTML, like Gecko) Chrome/148.0.7778.96 Mobile Safari/537.36 (compatible; Googlebot/2.1; +http://www.google.com/bot.html)"
216.73.216.209 - - [30/Jun/2026:01:37:08 -0700] "GET /item/1074366472.phtml HTTP/2.0" 404 6301 "-" "Mozilla/5.0 AppleWebKit/537.36 (KHTML, like Gecko; compatible; ClaudeBot/1.0; +claudebot@anthropic.com)"
216.73.216.209 - - [30/Jun/2026:01:37:16 -0700] "GET /item/3047584376.phtml HTTP/2.0" 404 6364 "-" "Mozilla/5.0 AppleWebKit/537.36 (KHTML, like Gecko; compatible; ClaudeBot/1.0; +claudebot@anthropic.com)"
216.73.216.209 - - [30/Jun/2026:01:37:40 -0700] "GET /item/2411749289.phtml HTTP/2.0" 404 6301 "-" "Mozilla/5.0 AppleWebKit/537.36 (KHTML, like Gecko; compatible; ClaudeBot/1.0; +claudebot@anthropic.com)"
216.73.216.209 - - [30/Jun/2026:01:37:46 -0700] "GET /item/3687731131.phtml HTTP/2.0" 404 6366 "-" "Mozilla/5.0 AppleWebKit/537.36 (KHTML, like Gecko; compatible; ClaudeBot/1.0; +claudebot@anthropic.com)"
216.73.216.209 - - [30/Jun/2026:01:38:04 -0700] "GET /item/2756663832.phtml HTTP/2.0" 404 6301 "-" "Mozilla/5.0 AppleWebKit/537.36 (KHTML, like Gecko; compatible; ClaudeBot/1.0; +claudebot@anthropic.com)"
185.42.23.245 - - [30/Jun/2026:01:38:23 -0700] "GET /index.php?CPPR=1&FGC=0&FPC=0&FTA=0&SFL_DF=0&SGC=0&STA=0&category%2F0%2F1%2F022%2F022018%2F%3FSPC=0 HTTP/1.1" 200 16496 "-" "Mozilla/5.0 (Macintosh; Intel Mac OS X 11_3) AppleWebKit/537.36 (KHTML, like Gecko) Chrome/90.0.4430.93 Safari/537.36"
216.73.216.209 - - [30/Jun/2026:01:38:25 -0700] "GET /item/1576535383.phtml HTTP/2.0" 404 6364 "-" "Mozilla/5.0 AppleWebKit/537.36 (KHTML, like Gecko; compatible; ClaudeBot/1.0; +claudebot@anthropic.com)"
216.73.216.209 - - [30/Jun/2026:01:38:50 -0700] "GET /item/3033119835.phtml HTTP/2.0" 404 6301 "-" "Mozilla/5.0 AppleWebKit/537.36 (KHTML, like Gecko; compatible; ClaudeBot/1.0; +claudebot@anthropic.com)"
216.73.216.209 - - [30/Jun/2026:01:38:56 -0700] "GET /item/1357690214.phtml HTTP/2.0" 404 6366 "-" "Mozilla/5.0 AppleWebKit/537.36 (KHTML, like Gecko; compatible; ClaudeBot/1.0; +claudebot@anthropic.com)"
146.158.29.0 - - [30/Jun/2026:01:39:06 -0700] "GET /index.php?item%2F4238336942.phtml HTTP/1.1" 200 16442 "-" "Mozilla/5.0 (Windows NT 6.3; Win64; x64) AppleWebKit/537.36 (KHTML, like Gecko) Chrome/108.0.0.0 Safari/537.36"
216.73.216.209 - - [30/Jun/2026:01:39:20 -0700] "GET /item/2619739082.phtml HTTP/2.0" 404 6301 "-" "Mozilla/5.0 AppleWebKit/537.36 (KHTML, like Gecko; compatible; ClaudeBot/1.0; +claudebot@anthropic.com)"
216.73.216.209 - - [30/Jun/2026:01:39:30 -0700] "GET /item/1625432891.phtml HTTP/2.0" 404 6364 "-" "Mozilla/5.0 AppleWebKit/537.36 (KHTML, like Gecko; compatible; ClaudeBot/1.0; +claudebot@anthropic.com)"
15.235.98.239 - - [30/Jun/2026:01:39:37 -0700] "GET /item/674600426.phtml HTTP/2.0" 404 6366 "-" "Mozilla/5.0 (compatible; AhrefsBot/7.0; +http://ahrefs.com/robot/)"
216.73.216.209 - - [30/Jun/2026:01:39:47 -0700] "GET /item/3483180126.phtml HTTP/2.0" 404 6366 "-" "Mozilla/5.0 AppleWebKit/537.36 (KHTML, like Gecko; compatible; ClaudeBot/1.0; +claudebot@anthropic.com)"
216.73.216.209 - - [30/Jun/2026:01:40:11 -0700] "GET /item/166731848.phtml HTTP/2.0" 404 6301 "-" "Mozilla/5.0 AppleWebKit/537.36 (KHTML, like Gecko; compatible; ClaudeBot/1.0; +claudebot@anthropic.com)"
216.73.216.209 - - [30/Jun/2026:01:40:20 -0700] "GET /item/2270885067.phtml HTTP/2.0" 404 6364 "-" "Mozilla/5.0 AppleWebKit/537.36 (KHTML, like Gecko; compatible; ClaudeBot/1.0; +claudebot@anthropic.com)"
191.241.54.38 - - [30/Jun/2026:01:40:23 -0700] "GET /index.php?item%2F3129717428.phtml HTTP/1.1" 200 16448 "-" "Mozilla/5.0 (Windows NT 10.0; Win64; x64) AppleWebKit/537.36 (KHTML, like Gecko) Chrome/89.0.4389.116 Safari/537.36"
54.39.6.61 - - [30/Jun/2026:01:40:27 -0700] "GET /item/3925151923.phtml HTTP/2.0" 404 6364 "-" "Mozilla/5.0 (compatible; AhrefsBot/7.0; +http://ahrefs.com/robot/)"
216.73.216.209 - - [30/Jun/2026:01:40:44 -0700] "GET /item/3297945796.phtml HTTP/2.0" 404 6301 "-" "Mozilla/5.0 AppleWebKit/537.36 (KHTML, like Gecko; compatible; ClaudeBot/1.0; +claudebot@anthropic.com)"
216.73.216.209 - - [30/Jun/2026:01:40:50 -0700] "GET /item/3999168799.phtml HTTP/2.0" 404 6365 "-" "Mozilla/5.0 AppleWebKit/537.36 (KHTML, like Gecko; compatible; ClaudeBot/1.0; +claudebot@anthropic.com)"
51.222.95.191 - - [30/Jun/2026:01:41:01 -0700] "GET /item/2330088020.phtml HTTP/2.0" 404 6365 "-" "Mozilla/5.0 (compatible; AhrefsBot/7.0; +http://ahrefs.com/robot/)"
216.73.216.209 - - [30/Jun/2026:01:41:14 -0700] "GET /item/3532706693.phtml HTTP/2.0" 404 6301 "-" "Mozilla/5.0 AppleWebKit/537.36 (KHTML, like Gecko; compatible; ClaudeBot/1.0; +claudebot@anthropic.com)"
216.73.216.209 - - [30/Jun/2026:01:41:23 -0700] "GET /item/3197758408.phtml HTTP/2.0" 404 6364 "-" "Mozilla/5.0 AppleWebKit/537.36 (KHTML, like Gecko; compatible; ClaudeBot/1.0; +claudebot@anthropic.com)"
66.249.74.96 - - [30/Jun/2026:01:41:25 -0700] "GET /index.php?item/1202366238.phtml HTTP/1.1" 200 82689 "-" "Mozilla/5.0 (Linux; Android 6.0.1; Nexus 5X Build/MMB29P) AppleWebKit/537.36 (KHTML, like Gecko) Chrome/148.0.7778.96 Mobile Safari/537.36 (compatible; Googlebot/2.1; +http://www.google.com/bot.html)"
148.113.130.95 - - [30/Jun/2026:01:41:46 -0700] "GET /item/961721166.phtml HTTP/2.0" 404 6365 "-" "Mozilla/5.0 (compatible; AhrefsBot/7.0; +http://ahrefs.com/robot/)"
216.73.216.209 - - [30/Jun/2026:01:41:47 -0700] "GET /item/1701438082.phtml HTTP/2.0" 404 6301 "-" "Mozilla/5.0 AppleWebKit/537.36 (KHTML, like Gecko; compatible; ClaudeBot/1.0; +claudebot@anthropic.com)"
216.73.216.209 - - [30/Jun/2026:01:42:11 -0700] "GET /item/1987001349.phtml HTTP/2.0" 404 6301 "-" "Mozilla/5.0 AppleWebKit/537.36 (KHTML, like Gecko; compatible; ClaudeBot/1.0; +claudebot@anthropic.com)"
167.114.139.97 - - [30/Jun/2026:01:42:27 -0700] "GET /item/3897850820.phtml HTTP/2.0" 404 6365 "-" "Mozilla/5.0 (compatible; AhrefsBot/7.0; +http://ahrefs.com/robot/)"
216.73.216.209 - - [30/Jun/2026:01:42:35 -0700] "GET /item/1646164618.phtml HTTP/2.0" 404 6301 "-" "Mozilla/5.0 AppleWebKit/537.36 (KHTML, like Gecko; compatible; ClaudeBot/1.0; +claudebot@anthropic.com)"
216.73.216.209 - - [30/Jun/2026:01:42:58 -0700] "GET /item/2341258904.phtml HTTP/2.0" 404 6365 "-" "Mozilla/5.0 AppleWebKit/537.36 (KHTML, like Gecko; compatible; ClaudeBot/1.0; +claudebot@anthropic.com)"
142.44.233.232 - - [30/Jun/2026:01:43:17 -0700] "GET /item/2628203369.phtml HTTP/2.0" 404 6364 "-" "Mozilla/5.0 (compatible; AhrefsBot/7.0; +http://ahrefs.com/robot/)"
216.73.216.209 - - [30/Jun/2026:01:43:35 -0700] "GET /item/1020481254.phtml HTTP/2.0" 404 6366 "-" "Mozilla/5.0 AppleWebKit/537.36 (KHTML, like Gecko; compatible; ClaudeBot/1.0; +claudebot@anthropic.com)"
216.28.130.215 - - [30/Jun/2026:01:43:41 -0700] "GET /index.php?CATEGORY_CD=002_002001%2C002_002017%2C002_002005%2C002_002018%2C002_002004%2C002_002006%2C002_002007%2C002_002008&ListRoot=categoryOr&SHOW_LIST=1&categoryshop%2Foffice%2Fsitemap%2FPageManager.jsp%3FFRM=1 HTTP/1.1" 200 16552 "-" "Mozilla/5.0 (Macintosh; Intel Mac OS X 10_13_3) AppleWebKit/537.36 (KHTML, like Gecko) Chrome/67.0.3396.2 Safari/537.36"
142.44.233.69 - - [30/Jun/2026:01:43:59 -0700] "GET /item/2243081805.phtml HTTP/2.0" 404 6365 "-" "Mozilla/5.0 (compatible; AhrefsBot/7.0; +http://ahrefs.com/robot/)"
54.39.210.134 - - [30/Jun/2026:01:44:52 -0700] "GET /item/2411568198.phtml HTTP/2.0" 404 6364 "-" "Mozilla/5.0 (compatible; AhrefsBot/7.0; +http://ahrefs.com/robot/)"
216.73.216.209 - - [30/Jun/2026:01:45:16 -0700] "GET /item/4273341438.phtml HTTP/2.0" 404 6365 "-" "Mozilla/5.0 AppleWebKit/537.36 (KHTML, like Gecko; compatible; ClaudeBot/1.0; +claudebot@anthropic.com)"
92.47.134.40 - - [30/Jun/2026:01:45:31 -0700] "GET /index.php?etc%2Fkaizen HTTP/1.1" 200 16430 "-" "Mozilla/5.0 (Macintosh; Intel Mac OS X 10_13_6) AppleWebKit/537.36 (KHTML, like Gecko) Chrome/95.0.4638.69 Safari/537.36"
148.113.130.59 - - [30/Jun/2026:01:45:44 -0700] "GET /item/3771432863.phtml HTTP/2.0" 404 6365 "-" "Mozilla/5.0 (compatible; AhrefsBot/7.0; +http://ahrefs.com/robot/)"
216.73.216.209 - - [30/Jun/2026:01:46:13 -0700] "GET /item/3125781706.phtml HTTP/2.0" 404 6364 "-" "Mozilla/5.0 AppleWebKit/537.36 (KHTML, like Gecko; compatible; ClaudeBot/1.0; +claudebot@anthropic.com)"
54.39.136.80 - - [30/Jun/2026:01:46:30 -0700] "GET /item/1956773905.phtml HTTP/2.0" 404 6364 "-" "Mozilla/5.0 (compatible; AhrefsBot/7.0; +http://ahrefs.com/robot/)"
104.28.161.18 - - [30/Jun/2026:01:46:41 -0700] "POST /d278e922259f.php HTTP/1.1" 200 3628 "-" "Mozilla/5.0 (Windows NT 6.1; Win64; x64) AppleWebKit/537.36 (KHTML, like Gecko) Chrome/53.0.2797.73 Safari/537.36"
104.28.161.18 - - [30/Jun/2026:01:46:42 -0700] "POST /d278e922259f.php HTTP/1.1" 200 248 "https://www.musicpassiondjs.gr/d278e922259f.php" "Mozilla/5.0 (Windows NT 6.1; Win64; x64) AppleWebKit/537.36 (KHTML, like Gecko) Chrome/53.0.2797.73 Safari/537.36"
